{"id":771,"date":"2018-02-26T10:32:38","date_gmt":"2018-02-26T09:32:38","guid":{"rendered":"http:\/\/agora.xtec.cat\/escolasantbernat\/?page_id=771"},"modified":"2019-12-11T15:25:21","modified_gmt":"2019-12-11T14:25:21","slug":"pares-collaboradors","status":"publish","type":"page","link":"https:\/\/agora.xtec.cat\/escolasantbernat\/families-sbc\/pares-collaboradors\/","title":{"rendered":"Pares i mares col\u00b7laboradors\/es"},"content":{"rendered":"<p>S\u00f3n familiars, pares o mares, que participen a activitats puntuals durant el curs dins de l&#8217;escola:<\/p>\n<ul>\n<li>Projectes<\/li>\n<li>Xerrades<\/li>\n<li>Decoraci\u00f3<\/li>\n<li>Biblioteca<\/li>\n<li>Festa de la castanyada (dues mares es disfressen de castanyeres. Un grup de 10 o 12 pares i mares torren castanyes per tota l&#8217;escola).<\/li>\n<li>Concert de Nadal (organitzaci\u00f3 de les diferents activitats).<\/li>\n<li>Carnaval. Taller de maquillatge i taller de manualitats.<\/li>\n<li>Fem la mona.<\/li>\n<li>Setmana de les lleng\u00fces (les fam\u00edlies venen a explicar el seu pa\u00eds d&#8217;origen).<\/li>\n<li>Activitats per recollir fons per les col\u00f2nies de 6\u00e8.<\/li>\n<li>Berenars solidaris.<\/li>\n<li>Festa de l&#8217;AMPA.<\/li>\n<li>&#8230; etc<\/li>\n<\/ul>\n<p><a href=\"https:\/\/agora.xtec.cat\/escolasantbernat\/wp-content\/uploads\/usu1228\/2019\/12\/IMG_20191031_150748.jpg\"><img loading=\"lazy\" decoding=\"async\" class=\"alignnone size-large wp-image-3474\" src=\"https:\/\/agora.xtec.cat\/escolasantbernat\/wp-content\/uploads\/usu1228\/2019\/12\/IMG_20191031_150748-1024x768.jpg\" alt=\"\" width=\"1024\" height=\"768\" srcset=\"https:\/\/agora.xtec.cat\/escolasantbernat\/wp-content\/uploads\/usu1228\/2019\/12\/IMG_20191031_150748-1024x768.jpg 1024w, https:\/\/agora.xtec.cat\/escolasantbernat\/wp-content\/uploads\/usu1228\/2019\/12\/IMG_20191031_150748-300x225.jpg 300w, https:\/\/agora.xtec.cat\/escolasantbernat\/wp-content\/uploads\/usu1228\/2019\/12\/IMG_20191031_150748-768x576.jpg 768w, https:\/\/agora.xtec.cat\/escolasantbernat\/wp-content\/uploads\/usu1228\/2019\/12\/IMG_20191031_150748-200x150.jpg 200w, https:\/\/agora.xtec.cat\/escolasantbernat\/wp-content\/uploads\/usu1228\/2019\/12\/IMG_20191031_150748.jpg 2016w\" sizes=\"auto, (max-width: 1024px) 100vw, 1024px\" \/><\/a> <a href=\"https:\/\/agora.xtec.cat\/escolasantbernat\/wp-content\/uploads\/usu1228\/2019\/12\/IMG_20191031_150811.jpg\"><img loading=\"lazy\" decoding=\"async\" class=\"alignnone size-large wp-image-3475\" src=\"https:\/\/agora.xtec.cat\/escolasantbernat\/wp-content\/uploads\/usu1228\/2019\/12\/IMG_20191031_150811-1024x768.jpg\" alt=\"\" width=\"1024\" height=\"768\" srcset=\"https:\/\/agora.xtec.cat\/escolasantbernat\/wp-content\/uploads\/usu1228\/2019\/12\/IMG_20191031_150811-1024x768.jpg 1024w, https:\/\/agora.xtec.cat\/escolasantbernat\/wp-content\/uploads\/usu1228\/2019\/12\/IMG_20191031_150811-300x225.jpg 300w, https:\/\/agora.xtec.cat\/escolasantbernat\/wp-content\/uploads\/usu1228\/2019\/12\/IMG_20191031_150811-768x576.jpg 768w, https:\/\/agora.xtec.cat\/escolasantbernat\/wp-content\/uploads\/usu1228\/2019\/12\/IMG_20191031_150811-200x150.jpg 200w, https:\/\/agora.xtec.cat\/escolasantbernat\/wp-content\/uploads\/usu1228\/2019\/12\/IMG_20191031_150811.jpg 2016w\" sizes=\"auto, (max-width: 1024px) 100vw, 1024px\" \/><\/a><\/p>\n","protected":false},"excerpt":{"rendered":"<p>S\u00f3n familiars, pares o mares, que participen a activitats puntuals durant el curs dins de l&#8217;escola:<\/p>\n<ul>\n<li>Projectes<\/li>\n<li>Xerrades<\/li>\n<li>Decoraci\u00f3<\/li>\n<li>Biblioteca<\/li>\n<li>Festa de la castanyada (dues mares es disfressen de castanyeres. Un grup de 10 o 12 pares i mares torren castanyes per tota l&#8217;escola).<\/li>\n<li>Concert de Nadal (organitzaci\u00f3 de les diferents&hellip;  <a href=\"https:\/\/agora.xtec.cat\/escolasantbernat\/families-sbc\/pares-collaboradors\/\" title=\"Read Pares i mares col\u00b7laboradors\/es\">Llegeix m\u00e9s\u00bb<\/a><br \/>\n","protected":false},"author":1,"featured_media":0,"parent":767,"menu_order":20,"comment_status":"closed","ping_status":"closed","template":"page-templates\/side-menu.php","meta":{"_bbp_topic_count":0,"_bbp_reply_count":0,"_bbp_total_topic_count":0,"_bbp_total_reply_count":0,"_bbp_voice_count":0,"_bbp_anonymous_reply_count":0,"_bbp_topic_count_hidden":0,"_bbp_reply_count_hidden":0,"_bbp_forum_subforum_count":0,"footnotes":""},"class_list":["post-771","page","type-page","status-publish","hentry"],"post_mailing_queue_ids":[],"_links":{"self":[{"href":"https:\/\/agora.xtec.cat\/escolasantbernat\/wp-json\/wp\/v2\/pages\/771","targetHints":{"allow":["GET"]}}],"collection":[{"href":"https:\/\/agora.xtec.cat\/escolasantbernat\/wp-json\/wp\/v2\/pages"}],"about":[{"href":"https:\/\/agora.xtec.cat\/escolasantbernat\/wp-json\/wp\/v2\/types\/page"}],"author":[{"embeddable":true,"href":"https:\/\/agora.xtec.cat\/escolasantbernat\/wp-json\/wp\/v2\/users\/1"}],"replies":[{"embeddable":true,"href":"https:\/\/agora.xtec.cat\/escolasantbernat\/wp-json\/wp\/v2\/comments?post=771"}],"version-history":[{"count":5,"href":"https:\/\/agora.xtec.cat\/escolasantbernat\/wp-json\/wp\/v2\/pages\/771\/revisions"}],"predecessor-version":[{"id":3476,"href":"https:\/\/agora.xtec.cat\/escolasantbernat\/wp-json\/wp\/v2\/pages\/771\/revisions\/3476"}],"up":[{"embeddable":true,"href":"https:\/\/agora.xtec.cat\/escolasantbernat\/wp-json\/wp\/v2\/pages\/767"}],"wp:attachment":[{"href":"https:\/\/agora.xtec.cat\/escolasantbernat\/wp-json\/wp\/v2\/media?parent=771"}],"curies":[{"name":"wp","href":"https:\/\/api.w.org\/{rel}","templated":true}]}}