{"id":73,"date":"2014-09-18T14:01:51","date_gmt":"2014-09-18T12:01:51","guid":{"rendered":"http:\/\/agora.xtec.cat\/escolasantbernat\/?page_id=73"},"modified":"2020-03-04T16:36:11","modified_gmt":"2020-03-04T15:36:11","slug":"menjador-escolar","status":"publish","type":"page","link":"https:\/\/agora.xtec.cat\/escolasantbernat\/ampa-2\/menjador-escolar\/","title":{"rendered":"Menjador escolar"},"content":{"rendered":"<h3><strong><span style=\"color: #008080;\">L&#8217;equip\u00a0\u21d2<\/span>\u00a0<\/strong><\/h3>\n<h3><img loading=\"lazy\" decoding=\"async\" class=\"\" src=\"https:\/\/app.dinantia.com\/files\/attachments\/1582808932-8207-img-20200227-wa0001.jpg\" alt=\"https:\/\/app.dinantia.com\/files\/attachments\/1582808932-8207-img-20200227-wa0001.jpg\" width=\"868\" height=\"771\" \/><\/h3>\n<p>&nbsp;<\/p>\n<h3><span style=\"color: #008080;\"><strong>Les activitats del menjador\u00a0\u21d3<\/strong><\/span><\/h3>\n<p><a href=\"http:\/\/agora.xtec.cat\/escolasantbernat\/wp-content\/uploads\/usu1228\/2018\/02\/ACTIVITATS-MENJADOR-2017-18.jpg\"><img loading=\"lazy\" decoding=\"async\" class=\"alignnone size-large wp-image-1808\" src=\"http:\/\/agora.xtec.cat\/escolasantbernat\/wp-content\/uploads\/usu1228\/2018\/02\/ACTIVITATS-MENJADOR-2017-18-1024x724.jpg\" alt=\"\" width=\"1024\" height=\"724\" srcset=\"https:\/\/agora.xtec.cat\/escolasantbernat\/wp-content\/uploads\/usu1228\/2018\/02\/ACTIVITATS-MENJADOR-2017-18-1024x724.jpg 1024w, https:\/\/agora.xtec.cat\/escolasantbernat\/wp-content\/uploads\/usu1228\/2018\/02\/ACTIVITATS-MENJADOR-2017-18-300x212.jpg 300w, https:\/\/agora.xtec.cat\/escolasantbernat\/wp-content\/uploads\/usu1228\/2018\/02\/ACTIVITATS-MENJADOR-2017-18-768x543.jpg 768w\" sizes=\"auto, (max-width: 1024px) 100vw, 1024px\" \/><\/a><\/p>\n<ul>\n<li>\n<p class=\"font_7\">Funciona cada dia de 12,30 h a 15h<\/p>\n<\/li>\n<li>\n<p class=\"font_7\">El servei de catering \u00e9s l&#8217;empresa <a href=\"http:\/\/mesquebocatering.cat\/colegis.php\" target=\"_blank\" rel=\"noopener noreferrer\">&#8220;M\u00e9s que bo&#8221;<\/a>. \u00a0Telf. 977383840<\/p>\n<\/li>\n<li>\n<p class=\"font_7\">El tel\u00e8fon m\u00f2bil on us atendr\u00e0 la\u00a0coordinadora\u00a0(<strong>Sra. Yolanda<\/strong>) per les comandes i altres coses \u00e9s: <strong>672 42 67 52<br \/>\n<\/strong><\/p>\n<\/li>\n<li>\n<p class=\"font_7\">El preu del servei \u00e9s \u00fanic per tots: Alumnes habituals i espor\u00e0dics &#8230;\u00a0<strong>6,20 \u20ac<\/strong><\/p>\n<\/li>\n<li>Aquest curs\u00a0el menjador tamb\u00e9 disposa de Vetlladora per donar suport a l&#8217;alumnat amb NEE.<\/li>\n<\/ul>\n<h3><span style=\"color: #008080;\"><strong>Els pares poden venir un dia al menjador<\/strong><\/span><\/h3>\n<p>Els pares dels usuaris habituals del menjador poden venir a dinar amb el seu fill\/a un dia a l\u2019any. <strong>M\u00e0xim 2 adults per nen\/a.<\/strong><\/p>\n<p>Cal que els pares avisin a la Comissi\u00f3 de Menjador amb un m\u00ednim de tres dies d\u2019antelaci\u00f3. Han de fer-nos saber:<\/p>\n<ul>\n<li>Dia de que volen venir a dinar<\/li>\n<li>Quants adults (2 m\u00e0xim)<\/li>\n<li>Nom del nen\/a i curs<\/li>\n<\/ul>\n","protected":false},"excerpt":{"rendered":"<p>L&#8217;equip\u00a0\u21d2\u00a0<\/p>\n<p>&nbsp;<br \/>\nLes activitats del menjador\u00a0\u21d3<br \/>\n<a href=\"http:\/\/agora.xtec.cat\/escolasantbernat\/wp-content\/uploads\/usu1228\/2018\/02\/ACTIVITATS-MENJADOR-2017-18.jpg\"><\/a><\/p>\n<ul>\n<li>\nFunciona cada dia de 12,30 h a 15h\n<\/li>\n<li>\nEl servei de catering \u00e9s l&#8217;empresa <a href=\"http:\/\/mesquebocatering.cat\/colegis.php\" target=\"_blank\" rel=\"noopener noreferrer\">&#8220;M\u00e9s que bo&#8221;<\/a>. \u00a0Telf. 977383840\n<\/li>\n<li>\nEl tel\u00e8fon m\u00f2bil on us atendr\u00e0 la\u00a0coordinadora\u00a0(Sra. Yolanda) per les comandes i altres coses \u00e9s: 672 42 67 52<\/p>\n<\/li>\n<li>\nEl preu&hellip;  <a href=\"https:\/\/agora.xtec.cat\/escolasantbernat\/ampa-2\/menjador-escolar\/\" title=\"Read Menjador escolar\">Llegeix m\u00e9s\u00bb<\/a><\/p>\n","protected":false},"author":1,"featured_media":0,"parent":66,"menu_order":10,"comment_status":"closed","ping_status":"closed","template":"page-templates\/side-menu.php","meta":{"_bbp_topic_count":0,"_bbp_reply_count":0,"_bbp_total_topic_count":0,"_bbp_total_reply_count":0,"_bbp_voice_count":0,"_bbp_anonymous_reply_count":0,"_bbp_topic_count_hidden":0,"_bbp_reply_count_hidden":0,"_bbp_forum_subforum_count":0,"footnotes":""},"class_list":["post-73","page","type-page","status-publish","hentry"],"post_mailing_queue_ids":[],"_links":{"self":[{"href":"https:\/\/agora.xtec.cat\/escolasantbernat\/wp-json\/wp\/v2\/pages\/73","targetHints":{"allow":["GET"]}}],"collection":[{"href":"https:\/\/agora.xtec.cat\/escolasantbernat\/wp-json\/wp\/v2\/pages"}],"about":[{"href":"https:\/\/agora.xtec.cat\/escolasantbernat\/wp-json\/wp\/v2\/types\/page"}],"author":[{"embeddable":true,"href":"https:\/\/agora.xtec.cat\/escolasantbernat\/wp-json\/wp\/v2\/users\/1"}],"replies":[{"embeddable":true,"href":"https:\/\/agora.xtec.cat\/escolasantbernat\/wp-json\/wp\/v2\/comments?post=73"}],"version-history":[{"count":3,"href":"https:\/\/agora.xtec.cat\/escolasantbernat\/wp-json\/wp\/v2\/pages\/73\/revisions"}],"predecessor-version":[{"id":3755,"href":"https:\/\/agora.xtec.cat\/escolasantbernat\/wp-json\/wp\/v2\/pages\/73\/revisions\/3755"}],"up":[{"embeddable":true,"href":"https:\/\/agora.xtec.cat\/escolasantbernat\/wp-json\/wp\/v2\/pages\/66"}],"wp:attachment":[{"href":"https:\/\/agora.xtec.cat\/escolasantbernat\/wp-json\/wp\/v2\/media?parent=73"}],"curies":[{"name":"wp","href":"https:\/\/api.w.org\/{rel}","templated":true}]}}