{"id":5158,"date":"2022-05-17T10:11:08","date_gmt":"2022-05-17T08:11:08","guid":{"rendered":"https:\/\/agora.xtec.cat\/escolasantbernat\/?page_id=5158"},"modified":"2022-05-17T10:11:08","modified_gmt":"2022-05-17T08:11:08","slug":"idcat-com-lobtens-per-internet","status":"publish","type":"page","link":"https:\/\/agora.xtec.cat\/escolasantbernat\/secretaria\/idcat-com-lobtens-per-internet\/","title":{"rendered":"idCAT com l\u2019obtens per internet?"},"content":{"rendered":"<p>Alta sense certificat<br \/>\n\u2022 persones que tinguin nacionalitat espanyola<br \/>\n\u2022 persones estrangeres que tinguin Targeta d\u2019identitat d\u2019estranger (TIE).<\/p>\n<p>Si \u00e9s el teu cas, haur\u00e0s de seguir els seg\u00fcents passos:<\/p>\n<p>1- Acreditar la teva identitat amb el n\u00famero i la data de caducitat del DNI o de la TIE, la data de naixement i el codi de barres de la Targeta Sanit\u00e0ria Individual (TSI) que lliura el CatSalut.<\/p>\n<p><a href=\"https:\/\/agora.xtec.cat\/escolasantbernat\/wp-content\/uploads\/usu1228\/2022\/05\/codi-de-barres-targeta-sanitaria.jpg\"><img loading=\"lazy\" decoding=\"async\" class=\"size-medium wp-image-5159 aligncenter\" src=\"https:\/\/agora.xtec.cat\/escolasantbernat\/wp-content\/uploads\/usu1228\/2022\/05\/codi-de-barres-targeta-sanitaria-300x102.jpg\" alt=\"\" width=\"300\" height=\"102\" srcset=\"https:\/\/agora.xtec.cat\/escolasantbernat\/wp-content\/uploads\/usu1228\/2022\/05\/codi-de-barres-targeta-sanitaria-300x102.jpg 300w, https:\/\/agora.xtec.cat\/escolasantbernat\/wp-content\/uploads\/usu1228\/2022\/05\/codi-de-barres-targeta-sanitaria.jpg 354w\" sizes=\"auto, (max-width: 300px) 100vw, 300px\" \/><\/a><\/p>\n<p>2- Indicar el teu tel\u00e8fon m\u00f2bil, per identificar-te i rebre avisos, i el correu electr\u00f2nic.<\/p>\n<p>3- Informar la contrasenya d\u2019un sol \u00fas que rebr\u00e0s al m\u00f2bil per finalitzar l\u2019alta.<\/p>\n<p><strong>Alta amb certificat digital<br \/>\n<\/strong>Si tens un certificat de persona f\u00edsica, corporatiu de persona f\u00edsica o de persona f\u00edsica representant que est\u00e0 vigent i em\u00e8s per una entitat classificada pel\u00a0<a href=\"https:\/\/www.aoc.cat\/encyclopedia\/alta-idcatmobil-certificat-requisits-tecnics\/\">CAOC<\/a>.<\/p>\n<p><strong>Un cop ho has fet les teves dades de contacte formaran part del fitxer\u00a0<a href=\"https:\/\/www.aoc.cat\/knowledge-base\/que-base-dades-electronica-generalitat-catalunya\/\">\u201cSeu electr\u00f2nica\u00a0de la Generalitat de Catalunya\u201d<\/a>.\u00a0<\/strong><strong>\u00a0<\/strong><\/p>\n<p>&nbsp;<\/p>\n","protected":false},"excerpt":{"rendered":"<p>Alta sense certificat<br \/>\n\u2022 persones que tinguin nacionalitat espanyola<br \/>\n\u2022 persones estrangeres que tinguin Targeta d\u2019identitat d\u2019estranger (TIE).<br \/>\nSi \u00e9s el teu cas, haur\u00e0s de seguir els seg\u00fcents passos:<br \/>\n1- Acreditar la teva identitat amb el n\u00famero i la data de caducitat del DNI o de la TIE, la&hellip;  <a href=\"https:\/\/agora.xtec.cat\/escolasantbernat\/secretaria\/idcat-com-lobtens-per-internet\/\" title=\"Read idCAT com l\u2019obtens per internet?\">Llegeix m\u00e9s\u00bb<\/a><\/p>\n","protected":false},"author":35,"featured_media":0,"parent":1888,"menu_order":60,"comment_status":"closed","ping_status":"closed","template":"page-templates\/side-menu.php","meta":{"_bbp_topic_count":0,"_bbp_reply_count":0,"_bbp_total_topic_count":0,"_bbp_total_reply_count":0,"_bbp_voice_count":0,"_bbp_anonymous_reply_count":0,"_bbp_topic_count_hidden":0,"_bbp_reply_count_hidden":0,"_bbp_forum_subforum_count":0,"footnotes":""},"class_list":["post-5158","page","type-page","status-publish","hentry"],"post_mailing_queue_ids":[],"_links":{"self":[{"href":"https:\/\/agora.xtec.cat\/escolasantbernat\/wp-json\/wp\/v2\/pages\/5158","targetHints":{"allow":["GET"]}}],"collection":[{"href":"https:\/\/agora.xtec.cat\/escolasantbernat\/wp-json\/wp\/v2\/pages"}],"about":[{"href":"https:\/\/agora.xtec.cat\/escolasantbernat\/wp-json\/wp\/v2\/types\/page"}],"author":[{"embeddable":true,"href":"https:\/\/agora.xtec.cat\/escolasantbernat\/wp-json\/wp\/v2\/users\/35"}],"replies":[{"embeddable":true,"href":"https:\/\/agora.xtec.cat\/escolasantbernat\/wp-json\/wp\/v2\/comments?post=5158"}],"version-history":[{"count":1,"href":"https:\/\/agora.xtec.cat\/escolasantbernat\/wp-json\/wp\/v2\/pages\/5158\/revisions"}],"predecessor-version":[{"id":5160,"href":"https:\/\/agora.xtec.cat\/escolasantbernat\/wp-json\/wp\/v2\/pages\/5158\/revisions\/5160"}],"up":[{"embeddable":true,"href":"https:\/\/agora.xtec.cat\/escolasantbernat\/wp-json\/wp\/v2\/pages\/1888"}],"wp:attachment":[{"href":"https:\/\/agora.xtec.cat\/escolasantbernat\/wp-json\/wp\/v2\/media?parent=5158"}],"curies":[{"name":"wp","href":"https:\/\/api.w.org\/{rel}","templated":true}]}}