{"id":5031,"date":"2022-04-28T12:41:32","date_gmt":"2022-04-28T10:41:32","guid":{"rendered":"https:\/\/agora.xtec.cat\/escolasantbernat\/?page_id=5031"},"modified":"2025-05-08T10:29:00","modified_gmt":"2025-05-08T08:29:00","slug":"beques-menjador","status":"publish","type":"page","link":"https:\/\/agora.xtec.cat\/escolasantbernat\/secretaria\/informacio-beques\/beques-menjador\/","title":{"rendered":"BEQUES MENJADOR"},"content":{"rendered":"<p><a href=\"https:\/\/agora.xtec.cat\/escolasantbernat\/wp-content\/uploads\/usu1228\/2022\/04\/coberts.png\"><img loading=\"lazy\" decoding=\"async\" class=\"aligncenter wp-image-5034 size-medium\" src=\"https:\/\/agora.xtec.cat\/escolasantbernat\/wp-content\/uploads\/usu1228\/2022\/04\/coberts-300x207.png\" alt=\"\" width=\"300\" height=\"207\" srcset=\"https:\/\/agora.xtec.cat\/escolasantbernat\/wp-content\/uploads\/usu1228\/2022\/04\/coberts-300x207.png 300w, https:\/\/agora.xtec.cat\/escolasantbernat\/wp-content\/uploads\/usu1228\/2022\/04\/coberts.png 500w\" sizes=\"auto, (max-width: 300px) 100vw, 300px\" \/><\/a><\/p>\n<p>&nbsp;<\/p>\n<p>&nbsp;<\/p>\n<h1 id=\"parent-fieldname-title\" class=\"documentFirstHeading\" style=\"text-align: center;\">AJUTS INDIVIDUALS DE MENJADOR curs 25-26<\/h1>\n<div id=\"viewlet-below-content-title\"><\/div>\n<div id=\"viewlet-above-content-body\"><strong style=\"font-family: inherit; font-size: 1em;\">1 &#8211; AIM DE CARACTER SOCIOECON\u00d2MIC. <span style=\"color: #3366ff;\">M<a style=\"color: #3366ff;\" href=\"http:\/\/www.tarragones.cat\/ensenyament\/menjadors-escolars-ajuts-1\" target=\"_blank\" rel=\"noopener\">\u00e9s informaci\u00f3 al Consell Comarcal &gt;&gt;&gt;<\/a><\/span><\/strong><\/div>\n<div><\/div>\n<div id=\"content-core\">\n<div id=\"parent-fieldname-text-43e326851d3642e49796053a0d2b5b01\" class=\"\">\n<ul>\n<li><a href=\"http:\/\/www.tarragones.cat\/ensenyament\/menjadors-escolars-ajuts\/bases-aim-25-26\" target=\"_blank\" rel=\"noopener\"><span class=\"internal-link\" style=\"color: #0000ff;\">Bases de la convocat\u00f2ria, curs 2025-26&gt;&gt;&gt;&gt;<\/span><\/a><\/li>\n<\/ul>\n<p><strong>Sol\u00b7licitud d&#8217;AIM:<\/strong><\/p>\n<ul>\n<li><strong>1a. Convocat\u00f2ria<\/strong><\/li>\n<\/ul>\n<p><a href=\"http:\/\/www.tarragones.cat\/ensenyament\/menjadors-escolars-ajuts\/model-sol-ordinaria-25-26\" target=\"_blank\" rel=\"noopener\"><span style=\"color: #0000ff;\"><b>Model ordinari&gt;&gt;&gt;&gt;<\/b><\/span><\/a><\/p>\n<p><strong style=\"font-family: inherit; font-size: 1em;\">2. La presentaci\u00f3 de les sol\u00b7licituds per part de l&#8217;interessat es pot fer de la seg\u00fcent manera:<\/strong><\/p>\n<ul>\n<li>Consell Comarcal del Tarragon\u00e8s (CCT), <strong style=\"font-family: inherit; font-size: 1em;\">amb cita pr\u00e8via. <\/strong><span style=\"font-family: inherit; font-size: 1em;\">(operatiu a partir del dia 19 de maig)<\/span><\/li>\n<li>Via telem\u00e0tica: <a href=\"http:\/\/www.tarragones.cat\/\" target=\"_blank\" rel=\"noreferrer noopener\"><strong>http:\/\/www.tarragones.cat\/ <\/strong><\/a>(operatiu a partir del dia 19 de maig)<\/li>\n<li>Escola, <strong>19 de maig fins al<\/strong> <strong>2 de juny de 2025.<\/strong><\/li>\n<\/ul>\n<\/div>\n<div data-pm-slice=\"2 2 []\">\n<p>Per aquest curs hi haur\u00e0<strong> un model \u00fanic de sol\u00b7licitud<\/strong> que es podr\u00e0 trobar a la web del Consell Comarcal del Tarragon\u00e8s:<\/p>\n<p><a href=\"http:\/\/www.tarragones.cat\/ensenyament\/menjadors-escolars-ajuts-1:\" target=\"_blank\" rel=\"noreferrer noopener\"><strong>http:\/\/www.tarragones.cat\/ensenyament\/menjadors-escolars-ajuts-1<\/strong><\/a><\/p>\n<\/div>\n<div id=\"parent-fieldname-text-43e326851d3642e49796053a0d2b5b01\" class=\"\">\n<ul>\n<li style=\"list-style-type: none;\"><\/li>\n<\/ul>\n<p>Observacions: la documentaci\u00f3 requerida ha d&#8217;estar ben emplenada amb les fotoc\u00f2pies necess\u00e0ries, bol\u00edgraf i s&#8217;atendr\u00e0 una sola persona per visita.<\/p>\n<p>&nbsp;<\/p>\n<p style=\"text-align: right;\">Data d\u2019actualitzaci\u00f3: 7.05.2025<\/p>\n<\/div>\n<\/div>\n<p>&nbsp;<\/p>\n","protected":false},"excerpt":{"rendered":"<p><a href=\"https:\/\/agora.xtec.cat\/escolasantbernat\/wp-content\/uploads\/usu1228\/2022\/04\/coberts.png\"><\/a><br \/>\n&nbsp;<br \/>\n&nbsp;<br \/>\nAJUTS INDIVIDUALS DE MENJADOR curs 25-26<\/p>\n<p>1 &#8211; AIM DE CARACTER SOCIOECON\u00d2MIC. M<a style=\"color: #3366ff;\" href=\"http:\/\/www.tarragones.cat\/ensenyament\/menjadors-escolars-ajuts-1\" target=\"_blank\" rel=\"noopener\">\u00e9s informaci\u00f3 al Consell Comarcal &gt;&gt;&gt;<\/a><\/p>\n<ul>\n<li><a href=\"http:\/\/www.tarragones.cat\/ensenyament\/menjadors-escolars-ajuts\/bases-aim-25-26\" target=\"_blank\" rel=\"noopener\">Bases de la convocat\u00f2ria, curs 2025-26&gt;&gt;&gt;&gt;<\/a><\/li>\n<\/ul>\n<p>Sol\u00b7licitud d&#8217;AIM:<\/p>\n<ul>\n<li>1a. Convocat\u00f2ria<\/li>\n<\/ul>\n<p><a href=\"http:\/\/www.tarragones.cat\/ensenyament\/menjadors-escolars-ajuts\/model-sol-ordinaria-25-26\" target=\"_blank\" rel=\"noopener\">Model ordinari&gt;&gt;&gt;&gt;<\/a><br \/>\n2. La presentaci\u00f3 de les sol\u00b7licituds per part de&hellip;  <a href=\"https:\/\/agora.xtec.cat\/escolasantbernat\/secretaria\/informacio-beques\/beques-menjador\/\" title=\"Read BEQUES MENJADOR\">Llegeix m\u00e9s\u00bb<\/a><\/p>\n","protected":false},"author":35,"featured_media":0,"parent":836,"menu_order":20,"comment_status":"closed","ping_status":"closed","template":"page-templates\/side-menu.php","meta":{"_bbp_topic_count":0,"_bbp_reply_count":0,"_bbp_total_topic_count":0,"_bbp_total_reply_count":0,"_bbp_voice_count":0,"_bbp_anonymous_reply_count":0,"_bbp_topic_count_hidden":0,"_bbp_reply_count_hidden":0,"_bbp_forum_subforum_count":0,"footnotes":""},"class_list":["post-5031","page","type-page","status-publish","hentry"],"post_mailing_queue_ids":[],"_links":{"self":[{"href":"https:\/\/agora.xtec.cat\/escolasantbernat\/wp-json\/wp\/v2\/pages\/5031","targetHints":{"allow":["GET"]}}],"collection":[{"href":"https:\/\/agora.xtec.cat\/escolasantbernat\/wp-json\/wp\/v2\/pages"}],"about":[{"href":"https:\/\/agora.xtec.cat\/escolasantbernat\/wp-json\/wp\/v2\/types\/page"}],"author":[{"embeddable":true,"href":"https:\/\/agora.xtec.cat\/escolasantbernat\/wp-json\/wp\/v2\/users\/35"}],"replies":[{"embeddable":true,"href":"https:\/\/agora.xtec.cat\/escolasantbernat\/wp-json\/wp\/v2\/comments?post=5031"}],"version-history":[{"count":7,"href":"https:\/\/agora.xtec.cat\/escolasantbernat\/wp-json\/wp\/v2\/pages\/5031\/revisions"}],"predecessor-version":[{"id":6695,"href":"https:\/\/agora.xtec.cat\/escolasantbernat\/wp-json\/wp\/v2\/pages\/5031\/revisions\/6695"}],"up":[{"embeddable":true,"href":"https:\/\/agora.xtec.cat\/escolasantbernat\/wp-json\/wp\/v2\/pages\/836"}],"wp:attachment":[{"href":"https:\/\/agora.xtec.cat\/escolasantbernat\/wp-json\/wp\/v2\/media?parent=5031"}],"curies":[{"name":"wp","href":"https:\/\/api.w.org\/{rel}","templated":true}]}}