{"id":2290,"date":"2018-03-19T10:58:43","date_gmt":"2018-03-19T09:58:43","guid":{"rendered":"http:\/\/agora.xtec.cat\/escolasantbernat\/?page_id=2290"},"modified":"2023-12-04T14:31:59","modified_gmt":"2023-12-04T13:31:59","slug":"living-in-europe","status":"publish","type":"page","link":"https:\/\/agora.xtec.cat\/escolasantbernat\/projecte-educatiu\/erasmus\/living-in-europe\/","title":{"rendered":"LIVING IN EUROPE"},"content":{"rendered":"<h2><\/h2>\n<h2>Curs 2017-18 &#8220;Living in Europe&#8221;<\/h2>\n<p><a href=\"http:\/\/agora.xtec.cat\/escolasantbernat\/wp-content\/uploads\/usu1228\/2018\/02\/linvingineurope_color.jpg\"><img loading=\"lazy\" decoding=\"async\" class=\"alignnone wp-image-691\" src=\"http:\/\/agora.xtec.cat\/escolasantbernat\/wp-content\/uploads\/usu1228\/2018\/02\/linvingineurope_color.jpg\" alt=\"\" width=\"366\" height=\"328\" srcset=\"https:\/\/agora.xtec.cat\/escolasantbernat\/wp-content\/uploads\/usu1228\/2018\/02\/linvingineurope_color.jpg 314w, https:\/\/agora.xtec.cat\/escolasantbernat\/wp-content\/uploads\/usu1228\/2018\/02\/linvingineurope_color-300x268.jpg 300w\" sizes=\"auto, (max-width: 366px) 100vw, 366px\" \/><\/a><\/p>\n<p><a href=\"https:\/\/ec.europa.eu\/programmes\/erasmus-plus\/projects\/eplus-project-details\/#project\/2017-1-ES01-KA101-035955\"><img loading=\"lazy\" decoding=\"async\" class=\"alignnone wp-image-2731\" src=\"http:\/\/agora.xtec.cat\/escolasantbernat\/wp-content\/uploads\/usu1228\/2018\/03\/livingineurope.jpg\" alt=\"\" width=\"500\" height=\"281\" \/><\/a><\/p>\n<p><a href=\"https:\/\/agora.xtec.cat\/escolasantbernat\/wp-content\/uploads\/usu1228\/2023\/12\/erasmus_senalla2018.pdf\" target=\"_blank\" rel=\"noopener\">NOT\u00cdCIA A LA REVISTA ESCOLAR &gt;&gt;&gt;&gt;<\/a><\/p>\n<p><strong>RESUMEN DEL PROYECTO \u201cLIVING IN EUROPE\u201d<\/strong><\/p>\n<p>El proyecto &#8220;Living in Europe&#8221; se gest\u00f3 por la necesidad de crear una escuela abierta a los principios y valores de la Uni\u00f3n Europea, en la que los alumnos conozcan, valoren y respeten la diversidad de culturas que la forman.<\/p>\n<p>Somos una escuela p\u00fablica de Ense\u00f1anza Infantil y Primaria situada en Vila-seca, localidad industrial y tur\u00edstica de la Costa Dorada, donde convergen familias de muy distintas procedencias y culturas. De ah\u00ed que pensemos que nuestro proyecto cultural europeo es ideal para nuestra comunidad educativa. Nuestra escuela ha sido seleccionada para llevar a cabo varios proyectos de innovaci\u00f3n y est\u00e1 considerada como escuela pluriling\u00fce. Los alumnos est\u00e1n altamente motivados para conocer temas relacionados con su entorno y tambi\u00e9n culturas lejanas y diferentes a su realidad diaria. Nuestros proyectos culturales y ling\u00fc\u00edsticos han contribuido a hacer de nuestra escuela un centro de referencia en la zona.<\/p>\n<p>&nbsp;<\/p>\n<p>Nuestros objetivos son:<\/p>\n<p>&#8211; Abrir la mentalidad de nuestra comunidad educativa para despertar su inter\u00e9s por conocer culturas europeas (sus costumbres, lengua, geograf\u00eda, tradiciones\u2026) fortaleciendo una actitud de internacionalizaci\u00f3n y tolerancia.<\/p>\n<p>&#8211; Aunar la ilusi\u00f3n de profesores, padres y alumnos en la consolidaci\u00f3n de un Plan de Desarrollo Europeo de acuerdo con la realidad del siglo en que vivimos.<\/p>\n<p>&#8211; Transferir los valores del Art\u00edculo 2 del Tratado de la Uni\u00f3n Europea a nuestra comunidad educativa: respeto a la dignidad humana, libertad, igualdad, pluralismo, no discriminaci\u00f3n, tolerancia, justicia, solidaridad e igualdad entre mujeres y hombres.<\/p>\n<p>&#8211; Adaptar el proyecto, los objetivos, contenidos y actividades tanto a ni\u00f1os inmigrantes con dificultad en el idioma como a los alumnos con necesidades educativas especiales.<\/p>\n<p>&#8211; Mejorar el nivel de ingl\u00e9s de profesorado y alumnos.<\/p>\n<p>&#8211; Favorecer el uso de las nuevas tecnolog\u00edas.<\/p>\n<p>&#8211; Preparar a nuestro alumnado para su futuro personal y profesional dentro de una Europa sin fronteras.<\/p>\n<p>&nbsp;<\/p>\n<p>Con respecto a la metodolog\u00eda, crearemos estrategias para favorecer la colaboraci\u00f3n de los ni\u00f1os con altas capacidades en la gesti\u00f3n de este proyecto. Usaremos las Tecnolog\u00edas de la Informaci\u00f3n y Comunicaci\u00f3n para facilitar la coordinaci\u00f3n entre los miembros de la comunidad educativa, para motivar a los alumnos en su uso, para establecer contacto con otros centros europeos y para difundir los resultados del proyecto. Motivaremos a los profesores para mejorar la metodolog\u00eda utilizada y favorecer el trabajo colaborativo.<\/p>\n<p>&nbsp;<\/p>\n<p>Dentro de las actividades previstas, los profesores realizar\u00e1n una Formaci\u00f3n Interna de Centro, asistir\u00e1n a clases de ingl\u00e9s y a conferencias y seminarios sobre interculturalidad. Los alumnos trabajar\u00e1n pa\u00edses, culturas y valores europeos con actividades adaptadas a su edad, algunas de ellas con la colaboraci\u00f3n de las familias. Convertiremos el centro en una \u201cminieuropa\u201d para que entiendan el funcionamiento del Parlamento Europeo y el respeto a la diversidad. La decoraci\u00f3n y proyectos interdisciplinarios ser\u00e1n en torno al tema europeo.<\/p>\n<p>&nbsp;<\/p>\n<p>En cuanto a los resultados y la repercusi\u00f3n, despu\u00e9s de realizar la evaluaci\u00f3n final, esperamos ver una mejora sustancial en la metodolog\u00eda utilizada por el profesorado, en el conocimiento de la realidad europea actual y en la motivaci\u00f3n de los alumnos por conocer tanto las culturas como los valores que defiende la Uni\u00f3n Europea. Obtendremos una mejora en la din\u00e1mica de clase y una mentalidad m\u00e1s abierta a una Europa multicultural. Toda esta iniciativa se difundir\u00e1 a trav\u00e9s de la web de la escuela y la plataforma eTwinning y, a largo plazo, nos llevar\u00e1 a conectar con otros centros europeos con iniciativas similares a la nuestra. Este proyecto tendr\u00e1 continuidad ya que creemos que es un tema motivador para los alumnos y de gran importancia para su futuro como ciudadanos de la Uni\u00f3n Europea. En este tipo de proyectos no hay marcha atr\u00e1s. Es un paso adelante que nos diferenciar\u00e1 como una comunidad con inquietudes que van m\u00e1s all\u00e1 de las fronteras marcadas. Como dijo Giovanni Bosco: \u201cLas diferencias nos enriquecen. El respeto nos une.\u201d<\/p>\n<p>L&#8217;estiu de l&#8217;any 2017 set mestres de l&#8217;escola van anar a fer diferents cursos de formaci\u00f3 a It\u00e0lia, Rep\u00fablica Txeca i Finl\u00e0ndia.<\/p>\n<p>&nbsp;<\/p>\n<p>&nbsp;<\/p>\n<p><a href=\"http:\/\/agora.xtec.cat\/escolasantbernat\/wp-content\/uploads\/usu1228\/2018\/02\/20264924_1943142595933271_8723264026697687561_n.jpg\"><img loading=\"lazy\" decoding=\"async\" class=\"alignnone size-full wp-image-2252\" src=\"http:\/\/agora.xtec.cat\/escolasantbernat\/wp-content\/uploads\/usu1228\/2018\/02\/20264924_1943142595933271_8723264026697687561_n.jpg\" alt=\"\" width=\"720\" height=\"960\" srcset=\"https:\/\/agora.xtec.cat\/escolasantbernat\/wp-content\/uploads\/usu1228\/2018\/02\/20264924_1943142595933271_8723264026697687561_n.jpg 720w, https:\/\/agora.xtec.cat\/escolasantbernat\/wp-content\/uploads\/usu1228\/2018\/02\/20264924_1943142595933271_8723264026697687561_n-225x300.jpg 225w\" sizes=\"auto, (max-width: 720px) 100vw, 720px\" \/><\/a><a href=\"http:\/\/agora.xtec.cat\/escolasantbernat\/wp-content\/uploads\/usu1228\/2018\/02\/19990148_1937228256524705_4896954885172808501_n.jpg\"><img loading=\"lazy\" decoding=\"async\" class=\"alignnone size-full wp-image-2253\" src=\"http:\/\/agora.xtec.cat\/escolasantbernat\/wp-content\/uploads\/usu1228\/2018\/02\/19990148_1937228256524705_4896954885172808501_n.jpg\" alt=\"\" width=\"960\" height=\"540\" srcset=\"https:\/\/agora.xtec.cat\/escolasantbernat\/wp-content\/uploads\/usu1228\/2018\/02\/19990148_1937228256524705_4896954885172808501_n.jpg 960w, https:\/\/agora.xtec.cat\/escolasantbernat\/wp-content\/uploads\/usu1228\/2018\/02\/19990148_1937228256524705_4896954885172808501_n-300x169.jpg 300w, https:\/\/agora.xtec.cat\/escolasantbernat\/wp-content\/uploads\/usu1228\/2018\/02\/19990148_1937228256524705_4896954885172808501_n-768x432.jpg 768w\" sizes=\"auto, (max-width: 960px) 100vw, 960px\" \/><\/a><a href=\"http:\/\/agora.xtec.cat\/escolasantbernat\/wp-content\/uploads\/usu1228\/2018\/02\/19904956_1937228703191327_3794524581186207575_n.jpg\"><img loading=\"lazy\" decoding=\"async\" class=\"alignnone size-full wp-image-2254\" src=\"http:\/\/agora.xtec.cat\/escolasantbernat\/wp-content\/uploads\/usu1228\/2018\/02\/19904956_1937228703191327_3794524581186207575_n.jpg\" alt=\"\" width=\"960\" height=\"540\" srcset=\"https:\/\/agora.xtec.cat\/escolasantbernat\/wp-content\/uploads\/usu1228\/2018\/02\/19904956_1937228703191327_3794524581186207575_n.jpg 960w, https:\/\/agora.xtec.cat\/escolasantbernat\/wp-content\/uploads\/usu1228\/2018\/02\/19904956_1937228703191327_3794524581186207575_n-300x169.jpg 300w, https:\/\/agora.xtec.cat\/escolasantbernat\/wp-content\/uploads\/usu1228\/2018\/02\/19904956_1937228703191327_3794524581186207575_n-768x432.jpg 768w\" sizes=\"auto, (max-width: 960px) 100vw, 960px\" \/><\/a><a href=\"http:\/\/agora.xtec.cat\/escolasantbernat\/wp-content\/uploads\/usu1228\/2018\/02\/20620906_1948175835429947_1520291574671394767_n.jpg\"><img loading=\"lazy\" decoding=\"async\" class=\"alignnone size-full wp-image-2255\" src=\"http:\/\/agora.xtec.cat\/escolasantbernat\/wp-content\/uploads\/usu1228\/2018\/02\/20620906_1948175835429947_1520291574671394767_n.jpg\" alt=\"\" width=\"720\" height=\"960\" srcset=\"https:\/\/agora.xtec.cat\/escolasantbernat\/wp-content\/uploads\/usu1228\/2018\/02\/20620906_1948175835429947_1520291574671394767_n.jpg 720w, https:\/\/agora.xtec.cat\/escolasantbernat\/wp-content\/uploads\/usu1228\/2018\/02\/20620906_1948175835429947_1520291574671394767_n-225x300.jpg 225w\" sizes=\"auto, (max-width: 720px) 100vw, 720px\" \/><\/a><\/p>\n<p>&nbsp;<\/p>\n<h5><strong>INFORMACI\u00d3 MOBILITATS<\/strong><\/h5>\n<p>&nbsp;<\/p>\n<p>&nbsp;<\/p>\n<p><strong>NOT\u00cdCIES ALS DIARIS<\/strong><\/p>\n<p><img loading=\"lazy\" decoding=\"async\" class=\"alignnone size-full wp-image-2275\" src=\"http:\/\/agora.xtec.cat\/escolasantbernat\/wp-content\/uploads\/usu1228\/2018\/02\/22449953_1550163558371408_4233893977698865593_n.jpg\" alt=\"\" width=\"573\" height=\"960\" srcset=\"https:\/\/agora.xtec.cat\/escolasantbernat\/wp-content\/uploads\/usu1228\/2018\/02\/22449953_1550163558371408_4233893977698865593_n.jpg 573w, https:\/\/agora.xtec.cat\/escolasantbernat\/wp-content\/uploads\/usu1228\/2018\/02\/22449953_1550163558371408_4233893977698865593_n-179x300.jpg 179w\" sizes=\"auto, (max-width: 573px) 100vw, 573px\" \/><\/p>\n<p>&nbsp;<\/p>\n<p><a href=\"https:\/\/agora.xtec.cat\/escolasantbernat\/wp-content\/uploads\/usu1228\/2019\/08\/cofinanciadoEN.png\"><img loading=\"lazy\" decoding=\"async\" class=\"alignnone size-large wp-image-3428\" src=\"https:\/\/agora.xtec.cat\/escolasantbernat\/wp-content\/uploads\/usu1228\/2019\/08\/cofinanciadoEN-1024x223.png\" alt=\"\" width=\"1024\" height=\"223\" srcset=\"https:\/\/agora.xtec.cat\/escolasantbernat\/wp-content\/uploads\/usu1228\/2019\/08\/cofinanciadoEN-1024x223.png 1024w, https:\/\/agora.xtec.cat\/escolasantbernat\/wp-content\/uploads\/usu1228\/2019\/08\/cofinanciadoEN-300x65.png 300w, https:\/\/agora.xtec.cat\/escolasantbernat\/wp-content\/uploads\/usu1228\/2019\/08\/cofinanciadoEN-768x167.png 768w, https:\/\/agora.xtec.cat\/escolasantbernat\/wp-content\/uploads\/usu1228\/2019\/08\/cofinanciadoEN.png 1720w\" sizes=\"auto, (max-width: 1024px) 100vw, 1024px\" \/><\/a><\/p>\n","protected":false},"excerpt":{"rendered":"<p>Curs 2017-18 &#8220;Living in Europe&#8221;<br \/>\n<a href=\"http:\/\/agora.xtec.cat\/escolasantbernat\/wp-content\/uploads\/usu1228\/2018\/02\/linvingineurope_color.jpg\"><\/a><br \/>\n<a href=\"https:\/\/ec.europa.eu\/programmes\/erasmus-plus\/projects\/eplus-project-details\/#project\/2017-1-ES01-KA101-035955\"><\/a><br \/>\n<a href=\"https:\/\/agora.xtec.cat\/escolasantbernat\/wp-content\/uploads\/usu1228\/2023\/12\/erasmus_senalla2018.pdf\" target=\"_blank\" rel=\"noopener\">NOT\u00cdCIA A LA REVISTA ESCOLAR &gt;&gt;&gt;&gt;<\/a><br \/>\nRESUMEN DEL PROYECTO \u201cLIVING IN EUROPE\u201d<br \/>\nEl proyecto &#8220;Living in Europe&#8221; se gest\u00f3 por la necesidad de crear una escuela abierta a los principios y valores de la Uni\u00f3n Europea, en la&hellip;  <a href=\"https:\/\/agora.xtec.cat\/escolasantbernat\/projecte-educatiu\/erasmus\/living-in-europe\/\" title=\"Read LIVING IN EUROPE\">Llegeix m\u00e9s\u00bb<\/a><\/p>\n","protected":false},"author":1,"featured_media":0,"parent":658,"menu_order":20,"comment_status":"closed","ping_status":"closed","template":"page-templates\/side-menu.php","meta":{"_bbp_topic_count":0,"_bbp_reply_count":0,"_bbp_total_topic_count":0,"_bbp_total_reply_count":0,"_bbp_voice_count":0,"_bbp_anonymous_reply_count":0,"_bbp_topic_count_hidden":0,"_bbp_reply_count_hidden":0,"_bbp_forum_subforum_count":0,"footnotes":""},"class_list":["post-2290","page","type-page","status-publish","hentry"],"post_mailing_queue_ids":[],"_links":{"self":[{"href":"https:\/\/agora.xtec.cat\/escolasantbernat\/wp-json\/wp\/v2\/pages\/2290","targetHints":{"allow":["GET"]}}],"collection":[{"href":"https:\/\/agora.xtec.cat\/escolasantbernat\/wp-json\/wp\/v2\/pages"}],"about":[{"href":"https:\/\/agora.xtec.cat\/escolasantbernat\/wp-json\/wp\/v2\/types\/page"}],"author":[{"embeddable":true,"href":"https:\/\/agora.xtec.cat\/escolasantbernat\/wp-json\/wp\/v2\/users\/1"}],"replies":[{"embeddable":true,"href":"https:\/\/agora.xtec.cat\/escolasantbernat\/wp-json\/wp\/v2\/comments?post=2290"}],"version-history":[{"count":6,"href":"https:\/\/agora.xtec.cat\/escolasantbernat\/wp-json\/wp\/v2\/pages\/2290\/revisions"}],"predecessor-version":[{"id":6076,"href":"https:\/\/agora.xtec.cat\/escolasantbernat\/wp-json\/wp\/v2\/pages\/2290\/revisions\/6076"}],"up":[{"embeddable":true,"href":"https:\/\/agora.xtec.cat\/escolasantbernat\/wp-json\/wp\/v2\/pages\/658"}],"wp:attachment":[{"href":"https:\/\/agora.xtec.cat\/escolasantbernat\/wp-json\/wp\/v2\/media?parent=2290"}],"curies":[{"name":"wp","href":"https:\/\/api.w.org\/{rel}","templated":true}]}}