{"id":6302,"date":"2023-06-26T09:55:42","date_gmt":"2023-06-26T07:55:42","guid":{"rendered":"https:\/\/agora.xtec.cat\/escolasantasusanna\/?page_id=6302"},"modified":"2025-06-17T11:21:24","modified_gmt":"2025-06-17T09:21:24","slug":"projecte-gep","status":"publish","type":"page","link":"https:\/\/agora.xtec.cat\/escolasantasusanna\/projecte-educatiu\/projecte-gep\/","title":{"rendered":"PROJECTE GEP"},"content":{"rendered":"<p>El projecte GEP<br \/>\nLa nostra escola Santa Susanna es troba actualment elaborant un programa d\u2019innovaci\u00f3 pedag\u00f2gica Generaci\u00f3 Pluriling\u00fce (GEP) que tindr\u00e0 una durada de tres cursos escolars (2022-2025).<br \/>\nLa finalitat d\u2019aquest programa \u00e9s millorar la compet\u00e8ncia en la llengua anglesa en l\u2019alumnat, afavorint el seu creixement acad\u00e8mic i capacitant-lo per interactuar amb el m\u00f3n que l\u2019envolta.<br \/>\nPer comen\u00e7ar aquest projecte, vam reunir dades a trav\u00e9s d\u2019enquestes analitzant els resultats acad\u00e8mics dels \u00faltims anys a l\u2019escola, a partir d\u2019aqu\u00ed vam elaborar una diagnosi que ens va servir com a punt de partida.<br \/>\nUna vegada vam analitzar els resultats obtinguts, les febleses i les fortaleses del nostre alumnat, i tamb\u00e9 de la nostra metodologia educativa per l\u2019angl\u00e8s, ens vam fixar tres objectius principals a tractar, amb tot un seguit d\u2019actuacions a fer, per tal d\u2019aconseguir arribar a complir-los.<br \/>\nEn el nostre cas, ja som una escola que f\u00e8iem moltes \u00e0rees en angl\u00e8s (Science i Arts and Crafts) i, a m\u00e9s a m\u00e9s, a partir del comen\u00e7ament del projecte GEP, hem instaurat la psicomotricitat a infantil (EI4 i EI5) i tamb\u00e9 l\u2019educaci\u00f3 f\u00edsica a primer de prim\u00e0ria en angl\u00e8s.<br \/>\nEls objectius s\u00f3n els seg\u00fcents:<\/p>\n<p><img loading=\"lazy\" decoding=\"async\" class=\"aligncenter size-full wp-image-6303\" src=\"https:\/\/agora.xtec.cat\/escolasantasusanna\/wp-content\/uploads\/usu58\/2023\/06\/WhatsApp-Image-2023-06-20-at-13.29.07.jpeg\" alt=\"\" width=\"1600\" height=\"1131\" srcset=\"https:\/\/agora.xtec.cat\/escolasantasusanna\/wp-content\/uploads\/usu58\/2023\/06\/WhatsApp-Image-2023-06-20-at-13.29.07.jpeg 1600w, https:\/\/agora.xtec.cat\/escolasantasusanna\/wp-content\/uploads\/usu58\/2023\/06\/WhatsApp-Image-2023-06-20-at-13.29.07-300x212.jpeg 300w, https:\/\/agora.xtec.cat\/escolasantasusanna\/wp-content\/uploads\/usu58\/2023\/06\/WhatsApp-Image-2023-06-20-at-13.29.07-1024x724.jpeg 1024w, https:\/\/agora.xtec.cat\/escolasantasusanna\/wp-content\/uploads\/usu58\/2023\/06\/WhatsApp-Image-2023-06-20-at-13.29.07-768x543.jpeg 768w, https:\/\/agora.xtec.cat\/escolasantasusanna\/wp-content\/uploads\/usu58\/2023\/06\/WhatsApp-Image-2023-06-20-at-13.29.07-1536x1086.jpeg 1536w\" sizes=\"auto, (max-width: 1600px) 100vw, 1600px\" \/><\/p>\n<p>Si voleu consultar la normativa del Departament d\u2019Ensenyament referent al projecte podeu consultar el seg\u00fcent enlla\u00e7:<br \/>\nResoluci\u00f3 ENS\/1363\/2017, de 7 de juny, per la qual es crea el programa d\u2019innovaci\u00f3 pedag\u00f2gica \u201cGeneraci\u00f3 Pluriling\u00fce (GEP): aprendre lleng\u00fces estrangeres a trav\u00e9s de les mat\u00e8ries\u201d.<\/p>\n<p><img loading=\"lazy\" decoding=\"async\" class=\"aligncenter size-full wp-image-7590\" src=\"https:\/\/agora.xtec.cat\/escolasantasusanna\/wp-content\/uploads\/usu58\/2025\/06\/GEP-cartell-informacio.png\" alt=\"\" width=\"2000\" height=\"1414\" srcset=\"https:\/\/agora.xtec.cat\/escolasantasusanna\/wp-content\/uploads\/usu58\/2025\/06\/GEP-cartell-informacio.png 2000w, https:\/\/agora.xtec.cat\/escolasantasusanna\/wp-content\/uploads\/usu58\/2025\/06\/GEP-cartell-informacio-300x212.png 300w, https:\/\/agora.xtec.cat\/escolasantasusanna\/wp-content\/uploads\/usu58\/2025\/06\/GEP-cartell-informacio-1024x724.png 1024w, https:\/\/agora.xtec.cat\/escolasantasusanna\/wp-content\/uploads\/usu58\/2025\/06\/GEP-cartell-informacio-768x543.png 768w, https:\/\/agora.xtec.cat\/escolasantasusanna\/wp-content\/uploads\/usu58\/2025\/06\/GEP-cartell-informacio-1536x1086.png 1536w\" sizes=\"auto, (max-width: 2000px) 100vw, 2000px\" \/><\/p>\n<p>&nbsp;<\/p>\n","protected":false},"excerpt":{"rendered":"<p>El projecte GEP<br \/>\nLa nostra escola Santa Susanna es troba actualment elaborant un programa d\u2019innovaci\u00f3 pedag\u00f2gica Generaci\u00f3 Pluriling\u00fce (GEP) que tindr\u00e0 una durada de tres cursos escolars (2022-2025).<br \/>\nLa finalitat d\u2019aquest programa \u00e9s millorar la compet\u00e8ncia en la llengua anglesa en l\u2019alumnat, afavorint el seu creixement acad\u00e8mic&hellip;  <a href=\"https:\/\/agora.xtec.cat\/escolasantasusanna\/projecte-educatiu\/projecte-gep\/\" title=\"Read PROJECTE GEP\">Llegeix m\u00e9s\u00bb<\/a><\/p>\n","protected":false},"author":1,"featured_media":0,"parent":64,"menu_order":1,"comment_status":"closed","ping_status":"closed","template":"","meta":{"_bbp_topic_count":0,"_bbp_reply_count":0,"_bbp_total_topic_count":0,"_bbp_total_reply_count":0,"_bbp_voice_count":0,"_bbp_anonymous_reply_count":0,"_bbp_topic_count_hidden":0,"_bbp_reply_count_hidden":0,"_bbp_forum_subforum_count":0,"footnotes":""},"class_list":["post-6302","page","type-page","status-publish","hentry"],"post_mailing_queue_ids":[],"_links":{"self":[{"href":"https:\/\/agora.xtec.cat\/escolasantasusanna\/wp-json\/wp\/v2\/pages\/6302","targetHints":{"allow":["GET"]}}],"collection":[{"href":"https:\/\/agora.xtec.cat\/escolasantasusanna\/wp-json\/wp\/v2\/pages"}],"about":[{"href":"https:\/\/agora.xtec.cat\/escolasantasusanna\/wp-json\/wp\/v2\/types\/page"}],"author":[{"embeddable":true,"href":"https:\/\/agora.xtec.cat\/escolasantasusanna\/wp-json\/wp\/v2\/users\/1"}],"replies":[{"embeddable":true,"href":"https:\/\/agora.xtec.cat\/escolasantasusanna\/wp-json\/wp\/v2\/comments?post=6302"}],"version-history":[{"count":2,"href":"https:\/\/agora.xtec.cat\/escolasantasusanna\/wp-json\/wp\/v2\/pages\/6302\/revisions"}],"predecessor-version":[{"id":7591,"href":"https:\/\/agora.xtec.cat\/escolasantasusanna\/wp-json\/wp\/v2\/pages\/6302\/revisions\/7591"}],"up":[{"embeddable":true,"href":"https:\/\/agora.xtec.cat\/escolasantasusanna\/wp-json\/wp\/v2\/pages\/64"}],"wp:attachment":[{"href":"https:\/\/agora.xtec.cat\/escolasantasusanna\/wp-json\/wp\/v2\/media?parent=6302"}],"curies":[{"name":"wp","href":"https:\/\/api.w.org\/{rel}","templated":true}]}}