{"id":22,"date":"2014-09-18T12:19:57","date_gmt":"2014-09-18T11:19:57","guid":{"rendered":"http:\/\/agora.xtec.cat\/escolasantasusanna\/?page_id=22"},"modified":"2023-07-10T12:36:31","modified_gmt":"2023-07-10T10:36:31","slug":"lescola","status":"publish","type":"page","link":"https:\/\/agora.xtec.cat\/escolasantasusanna\/lescola\/","title":{"rendered":"L&#8217;ESCOLA"},"content":{"rendered":"<h1 style=\"text-align: center;\"><strong><span style=\"color: #ff00ff;\">+ de 30 anys d&#8217;experi\u00e8ncia formant persones!!!<\/span><\/strong><\/h1>\n<h6><span style=\"color: #993366;\">La nostra missi\u00f3:<\/span> Que els nostres alumnes siguin qui poden arribar a ser.<\/h6>\n<h6><span style=\"color: #993366;\">La nostra visi\u00f3:<\/span> L&#8217;alumnat \u00e9s el centre del nostre aprenentatge.<\/h6>\n<p><strong><span style=\"color: #cc99ff;\">ESCOLA<\/span><\/strong><\/p>\n<ul>\n<li>Inclusiva<\/li>\n<li>Oberta<\/li>\n<li>Propera<\/li>\n<li>Compromesa<\/li>\n<li>Creativa<\/li>\n<li>Sostenible<\/li>\n<li>Despertem emocions<\/li>\n<li>Aules digitalitzades<\/li>\n<li>Projectes<\/li>\n<li>Treball cooperatiu<\/li>\n<li>Patis dinamitzats<\/li>\n<li>Angl\u00e8s des d&#8217;EI3<\/li>\n<li>Arts and Crafts<\/li>\n<li>Science<\/li>\n<li>Psychomotor activity<\/li>\n<li>Ambients d&#8217;aprenentatge<\/li>\n<li>Microespais<\/li>\n<li>Entrevistes personalitzades<\/li>\n<li>Projectes<\/li>\n<\/ul>\n<p><strong><span style=\"color: #cc99ff;\">SERVEIS<\/span><\/strong><\/p>\n<ul>\n<li>Transport Escolar<\/li>\n<li>Menjador (cuina de proximitat)<\/li>\n<li>Reutilitzaci\u00f3 de llibres<\/li>\n<li>Servei d\u2019acollida<\/li>\n<li>Activitats Extraescolars<\/li>\n<li>EAP \u2013 Equip d\u2019Assessorament Psicopedag\u00f2gic<\/li>\n<li>Col\u00b7laboraci\u00f3 estreta amb la Comunitat Educativa<\/li>\n<li>Educaci\u00f3 F\u00edsica (prim\u00e0ria) al Pavell\u00f3 Municipal<\/li>\n<li>Sortides i col\u00f2nies a tots els cursos<\/li>\n<\/ul>\n","protected":false},"excerpt":{"rendered":"<p>+ de 30 anys d&#8217;experi\u00e8ncia formant persones!!!<br \/>\nLa nostra missi\u00f3: Que els nostres alumnes siguin qui poden arribar a ser.<br \/>\nLa nostra visi\u00f3: L&#8217;alumnat \u00e9s el centre del nostre aprenentatge.<br \/>\nESCOLA<\/p>\n<ul>\n<li>Inclusiva<\/li>\n<li>Oberta<\/li>\n<li>Propera<\/li>\n<li>Compromesa<\/li>\n<li>Creativa<\/li>\n<li>Sostenible<\/li>\n<li>Despertem emocions<\/li>\n<li>Aules digitalitzades<\/li>\n<li>Projectes<\/li>\n<li>Treball cooperatiu<\/li>\n<li>Patis dinamitzats<\/li>\n<li>Angl\u00e8s des d&#8217;EI3<\/li>\n<li>Arts and Crafts<\/li>\n<li>Science<\/li>\n<li>Psychomotor activity<\/li>\n<li>Ambients d&#8217;aprenentatge<\/li>\n<li>Microespais<\/li>\n<li>Entrevistes personalitzades<\/li>\n<li>Projectes<\/li>\n<\/ul>\n<p>SERVEIS<\/p>\n<ul>\n<li>Transport Escolar<\/li>\n<li>Menjador (cuina de proximitat)<\/li>\n<li>Reutilitzaci\u00f3 de llibres<\/li>\n<li>Servei&hellip;  <a href=\"https:\/\/agora.xtec.cat\/escolasantasusanna\/lescola\/\" title=\"Read L&#8217;ESCOLA\">Llegeix m\u00e9s\u00bb<\/a><br \/>\n","protected":false},"author":1,"featured_media":0,"parent":0,"menu_order":0,"comment_status":"closed","ping_status":"closed","template":"page-templates\/side-menu.php","meta":{"_bbp_topic_count":0,"_bbp_reply_count":0,"_bbp_total_topic_count":0,"_bbp_total_reply_count":0,"_bbp_voice_count":0,"_bbp_anonymous_reply_count":0,"_bbp_topic_count_hidden":0,"_bbp_reply_count_hidden":0,"_bbp_forum_subforum_count":0,"footnotes":""},"class_list":["post-22","page","type-page","status-publish","hentry"],"post_mailing_queue_ids":[],"_links":{"self":[{"href":"https:\/\/agora.xtec.cat\/escolasantasusanna\/wp-json\/wp\/v2\/pages\/22","targetHints":{"allow":["GET"]}}],"collection":[{"href":"https:\/\/agora.xtec.cat\/escolasantasusanna\/wp-json\/wp\/v2\/pages"}],"about":[{"href":"https:\/\/agora.xtec.cat\/escolasantasusanna\/wp-json\/wp\/v2\/types\/page"}],"author":[{"embeddable":true,"href":"https:\/\/agora.xtec.cat\/escolasantasusanna\/wp-json\/wp\/v2\/users\/1"}],"replies":[{"embeddable":true,"href":"https:\/\/agora.xtec.cat\/escolasantasusanna\/wp-json\/wp\/v2\/comments?post=22"}],"version-history":[{"count":3,"href":"https:\/\/agora.xtec.cat\/escolasantasusanna\/wp-json\/wp\/v2\/pages\/22\/revisions"}],"predecessor-version":[{"id":6326,"href":"https:\/\/agora.xtec.cat\/escolasantasusanna\/wp-json\/wp\/v2\/pages\/22\/revisions\/6326"}],"wp:attachment":[{"href":"https:\/\/agora.xtec.cat\/escolasantasusanna\/wp-json\/wp\/v2\/media?parent=22"}],"curies":[{"name":"wp","href":"https:\/\/api.w.org\/{rel}","templated":true}]}}