{"id":19,"date":"2010-01-13T13:12:59","date_gmt":"2010-01-13T12:12:59","guid":{"rendered":"http:\/\/blocs.xtec.cat\/escolasantasusanna\/?page_id=19"},"modified":"2010-01-13T13:12:59","modified_gmt":"2010-01-13T12:12:59","slug":"llibres-de-text-2009-2010","status":"publish","type":"page","link":"https:\/\/agora.xtec.cat\/escolasantasusanna\/llibres-de-text-2009-2010\/","title":{"rendered":"LLIBRES"},"content":{"rendered":"<p><strong>LLIBRES DE TEXT 2016 -2017<\/strong><\/p>\n<p><strong>Educaci\u00f3 Infantil P-3<\/strong><br \/>\nEls alumnes de P-3 no tenen llibres de text. El material \u00e9s elaborat pels mestres; per aquesta ra\u00f3, al inici de curs es passar\u00e0 un rebut de pagament corresponent al material fotocopiable i el comprovant de pagament s&#8217;haur\u00e0 de donar a les mestres.<\/p>\n<p><strong>Educaci\u00f3 Infantil P-4<\/strong><br \/>\nEls alumnes de P-4 no tenen llibres de text. El material \u00e9s elaborat pels mestres; per aquesta ra\u00f3, al inici de curs es passar\u00e0 un rebut de pagament corresponent al material fotocopiable i el comprovant de pagament s&#8217;haur\u00e0 de donar a les mestres.<\/p>\n<p><strong>Educaci\u00f3 Infantil P-5<\/strong><br \/>\nEls alumnes de P-5 no tenen llibres de text. El material \u00e9s elaborat pels mestres; per aquesta ra\u00f3, al inici de curs es passar\u00e0 un rebut de pagament corresponent al material fotocopiable i el comprovant de pagament s&#8217;haur\u00e0 de donar a les mestres.<\/p>\n<p><strong>Cicle Inicial. Primer ( 1r )<\/strong><br \/>\n&#8211; Llengua Catalana: Xat 1 (1.1, 1.2, 1.3)<br \/>\nQuadernets (1.1, 1.2, 1.3)<br \/>\nEd. Vicens-Vives 978-84-682-20802 ( llibre )<br \/>\nEd. Vicens-Vives 978-84-682-20819 ( Quadernets )<\/p>\n<p>&#8211; Llengua Castellana: Chimpa 1 (1.1, 1.2, 1.3)<br \/>\nEd. Vicens-Vives 978-84-682-2113-7<\/p>\n<p>&#8211; Llengua Anglesa: Tiger tales 1r<br \/>\nEd. McMillan 978-0-23-0424883<\/p>\n<p>&#8211; Matem\u00e0tiques: Saber Fer 1<br \/>\nEd. Santillana 978-84-9047-559-1<\/p>\n<p>&#8211; Coneixement del medi: <span style=\"color: #000000;\">Projecte Tram 2.0 &#8211; 1<\/span><\/p>\n<p>Ed. Text La Galera <span style=\"color: #000000;\">978-84-41222724<\/span><\/p>\n<p>&#8211; Religi\u00f3 Cat\u00f2lica: El Jardiner 1r<\/p>\n<p>Ed. Claret 978-84-7263853-7<\/p>\n<p>&#8211; Alternativa a la religi\u00f3: Conviure 1<\/p>\n<p>Ed. Cru\u00eflla 978-84-6611541-4<\/p>\n<p>&#8211; Agenda: Agenda escolar de Santa Susanna \u201cPapereria Nogueras\u201d<\/p>\n<p><strong>El material escolar \u00e9s socialitzat, nom\u00e9s cal portar l\u2019agenda i els llibres esmentats.<\/strong><\/p>\n<p><strong>Cicle Inicial. Segon ( 2n )<\/strong><br \/>\n&#8211; Llengua Catalana: <span style=\"color: #000000;\">Xat 2 <\/span><\/p>\n<p><span style=\"color: #000000;\">Vicens Vives <\/span><span style=\"color: #000000;\">ISBN no est\u00e0 encara editat<\/span><\/p>\n<p><span style=\"color: #000000;\">Quadernets 2.1,2.2,2.3 <\/span><\/p>\n<p><span style=\"color: #000000;\">Vicens Vives <span style=\"color: #000000;\">ISBN no est\u00e0 encara editat<\/span><\/span><br \/>\n&#8211; Llengua Castellana: Chimpa 2<\/p>\n<p>Vicens Vives 978-84-682-2868-6<\/p>\n<p>&#8211; Llengua Anglesa: Tiger tales 2n<\/p>\n<p>Ed. McMillan 978-0-23-0475465<\/p>\n<p>&#8211; Matem\u00e0tiques: Saber Fer 2<br \/>\nEd. Santillana 978-84&#8211;9047-009-1<br \/>\n&#8211; Coneixement del medi: <span style=\"color: #000000;\">Projecte tram 2.0 \u2013 2<\/span><\/p>\n<p><span style=\"color: #000000;\">Text la Galera<\/span> <span style=\"color: #000000;\">978-84-41222731<\/span><\/p>\n<p>&#8211; Religi\u00f3 Cat\u00f2lica: Anem-hi! 2n<\/p>\n<p>Ed. Claret 978-84-72638677<\/p>\n<p>&#8211; Alternativa a la religi\u00f3: Conviure 2<\/p>\n<p>Ed. Cru\u00eflla 978-84-6611559-9<\/p>\n<p>&#8211; Agenda: Agenda escolar Escola Santa Susanna \u201cPapereria Nogueras\u201d<\/p>\n<p><strong>El material escolar \u00e9s socialitzat, nom\u00e9s cal portar l\u2019agenda i els llibres esmentats.<\/strong><\/p>\n<p><strong>Cicle Mitj\u00e0. Tercer ( 3r )<\/strong><\/p>\n<p>&#8211; Llengua Anglesa:<\/p>\n<p>Explorers 3 Activity book<\/p>\n<p>Ed. Oxford 978-0194508933<\/p>\n<p>&#8211; Matem\u00e0tiques: <span style=\"color: #000000;\">Els Camins del Saber 3<\/span><\/p>\n<p>Ed. <span style=\"color: #000000;\">Santillana <\/span><span style=\"color: #000000;\">978-84-79187941<\/span><\/p>\n<p>Coneixement del medi: Quadern d&#8217;activitats<\/p>\n<p>Ed. Text La Galera <span style=\"color: #000000;\">978-84-41221178<\/span><\/p>\n<p>(SEP) Expressi\u00f3 escrita:<\/p>\n<p>Llengua Catalana:<\/p>\n<p><span style=\"color: #000000;\">Prova de compet\u00e8ncies b\u00e0siques 3<\/span><\/p>\n<p>Ed. Castellnou <span style=\"color: #000000;\">978-84-98044553<\/span><\/p>\n<p>(SEP) Comprensi\u00f3 de problemes:<\/p>\n<p><span style=\"color: #000000;\"> R<\/span><span style=\"color: #000000;\">esoluci\u00f3 de problemes 3<\/span><\/p>\n<p>Ed. Santillana <span style=\"color: #000000;\">978-84-85820-07-8<\/span><\/p>\n<p>&#8211; Religi\u00f3 Cat\u00f2lica: L\u2019astronau 3r<\/p>\n<p>Ed. Claret 978-84-7263-929-0<\/p>\n<p>&#8211; Alternativa a la religi\u00f3: Conviure 3Ed. Cru\u00eflla 978-84-66119184<\/p>\n<p>&#8211; Agenda: Agenda Escolar Escola Santa Susanna \u201cPapereria Nogueras\u201d<\/p>\n<p><strong>PROJECTE REUTILITZACIO DE LLIBRES <span style=\"color: #ff0000;\">( No s\u2019han de comprar !! )<\/span><\/strong><br \/>\n&#8211; Llengua Catalana: <span style=\"color: #000000;\">Llengua 3 <\/span><span style=\"color: #000000; font-size: medium;\">NOU!<\/span><\/p>\n<p>Ed. Vicens Vives <span style=\"color: #000000;\">9788468220840<\/span><\/p>\n<p>&#8211; Llengua Castellana: <span style=\"color: #000000;\">CHIMPA<\/span><span style=\"color: #000000;\">Lengua 3 <\/span><\/p>\n<p>Ed. Vicens Vives <span style=\"color: #000000;\">9788468221236<\/span><\/p>\n<p>&#8211; Coneixement del medi: Coneixement del medi Projecte TRAM 2.0 \u2013 3<\/p>\n<p>Ed. Text. La Galera <span style=\"color: #000000;\">9788441221161<\/span><\/p>\n<p>&#8211; Diccionari Catal\u00e0: Diccionari Barcanova de prim\u00e0ria<\/p>\n<p>Ed. Barcanova 978-84-489-2066-1<\/p>\n<p>-Llengua Anglesa: Explorers 3 Class book<\/p>\n<p>Ed. Oxford 978-0194509961<\/p>\n<p><strong>Les llibretes i els llibres de reutilitzaci\u00f3 els proporcionar\u00e0 l\u2019escola. Aquest curs l&#8217;estoig els hi donar\u00e0 l&#8217;escola<\/strong><\/p>\n<p><strong>Cicle Mitj\u00e0. Quart ( 4t )<\/strong><\/p>\n<p>&#8211; Llengua Anglesa:<\/p>\n<p>Explorers 4 (Activity book)<\/p>\n<p>Ed. Oxford 978-019450-9091<\/p>\n<p>&#8211; Matem\u00e0tiques: <span style=\"color: #000000;\">Els Camins del Saber-4<\/span><\/p>\n<p>Ed. Santillana <span style=\"color: #000000;\">9788479188344<\/span><\/p>\n<p>Coneixement del medi: Quadern d&#8217;activitats<\/p>\n<p>Ed. Text La Galera 978-84-41221192<\/p>\n<p>(SEP) Expressi\u00f3 escrita: <span style=\"color: #000000;\">Llengua catalana <\/span><span style=\"color: #000000;\">Prova de compet\u00e8ncies b\u00e0siques 4<\/span><\/p>\n<p>Ed. Castellnou <span style=\"color: #000000;\">978-84-98044560<\/span><\/p>\n<p>(SEP) Comprensi\u00f3 de problemes:<\/p>\n<p>&#8211; Resoluci\u00f3 de problemes 4<\/p>\n<p>Ed. Santillana <span style=\"color: #000000;\">978-84-85820092<\/span><\/p>\n<p>&#8211; Religi\u00f3 Cat\u00f2lica: L\u2019Entrenador 4t<\/p>\n<p>Ed. Claret 978-84-7263-922-3<\/p>\n<p>&#8211; Alternativa a la religi\u00f3: Conviure 4<\/p>\n<p>Ed. Cru\u00eflla 978-84-66119443<\/p>\n<p>&#8211; Agenda: Agenda Escolar Escola Santa Susanna \u201cPapereria Nogueras\u201d<br \/>\n<strong>PROJECTE REUTILITZACIO DE LLIBRES <span style=\"color: #ff0000;\">( No s\u2019han de comprar !! )<\/span><\/strong><br \/>\n&#8211; Llengua Catalana: Llengua 4<\/p>\n<p>Ed. Vicens Vives 978-84-68228631<\/p>\n<p>&#8211; Llengua Castellana: Chimpa 4<\/p>\n<p>Ed. Vicens Vives 978-84-68228532<\/p>\n<p>&#8211; Coneixement del medi: Coneixementdel medi 4\u00a0 Tram 2.0 &#8211; 4<\/p>\n<p>Ed. Text La Galera <span style=\"color: #000000;\">9788441221185<\/span><\/p>\n<p>&#8211; Diccionario Castellano: Diccionario did\u00e1ctico b\u00e1sico Lengua espa\u00f1ola<\/p>\n<p>Ed. S.M. 84-348-7599-3<\/p>\n<p>-Diccionari Catal\u00e0: Diccionari Barcanova de prim\u00e0ria<\/p>\n<p>Ed. Barcanova 978-84-489-2066-1<\/p>\n<p>-Llengua Anglesa:<\/p>\n<p>Explorers 4 Class book<\/p>\n<p>Ed. Oxford 978-019450-9978<\/p>\n<p><strong>Les llibretes i els llibres de reutilitzaci\u00f3 els proporcionar\u00e0 l\u2019escola. Aquest curs l&#8217;estoig els hi donar\u00e0 l&#8217;escola <\/strong><\/p>\n<p><strong>Cicle Superior. Cinqu\u00e8 ( 5\u00e8 )<\/strong><br \/>\n&#8211; Llengua Anglesa: <span style=\"color: #000000;\">Great Explorers ( Activity boock )<\/span><\/p>\n<p>Ed. Oxford <span style=\"color: #000000;\">9780194507783<\/span><\/p>\n<p>&#8211; Matem\u00e0tiques: Els Camins del saber -5<\/p>\n<p>Ed. Santillana <span style=\"color: #000000;\">9788490474136<\/span><\/p>\n<p>&#8211; Coneixement del medi: Quadern d\u2019activitats 5 Projecte Tram 2.0<\/p>\n<p>Ed. Text. La Galera 978-84-412-22045<\/p>\n<p>(SEP) Expressi\u00f3 escrita: <span style=\"color: #000000;\">Llengua catalana <\/span><\/p>\n<p><span style=\"color: #000000;\">Prova de compet\u00e8ncies b\u00e0siques 5<\/span>e<\/p>\n<p>Ed. Castellnou <span style=\"color: #000000;\">978-84-98049817<\/span><\/p>\n<p>(SEP) Comprensi\u00f3 de problemes:<\/p>\n<p>&#8211; Resoluci\u00f3 de problemes 5<\/p>\n<p>Ed. Santillana <span style=\"color: #000000;\">978-84-9047-103-6<\/span><\/p>\n<p>&#8211; Agenda: Agenda Escolar Escola Santa Susanna \u201cPapereria Nogueras\u201d<\/p>\n<p><strong>PROJECTE REUTILITZACIO DE LLIBRES <span style=\"color: #ff0000;\">( No s\u2019han de comprar !! )<\/span><\/strong><br \/>\n&#8211; Llengua Catalana: Llengua 5<\/p>\n<p>Ed. Vicens Vives <span style=\"color: #000000;\">9788468214610<\/span><\/p>\n<p>-Llengua Castellana: <span style=\"color: #000000;\">CHIMPA 5 <\/span><\/p>\n<p>Ed. Vicens Vives <span style=\"color: #000000;\">9788468214771<\/span><\/p>\n<p>&#8211; Coneixement del medi: <span style=\"color: #000000;\">Projecte Tram 2.0 &#8211; 5 <\/span><\/p>\n<p>Ed. Text. La Galera <span style=\"color: #000000;\">9788441222038<\/span><\/p>\n<p>Llengua Anglesa: <span style=\"color: #000000;\">Great Explorers ( Class book) <\/span><span style=\"color: #000000;\">NOU!<\/span><\/p>\n<p>Ed. Oxford <span style=\"color: #000000;\">9780194507776<\/span><\/p>\n<p>-Religi\u00f3 i alternativa: Creences i tradicions. Polar 5<\/p>\n<p>Ed. Teide 978-84-307-0754-9<\/p>\n<p>&#8211; Diccionari Catal\u00e0: Diccionari Barcanova de Prim\u00e0ria<\/p>\n<p>Ed. Barcanova 978-84-489-2066-1<\/p>\n<p>&#8211; Diccionari Angl\u00e8s: Diccionari Oxford Pocket catal\u00e0 (catal\u00e0 \u2013 angl\u00e8s)<\/p>\n<p>Ed. Oxford 978-0-19-431729-0<\/p>\n<p>&#8211; Diccionario Castellano: Diccionario did\u00e1ctico b\u00e1sico. Lengua espa\u00f1ola<\/p>\n<p>Ed. s.m. 978-8-675-0828-4<\/p>\n<p><strong>Les llibretes i els llibres de reutilitzaci\u00f3 els proporcionar\u00e0 l\u2019escola. Els alumnes\/es han de portar un estoig equipat.<\/strong><\/p>\n<p><strong>Cicle Superior. Sis\u00e8 ( 6\u00e8 )<\/strong><br \/>\n&#8211; Llengua Anglesa:<\/p>\n<p>Great Explorers ( Activity boock )<\/p>\n<p>Ed. Oxford 9780194507981<\/p>\n<p>&#8211; Matem\u00e0tiques: \u00a0Els Camins del saber 6<\/p>\n<p>Ed. Santillana 9788490474327<\/p>\n<p>-Coneixement del medi: \u00a0Projecte Tram 2.0 &#8211;\u00a06 Quadern d&#8217;activitats<\/p>\n<p>Ed. Text. La Galera 9788441222069<\/p>\n<p>(SEP) Expressi\u00f3 escrita: Llengua catalana<\/p>\n<p>Prova de compet\u00e8ncies b\u00e0siques 6<\/p>\n<p>Ed. Castellnou 978-84-98049824<\/p>\n<p>(SEP) Comprensi\u00f3 de problemes: Resoluci\u00f3 de problemes 6<\/p>\n<p>&#8211; Agenda: Agenda Escolar Escola Santa Susanna \u201cPapereria Nogueras\u201d<\/p>\n<p><strong>PROJECTE REUTILITZACIO DE LLIBRES <span style=\"color: #ff0000;\">( No s\u2019han de comprar !! )<\/span><\/strong><br \/>\n&#8211; Llengua Catalana:\u00a0\u00a0Llengua 6<\/p>\n<p>Ed. Vicens Vives 978846822315-5<\/p>\n<p>-Llengua Castellana: Chimpa 6<\/p>\n<p>Ed. Vicens Vives 978-84-68228136<\/p>\n<p>&#8211; Coneixement del medi: \u00a0Projecte Tram 2.0 &#8211;\u00a06<\/p>\n<p>Ed. Text. La Galera 9788441222052<\/p>\n<p>&#8211; Angl\u00e8s &#8211; Who wants to be a star bk\/cd Pack RLA (Margaret Iggulden)<\/p>\n<p>Ed. Macmillan 978-1405880732<\/p>\n<p>-Llengua Anglesa: Great Explorers (Class book)<\/p>\n<p>Ed. Oxford 978-0-19-4507974<\/p>\n<p>&#8211; Diccionario Castellano: Diccionario did\u00e1ctico b\u00e1sico. Lengua espa\u00f1ola<\/p>\n<p>Ed. S.M. 978-84-675-0828-4<\/p>\n<p>-Religi\u00f3 i alternativa: Creences i tradicions. Polar 6<\/p>\n<p>Ed. Teide 978-84-307-0755-7<\/p>\n<p>Diccionari Catal\u00e0: Diccionari Barcanova de Prim\u00e0ria<\/p>\n<p>Ed. Barcanova 978-84-489-2066-1<\/p>\n<p>&#8211; Diccionario Castellano: Diccionario did\u00e1ctico b\u00e1sico. Lengua espa\u00f1ola<\/p>\n<p>Ed. s.m. 978-8-675-0828-4<\/p>\n<p>-Diccionari Angl\u00e8s: Diccionari Oxford Pocket catal\u00e0 (catal\u00e0 &#8211; angl\u00e8s)<\/p>\n<p>Ed. Oxford 9780-19-431729-0<\/p>\n<p><strong>Les llibretes i els llibres de reutilitzaci\u00f3 els proporcionar\u00e0 l\u2019escola. Els alumnes\/es han de portar un estoig equipat.<\/strong><\/p>\n","protected":false},"excerpt":{"rendered":"<p>LLIBRES DE TEXT 2016 -2017<br \/>\nEducaci\u00f3 Infantil P-3<br \/>\nEls alumnes de P-3 no tenen llibres de text. El material \u00e9s elaborat pels mestres; per aquesta ra\u00f3, al inici de curs es passar\u00e0 un rebut de pagament corresponent al material fotocopiable i el comprovant de pagament s&#8217;haur\u00e0 de&hellip;  <a href=\"https:\/\/agora.xtec.cat\/escolasantasusanna\/llibres-de-text-2009-2010\/\" title=\"Read LLIBRES\">Llegeix m\u00e9s\u00bb<\/a><\/p>\n","protected":false},"author":1,"featured_media":0,"parent":0,"menu_order":6,"comment_status":"open","ping_status":"open","template":"","meta":{"_bbp_topic_count":0,"_bbp_reply_count":0,"_bbp_total_topic_count":0,"_bbp_total_reply_count":0,"_bbp_voice_count":0,"_bbp_anonymous_reply_count":0,"_bbp_topic_count_hidden":0,"_bbp_reply_count_hidden":0,"_bbp_forum_subforum_count":0,"footnotes":""},"class_list":["post-19","page","type-page","status-publish","hentry"],"post_mailing_queue_ids":[],"_links":{"self":[{"href":"https:\/\/agora.xtec.cat\/escolasantasusanna\/wp-json\/wp\/v2\/pages\/19","targetHints":{"allow":["GET"]}}],"collection":[{"href":"https:\/\/agora.xtec.cat\/escolasantasusanna\/wp-json\/wp\/v2\/pages"}],"about":[{"href":"https:\/\/agora.xtec.cat\/escolasantasusanna\/wp-json\/wp\/v2\/types\/page"}],"author":[{"embeddable":true,"href":"https:\/\/agora.xtec.cat\/escolasantasusanna\/wp-json\/wp\/v2\/users\/1"}],"replies":[{"embeddable":true,"href":"https:\/\/agora.xtec.cat\/escolasantasusanna\/wp-json\/wp\/v2\/comments?post=19"}],"version-history":[{"count":0,"href":"https:\/\/agora.xtec.cat\/escolasantasusanna\/wp-json\/wp\/v2\/pages\/19\/revisions"}],"wp:attachment":[{"href":"https:\/\/agora.xtec.cat\/escolasantasusanna\/wp-json\/wp\/v2\/media?parent=19"}],"curies":[{"name":"wp","href":"https:\/\/api.w.org\/{rel}","templated":true}]}}