{"id":948,"date":"2025-08-07T13:20:00","date_gmt":"2025-08-07T11:20:00","guid":{"rendered":"http:\/\/agora.xtec.cat\/escolasantamariacervello\/?page_id=948"},"modified":"2026-03-30T16:41:36","modified_gmt":"2026-03-30T14:41:36","slug":"que-es-lampa","status":"publish","type":"page","link":"https:\/\/agora.xtec.cat\/escolasantamariacervello\/afa\/que-es-lampa\/","title":{"rendered":"Qu\u00e8 \u00e9s l&#8217;AFA?"},"content":{"rendered":"\n<div class=\"wp-block-getwid-toggle has-icon-left\">\n<div class=\"wp-block-getwid-toggle__row\"><div class=\"wp-block-getwid-toggle__header-wrapper\"><span class=\"wp-block-getwid-toggle__header\"><a href=\"#\"><span class=\"wp-block-getwid-toggle__header-title\"><strong>Qui som l\u2019AFA?<\/strong><\/span><span class=\"wp-block-getwid-toggle__icon is-active\"><i class=\"fas fa-plus\"><\/i><\/span><span class=\"wp-block-getwid-toggle__icon is-passive\"><i class=\"fas fa-minus\"><\/i><\/span><\/a><\/span><\/div><div class=\"wp-block-getwid-toggle__content-wrapper\"><div class=\"wp-block-getwid-toggle__content\">\n<p class=\"has-medium-font-size\">Mares i pares dels i les alumnes que treballem de manera volunt\u00e0ria en tot el que es refereix a l&#8217;educaci\u00f3 dels nostres fills i filles, participant en el Consell Escolar i en les Comissions del Centre, aix\u00ed com promovent activitats extraescolars per als alumnes.<\/p>\n<\/div><\/div><\/div>\n\n\n\n<div class=\"wp-block-getwid-toggle__row\"><div class=\"wp-block-getwid-toggle__header-wrapper\"><span class=\"wp-block-getwid-toggle__header\"><a href=\"#\"><span class=\"wp-block-getwid-toggle__header-title\"><strong>Qu\u00e8 fem?<\/strong><\/span><span class=\"wp-block-getwid-toggle__icon is-active\"><i class=\"fas fa-plus\"><\/i><\/span><span class=\"wp-block-getwid-toggle__icon is-passive\"><i class=\"fas fa-minus\"><\/i><\/span><\/a><\/span><\/div><div class=\"wp-block-getwid-toggle__content-wrapper\"><div class=\"wp-block-getwid-toggle__content\">\n<p class=\"has-medium-font-size\">Donar suport i assist\u00e8ncia a les fam\u00edlies, mestres i alumnes en tot el que es refereix a l&#8217;educaci\u00f3 dels nens i de les nenes.<\/p>\n\n\n\n<p class=\"has-medium-font-size\">Canalitzar la comunicaci\u00f3 entre els pares i les comissions o la direcci\u00f3 del centre.<\/p>\n\n\n\n<p class=\"has-medium-font-size\">Promoure la participaci\u00f3 i representaci\u00f3 del pares i de les mares en les activitats del centre aix\u00ed com en activitats culturals i socials de l&#8217;escola.<\/p>\n\n\n\n<p class=\"has-medium-font-size\">Organitzar activitats per fomentar les vocacions, les lleng\u00fces, les habilitats art\u00edstiques, l\u2019esport i el lleure.<\/p>\n\n\n\n<p class=\"has-medium-font-size\">Gestionar recursos educatius com la socialitzaci\u00f3 dels llibres de text.<\/p>\n<\/div><\/div><\/div>\n\n\n\n<div class=\"wp-block-getwid-toggle__row\"><div class=\"wp-block-getwid-toggle__header-wrapper\"><span class=\"wp-block-getwid-toggle__header\"><a href=\"#\"><span class=\"wp-block-getwid-toggle__header-title\"><strong>On ens pots trobar?<\/strong><\/span><span class=\"wp-block-getwid-toggle__icon is-active\"><i class=\"fas fa-plus\"><\/i><\/span><span class=\"wp-block-getwid-toggle__icon is-passive\"><i class=\"fas fa-minus\"><\/i><\/span><\/a><\/span><\/div><div class=\"wp-block-getwid-toggle__content-wrapper\"><div class=\"wp-block-getwid-toggle__content\">\n<p class=\"has-medium-font-size\">Per e-mail: afa@esmc.cat<\/p>\n\n\n\n<p>Whatsapp: 611.033.177<\/p>\n\n\n\n<p class=\"has-medium-font-size\">I, \u00e9s clar&#8230; al nou web emplenant el formulari de contacte.<\/p>\n<\/div><\/div><\/div>\n\n\n\n<div class=\"wp-block-getwid-toggle__row\"><div class=\"wp-block-getwid-toggle__header-wrapper\"><span class=\"wp-block-getwid-toggle__header\"><a href=\"#\"><span class=\"wp-block-getwid-toggle__header-title\"><strong>Com ens organitzem?<\/strong><\/span><span class=\"wp-block-getwid-toggle__icon is-active\"><i class=\"fas fa-plus\"><\/i><\/span><span class=\"wp-block-getwid-toggle__icon is-passive\"><i class=\"fas fa-minus\"><\/i><\/span><\/a><\/span><\/div><div class=\"wp-block-getwid-toggle__content-wrapper\"><div class=\"wp-block-getwid-toggle__content\">\n<p class=\"has-medium-font-size\">Per Junta, Consell Escolar i Comissions, com l&#8217;Econ\u00f2mica, Extraescolars, Menjador, Festes, Comunicaci\u00f3 i Web.<\/p>\n\n\n\n<p class=\"has-medium-font-size\">Per delegats\/des de classes \/ cicles.<\/p>\n<\/div><\/div><\/div>\n<\/div>\n","protected":false},"excerpt":{"rendered":"","protected":false},"author":64,"featured_media":0,"parent":2805,"menu_order":0,"comment_status":"closed","ping_status":"closed","template":"","meta":{"_bbp_topic_count":0,"_bbp_reply_count":0,"_bbp_total_topic_count":0,"_bbp_total_reply_count":0,"_bbp_voice_count":0,"_bbp_anonymous_reply_count":0,"_bbp_topic_count_hidden":0,"_bbp_reply_count_hidden":0,"_bbp_forum_subforum_count":0,"site-sidebar-layout":"left-sidebar","site-content-layout":"","ast-site-content-layout":"default","site-content-style":"default","site-sidebar-style":"default","ast-global-header-display":"","ast-banner-title-visibility":"","ast-main-header-display":"","ast-hfb-above-header-display":"","ast-hfb-below-header-display":"","ast-hfb-mobile-header-display":"","site-post-title":"","ast-breadcrumbs-content":"","ast-featured-img":"","footer-sml-layout":"","theme-transparent-header-meta":"","adv-header-id-meta":"","stick-header-meta":"","header-above-stick-meta":"","header-main-stick-meta":"","header-below-stick-meta":"","astra-migrate-meta-layouts":"set","ast-page-background-enabled":"default","ast-page-background-meta":{"desktop":{"background-color":"var(--ast-global-color-4)","background-image":"","background-repeat":"repeat","background-position":"center center","background-size":"auto","background-attachment":"scroll","background-type":"","background-media":"","overlay-type":"","overlay-color":"","overlay-opacity":"","overlay-gradient":""},"tablet":{"background-color":"","background-image":"","background-repeat":"repeat","background-position":"center center","background-size":"auto","background-attachment":"scroll","background-type":"","background-media":"","overlay-type":"","overlay-color":"","overlay-opacity":"","overlay-gradient":""},"mobile":{"background-color":"","background-image":"","background-repeat":"repeat","background-position":"center center","background-size":"auto","background-attachment":"scroll","background-type":"","background-media":"","overlay-type":"","overlay-color":"","overlay-opacity":"","overlay-gradient":""}},"ast-content-background-meta":{"desktop":{"background-color":"var(--ast-global-color-5)","background-image":"","background-repeat":"repeat","background-position":"center center","background-size":"auto","background-attachment":"scroll","background-type":"","background-media":"","overlay-type":"","overlay-color":"","overlay-opacity":"","overlay-gradient":""},"tablet":{"background-color":"var(--ast-global-color-5)","background-image":"","background-repeat":"repeat","background-position":"center center","background-size":"auto","background-attachment":"scroll","background-type":"","background-media":"","overlay-type":"","overlay-color":"","overlay-opacity":"","overlay-gradient":""},"mobile":{"background-color":"var(--ast-global-color-5)","background-image":"","background-repeat":"repeat","background-position":"center center","background-size":"auto","background-attachment":"scroll","background-type":"","background-media":"","overlay-type":"","overlay-color":"","overlay-opacity":"","overlay-gradient":""}},"footnotes":""},"class_list":["post-948","page","type-page","status-publish","hentry"],"post_mailing_queue_ids":[],"_links":{"self":[{"href":"https:\/\/agora.xtec.cat\/escolasantamariacervello\/wp-json\/wp\/v2\/pages\/948","targetHints":{"allow":["GET"]}}],"collection":[{"href":"https:\/\/agora.xtec.cat\/escolasantamariacervello\/wp-json\/wp\/v2\/pages"}],"about":[{"href":"https:\/\/agora.xtec.cat\/escolasantamariacervello\/wp-json\/wp\/v2\/types\/page"}],"author":[{"embeddable":true,"href":"https:\/\/agora.xtec.cat\/escolasantamariacervello\/wp-json\/wp\/v2\/users\/64"}],"replies":[{"embeddable":true,"href":"https:\/\/agora.xtec.cat\/escolasantamariacervello\/wp-json\/wp\/v2\/comments?post=948"}],"version-history":[{"count":6,"href":"https:\/\/agora.xtec.cat\/escolasantamariacervello\/wp-json\/wp\/v2\/pages\/948\/revisions"}],"predecessor-version":[{"id":3659,"href":"https:\/\/agora.xtec.cat\/escolasantamariacervello\/wp-json\/wp\/v2\/pages\/948\/revisions\/3659"}],"up":[{"embeddable":true,"href":"https:\/\/agora.xtec.cat\/escolasantamariacervello\/wp-json\/wp\/v2\/pages\/2805"}],"wp:attachment":[{"href":"https:\/\/agora.xtec.cat\/escolasantamariacervello\/wp-json\/wp\/v2\/media?parent=948"}],"curies":[{"name":"wp","href":"https:\/\/api.w.org\/{rel}","templated":true}]}}

Què és l&#8217;AFA?

<div class="wp-block-getwid-toggle has-icon-left">
<div class="wp-block-getwid-toggle__row"><div class="wp-block-getwid-toggle__header-wrapper"><span class="wp-block-getwid-toggle__header"><a href="#"><span class="wp-block-getwid-toggle__header-title"><strong>Qui som l’AFA?</strong></span><span class="wp-block-getwid-toggle__icon is-active"><i class="fas fa-plus"></i></span><span class="wp-block-getwid-toggle__icon is-passive"><i class="fas fa-minus"></i></span></a></span></div><div class="wp-block-getwid-toggle__content-wrapper"><div class="wp-block-getwid-toggle__content">
<p class="has-medium-font-size">Mares i pares dels i les alumnes que treballem de manera voluntària en tot el que es refereix a l&#8217;educació dels nostres fills i filles, participant en el Consell Escolar i en les Comissions del Centre, així com promovent activitats extraescolars per als alumnes.</p>
</div></div></div>



<div class="wp-block-getwid-toggle__row"><div class="wp-block-getwid-toggle__header-wrapper"><span class="wp-block-getwid-toggle__header"><a href="#"><span class="wp-block-getwid-toggle__header-title"><strong>Què fem?</strong></span><span class="wp-block-getwid-toggle__icon is-active"><i class="fas fa-plus"></i></span><span class="wp-block-getwid-toggle__icon is-passive"><i class="fas fa-minus"></i></span></a></span></div><div class="wp-block-getwid-toggle__content-wrapper"><div class="wp-block-getwid-toggle__content">
<p class="has-medium-font-size">Donar suport i assistència a les famílies, mestres i alumnes en tot el que es refereix a l&#8217;educació dels nens i de les nenes.</p>



<p class="has-medium-font-size">Canalitzar la comunicació entre els pares i les comissions o la direcció del centre.</p>



<p class="has-medium-font-size">Promoure la participació i representació del pares i de les mares en les activitats del centre així com en activitats culturals i socials de l&#8217;escola.</p>



<p class="has-medium-font-size">Organitzar activitats per fomentar les vocacions, les llengües, les habilitats artístiques, l’esport i el lleure.</p>



<p class="has-medium-font-size">Gestionar recursos educatius com la socialització dels llibres de text.</p>
</div></div></div>



<div class="wp-block-getwid-toggle__row"><div class="wp-block-getwid-toggle__header-wrapper"><span class="wp-block-getwid-toggle__header"><a href="#"><span class="wp-block-getwid-toggle__header-title"><strong>On ens pots trobar?</strong></span><span class="wp-block-getwid-toggle__icon is-active"><i class="fas fa-plus"></i></span><span class="wp-block-getwid-toggle__icon is-passive"><i class="fas fa-minus"></i></span></a></span></div><div class="wp-block-getwid-toggle__content-wrapper"><div class="wp-block-getwid-toggle__content">
<p class="has-medium-font-size">Per e-mail: afa@esmc.cat</p>



<p>Whatsapp: 611.033.177</p>



<p class="has-medium-font-size">I, és clar&#8230; al nou web emplenant el formulari de contacte.</p>
</div></div></div>



<div class="wp-block-getwid-toggle__row"><div class="wp-block-getwid-toggle__header-wrapper"><span class="wp-block-getwid-toggle__header"><a href="#"><span class="wp-block-getwid-toggle__header-title"><strong>Com ens organitzem?</strong></span><span class="wp-block-getwid-toggle__icon is-active"><i class="fas fa-plus"></i></span><span class="wp-block-getwid-toggle__icon is-passive"><i class="fas fa-minus"></i></span></a></span></div><div class="wp-block-getwid-toggle__content-wrapper"><div class="wp-block-getwid-toggle__content">
<p class="has-medium-font-size">Per Junta, Consell Escolar i Comissions, com l&#8217;Econòmica, Extraescolars, Menjador, Festes, Comunicació i Web.</p>



<p class="has-medium-font-size">Per delegats/des de classes / cicles.</p>
</div></div></div>
</div>
