{"id":932,"date":"2019-09-07T12:05:41","date_gmt":"2019-09-07T10:05:41","guid":{"rendered":"http:\/\/agora.xtec.cat\/escolasantamariacervello\/?page_id=932"},"modified":"2026-01-25T16:12:59","modified_gmt":"2026-01-25T15:12:59","slug":"inscripcio-menjador","status":"publish","type":"page","link":"https:\/\/agora.xtec.cat\/escolasantamariacervello\/afa\/menjador\/inscripcio-menjador\/","title":{"rendered":"Inscripci\u00f3 Menjador"},"content":{"rendered":"<p><strong>CURS 2019 &#8211; 2020<\/strong><\/p>\n<p><strong>INFORMACI\u00d3 DEL SERVEI DE MENJADOR<\/strong><\/p>\n<p>Benvolgudes fam\u00edlies,<\/p>\n<p>Us informem que aquest curs escolar 2019\/2020, s\u2019iniciar\u00e0 el servei de menjador, essent Dacor Educaci\u00f3 i Esport l\u2019empresa responsable del servei de monitors\/es i de la gesti\u00f3 directa del menjador i Scolarest l\u2019empresa de cuina.<\/p>\n<ul>\n<li>L\u2019horari del servei de menjador, en horari normal del centre, ser\u00e0 de les 12:30h a les 15:00h. En horari intensiu del centre ser\u00e0 de les 13:00h a les 15:30h<\/li>\n<li>El preu del servei de menjador <strong>FIX <\/strong><strong>\u00e9s 6,20 \u20ac\/dia. <\/strong>Es considera FIX aquell nen\/a que es quedi sempre el mateix dia de la setmana com a m\u00ednim <strong>1 <\/strong>dia per setmana.<\/li>\n<li>El cobrament dels usuaris <strong>FIXOS <\/strong>es far\u00e0 a <u>mes ven\u00e7ut a <em>principis de cada mes <\/em><\/u><em><u>de l\u20191 al 10<\/u><\/em> per<strong> domiciliaci\u00f3 banc\u00e0ria<\/strong>. En cas de retorn del rebut s\u2019aplicar\u00e0 el rec\u00e0rrec de <strong>5,00\u20ac <\/strong>en concepte de despeses banc\u00e0ries i caldr\u00e0 fer-lo efectiu abans d\u2019iniciar el seg\u00fcent mes a la coordinadora del menjador.<\/li>\n<li>Es fan men\u00fas espec\u00edfics per dietes, al\u00b7l\u00e8rgies i intoler\u00e0ncies.<\/li>\n<\/ul>\n<ul>\n<li>El preu del servei de menjador <strong>EVENTUAL <\/strong><strong>\u00e9s<\/strong> <strong>6,80 \u20ac\/dia.<\/strong><\/li>\n<\/ul>\n<ul>\n<li>Els\/les nens\/es fixos que per qualsevol motiu no puguin assistir al menjador, hauran d\u2019avisar a la Coordinadora del menjador de l\u2019escola abans de les 10.00h del mat\u00ed del mateix dia, al mobil abaix indicat (whatsapp) o per mail. Se\u2019ls retornar\u00e0 la totalitat de l\u2018import del men\u00fa i monitoratge: <strong>20\u20ac<\/strong>. <strong>En cas de no avisar, no se\u2019ls far\u00e0 la devoluci\u00f3 d\u2019aquest import. <\/strong>En cas d\u2019inclem\u00e8ncies meteorol\u00f2giques importants (fortes ventades, nevades i altres) o de vaga es retornar\u00e0 3,10\u20ac (en aquest cas no cal avisar de l\u2019abs\u00e8ncia).<\/li>\n<\/ul>\n<p><strong>\u00a0<\/strong><\/p>\n<ul>\n<li>S\u2019ofereix servei de p\u00edcnic quan hi ha una sortida fora del centre (no per col\u00f2nies) i per demanar-lo o renunciar-hi cal emplenar el full que s\u2019entrega a l\u2019inici de curs. El preu del men\u00fa de p\u00edcnic \u00e9s de 4,95\u20ac. El retorn de la difer\u00e8ncia del cost de p\u00edcnic amb el men\u00fa normal \u00e9s far\u00e0 el mes de juliol.<\/li>\n<\/ul>\n<p><strong>\u00a0<\/strong><\/p>\n<ul>\n<li>Els canvis de la rutina d\u2019assist\u00e8ncia, aix\u00ed com els canvis de domiciliaci\u00f3 banc\u00e0ria i les baixes s\u2019hauran de comunicar a la coordinadora del menjador <strong>abans del dia 1 de cada mes <\/strong>per tal de poder actualitzar la informaci\u00f3 abans de passar els rebuts del mes. En cas de no fer-ho abans d\u2019aquesta data les regulacions es faran el mes seg\u00fcent.<\/li>\n<li>Horari de gesti\u00f3 i canals de comunicaci\u00f3 (abs\u00e8ncies, dietes, altes&#8230;) de menjador:<\/li>\n<\/ul>\n<p><strong>Els dimarts i dijous a la biblioteca del centre de 9.05h a 9.30h <\/strong><\/p>\n<p><strong>\u00a0\u00a0\u00a0\u00a0\u00a0 Coordinadora de menjador: Montse Roig<\/strong><\/p>\n<p><strong>\u00a0\u00a0\u00a0\u00a0\u00a0\u00a0 M\u00f2bil de contacte: <\/strong><strong>657 395 692<\/strong> <strong>i whatsapp <\/strong><\/p>\n<p><strong>\u00a0\u00a0\u00a0\u00a0\u00a0\u00a0\u00a0 Correu electr\u00f2nic: <\/strong><a href=\"mailto:menjadorsantamariacervello@gmail.com\"><strong>menjadorsantamariacervello@gmail.com<\/strong><\/a><\/p>\n<p><strong> https:\/\/agora.xtec.cat\/escolasantamariacervello<\/strong><\/p>\n<p>Cordialment<\/p>\n<p>Dacor Educaci\u00f3 i Esport<\/p>\n<p>Cervell\u00f3,\u00a0 Juny 2019<\/p>\n<table border=\"1\" cellspacing=\"0\" cellpadding=\"0\" align=\"center\">\n<tbody>\n<tr>\n<td style=\"width: 110.5px;\"><strong>Descarregar<\/strong><\/td>\n<td style=\"width: 299.517px;\"><a href=\"https:\/\/drive.google.com\/open?id=14bfJFdNebzGQog5LcgP-YzyA85IlrYfm\" target=\"_blank\" rel=\"noopener noreferrer\">Inscripci\u00f3 menjador<\/a><\/td>\n<\/tr>\n<tr>\n<td style=\"width: 110.5px;\"><strong>\u00a0Descarregar<\/strong><\/td>\n<td style=\"width: 299.517px;\"><a href=\"https:\/\/drive.google.com\/open?id=1WKZQKpWK00rIi2_5UAf2OQqbK8Ce3Z1-\" target=\"_self\" rel=\"noopener noreferrer\">Full de picnic<\/a><\/td>\n<\/tr>\n<tr>\n<td style=\"width: 110.5px;\"><strong>Descarregar<\/strong><\/td>\n<td style=\"width: 299.517px;\"><a href=\"https:\/\/drive.google.com\/open?id=1od6Wl0K7QxybmR0Y3iGOQXoM4M27LWpI\" target=\"_blank\" rel=\"noopener noreferrer\">Fitxa de salut 2019 2020<\/a><\/td>\n<\/tr>\n<tr>\n<td style=\"width: 110.5px;\"><strong>Descarregar<\/strong><\/td>\n<td style=\"width: 299.517px;\"><a href=\"https:\/\/drive.google.com\/open?id=1Qqxw67b2-v1-M9g0_QHZLjigG3vUdry8\" target=\"_blank\" rel=\"noopener noreferrer\">Autoritzaci\u00f3 drets d&#8217;imatge CURS 2017 2018<\/a><\/td>\n<\/tr>\n<\/tbody>\n<\/table>\n","protected":false},"excerpt":{"rendered":"<p>CURS 2019 &#8211; 2020 INFORMACI\u00d3 DEL SERVEI DE MENJADOR Benvolgudes fam\u00edlies, Us informem que aquest curs escolar 2019\/2020, s\u2019iniciar\u00e0 el servei de menjador, essent Dacor Educaci\u00f3 i Esport l\u2019empresa responsable del servei de monitors\/es i de la gesti\u00f3 directa del menjador i Scolarest l\u2019empresa de cuina. L\u2019horari del servei de menjador, en horari normal del [&hellip;]<\/p>\n","protected":false},"author":64,"featured_media":0,"parent":926,"menu_order":0,"comment_status":"closed","ping_status":"closed","template":"","meta":{"_bbp_topic_count":0,"_bbp_reply_count":0,"_bbp_total_topic_count":0,"_bbp_total_reply_count":0,"_bbp_voice_count":0,"_bbp_anonymous_reply_count":0,"_bbp_topic_count_hidden":0,"_bbp_reply_count_hidden":0,"_bbp_forum_subforum_count":0,"site-sidebar-layout":"default","site-content-layout":"","ast-site-content-layout":"default","site-content-style":"default","site-sidebar-style":"default","ast-global-header-display":"","ast-banner-title-visibility":"","ast-main-header-display":"","ast-hfb-above-header-display":"","ast-hfb-below-header-display":"","ast-hfb-mobile-header-display":"","site-post-title":"","ast-breadcrumbs-content":"","ast-featured-img":"","footer-sml-layout":"","theme-transparent-header-meta":"","adv-header-id-meta":"","stick-header-meta":"","header-above-stick-meta":"","header-main-stick-meta":"","header-below-stick-meta":"","astra-migrate-meta-layouts":"set","ast-page-background-enabled":"default","ast-page-background-meta":{"desktop":{"background-color":"var(--ast-global-color-4)","background-image":"","background-repeat":"repeat","background-position":"center center","background-size":"auto","background-attachment":"scroll","background-type":"","background-media":"","overlay-type":"","overlay-color":"","overlay-opacity":"","overlay-gradient":""},"tablet":{"background-color":"","background-image":"","background-repeat":"repeat","background-position":"center center","background-size":"auto","background-attachment":"scroll","background-type":"","background-media":"","overlay-type":"","overlay-color":"","overlay-opacity":"","overlay-gradient":""},"mobile":{"background-color":"","background-image":"","background-repeat":"repeat","background-position":"center center","background-size":"auto","background-attachment":"scroll","background-type":"","background-media":"","overlay-type":"","overlay-color":"","overlay-opacity":"","overlay-gradient":""}},"ast-content-background-meta":{"desktop":{"background-color":"var(--ast-global-color-5)","background-image":"","background-repeat":"repeat","background-position":"center center","background-size":"auto","background-attachment":"scroll","background-type":"","background-media":"","overlay-type":"","overlay-color":"","overlay-opacity":"","overlay-gradient":""},"tablet":{"background-color":"var(--ast-global-color-5)","background-image":"","background-repeat":"repeat","background-position":"center center","background-size":"auto","background-attachment":"scroll","background-type":"","background-media":"","overlay-type":"","overlay-color":"","overlay-opacity":"","overlay-gradient":""},"mobile":{"background-color":"var(--ast-global-color-5)","background-image":"","background-repeat":"repeat","background-position":"center center","background-size":"auto","background-attachment":"scroll","background-type":"","background-media":"","overlay-type":"","overlay-color":"","overlay-opacity":"","overlay-gradient":""}},"footnotes":""},"class_list":["post-932","page","type-page","status-publish","hentry"],"post_mailing_queue_ids":[],"_links":{"self":[{"href":"https:\/\/agora.xtec.cat\/escolasantamariacervello\/wp-json\/wp\/v2\/pages\/932","targetHints":{"allow":["GET"]}}],"collection":[{"href":"https:\/\/agora.xtec.cat\/escolasantamariacervello\/wp-json\/wp\/v2\/pages"}],"about":[{"href":"https:\/\/agora.xtec.cat\/escolasantamariacervello\/wp-json\/wp\/v2\/types\/page"}],"author":[{"embeddable":true,"href":"https:\/\/agora.xtec.cat\/escolasantamariacervello\/wp-json\/wp\/v2\/users\/64"}],"replies":[{"embeddable":true,"href":"https:\/\/agora.xtec.cat\/escolasantamariacervello\/wp-json\/wp\/v2\/comments?post=932"}],"version-history":[{"count":3,"href":"https:\/\/agora.xtec.cat\/escolasantamariacervello\/wp-json\/wp\/v2\/pages\/932\/revisions"}],"predecessor-version":[{"id":2878,"href":"https:\/\/agora.xtec.cat\/escolasantamariacervello\/wp-json\/wp\/v2\/pages\/932\/revisions\/2878"}],"up":[{"embeddable":true,"href":"https:\/\/agora.xtec.cat\/escolasantamariacervello\/wp-json\/wp\/v2\/pages\/926"}],"wp:attachment":[{"href":"https:\/\/agora.xtec.cat\/escolasantamariacervello\/wp-json\/wp\/v2\/media?parent=932"}],"curies":[{"name":"wp","href":"https:\/\/api.w.org\/{rel}","templated":true}]}}