{"id":84,"date":"2014-09-18T14:11:31","date_gmt":"2014-09-18T13:11:31","guid":{"rendered":"http:\/\/agora.xtec.cat\/escolasantamariacervello\/?page_id=84"},"modified":"2026-01-25T18:50:52","modified_gmt":"2026-01-25T17:50:52","slug":"activitats-extraescolars","status":"publish","type":"page","link":"https:\/\/agora.xtec.cat\/escolasantamariacervello\/afa\/activitats-extraescolars\/","title":{"rendered":"Activitats extraescolars"},"content":{"rendered":"<p>Gr\u00e0cies a la tasca que desenvolupen els membres de l\u2019AFA els nostres fills poden realitzar les activitats extraescolars. Per aquest motiu \u00e9s <strong>obligatori ser membre de l&#8217;AFA<\/strong> per poder fer la inscripci\u00f3 a qualsevol activitat. <strong>Si encara no ets soci, clica <a href=\"https:\/\/agora.xtec.cat\/escolasantamariacervello\/participa-hi\/\" target=\"_self\" rel=\"noopener noreferrer\">aqui<\/a><\/strong>.<\/p>\n<p>Cal seguir les seg\u00fcents normes per a un correcte funcionament de les activitats:<\/p>\n<ul>\n<li><span style=\"text-decoration: underline;\"><strong>Activitats <\/strong>que comencen a les <strong>16:30h<\/strong>:<\/span> els monitors s&#8217;encarregaran de recollir els infants als llocs seg\u00fcents:\n<ul style=\"list-style-type: square;\">\n<li>Educaci\u00f3 Infantil i Cicle Inicial: el monitor recollir\u00e0 els nens i les nenes\u00a0i els portar\u00e0 a cada activitat.<\/li>\n<li>Cicle Mitj\u00e0 i Cicle Superior: cada nen\/a es despla\u00e7ar\u00e0 a l&#8217;indret on es realitza l&#8217;activitat.<\/li>\n<\/ul>\n<\/li>\n<li><span style=\"text-decoration: underline;\"><strong>Activitats <\/strong>que es realitzen a l&#8217;escola a partir de les <strong>17:30h<\/strong>:<\/span> els nens i les nenes que hi participen <strong>no podran esperar-se a l&#8217;escola<\/strong> si no \u00e9s que realitzen alguna altra activitat o utilitzen el servei d&#8217;acollida de tarda; \u00e9s a dir, hauran de marxar a les 16:30h per tornar despr\u00e9s\u00a0o tamb\u00e9 podeu contractar el <a href=\"https:\/\/agora.xtec.cat\/escolasantamariacervello\/serveis\/acollida\/\" target=\"_self\" rel=\"noopener noreferrer\">servei d&#8217;acollida<\/a>.<\/li>\n<li><span style=\"text-decoration: underline;\">Activitats que es realitzen <strong>fora de l&#8217;escola<\/strong>:<\/span> el trasllat dels infants ser\u00e0 responsabilitat dels pares i les mares.<\/li>\n<li>El dia d&#8217;inici de les activitats els monitors arribaran una estona abans de comen\u00e7ar les classes per poder atendre les possibles consultes.<\/li>\n<\/ul>\n<h1 class=\"item-page-title\">\u00a0<a href=\"https:\/\/agora.xtec.cat\/escolasantamariacervello\/extraescolars-2025-2026\/\">Preinscripci\u00f3 Extraescolars 2025-2026<\/a><\/h1>\n","protected":false},"excerpt":{"rendered":"<p>Gr\u00e0cies a la tasca que desenvolupen els membres de l\u2019AFA els nostres fills poden realitzar les activitats extraescolars. Per aquest motiu \u00e9s obligatori ser membre de l&#8217;AFA per poder fer la inscripci\u00f3 a qualsevol activitat. Si encara no ets soci, clica aqui. Cal seguir les seg\u00fcents normes per a un correcte funcionament de les activitats: [&hellip;]<\/p>\n","protected":false},"author":1,"featured_media":0,"parent":2805,"menu_order":3,"comment_status":"closed","ping_status":"closed","template":"","meta":{"_bbp_topic_count":0,"_bbp_reply_count":0,"_bbp_total_topic_count":0,"_bbp_total_reply_count":0,"_bbp_voice_count":0,"_bbp_anonymous_reply_count":0,"_bbp_topic_count_hidden":0,"_bbp_reply_count_hidden":0,"_bbp_forum_subforum_count":0,"site-sidebar-layout":"default","site-content-layout":"","ast-site-content-layout":"default","site-content-style":"default","site-sidebar-style":"default","ast-global-header-display":"","ast-banner-title-visibility":"","ast-main-header-display":"","ast-hfb-above-header-display":"","ast-hfb-below-header-display":"","ast-hfb-mobile-header-display":"","site-post-title":"","ast-breadcrumbs-content":"","ast-featured-img":"","footer-sml-layout":"","theme-transparent-header-meta":"","adv-header-id-meta":"","stick-header-meta":"","header-above-stick-meta":"","header-main-stick-meta":"","header-below-stick-meta":"","astra-migrate-meta-layouts":"set","ast-page-background-enabled":"default","ast-page-background-meta":{"desktop":{"background-color":"var(--ast-global-color-4)","background-image":"","background-repeat":"repeat","background-position":"center center","background-size":"auto","background-attachment":"scroll","background-type":"","background-media":"","overlay-type":"","overlay-color":"","overlay-opacity":"","overlay-gradient":""},"tablet":{"background-color":"","background-image":"","background-repeat":"repeat","background-position":"center center","background-size":"auto","background-attachment":"scroll","background-type":"","background-media":"","overlay-type":"","overlay-color":"","overlay-opacity":"","overlay-gradient":""},"mobile":{"background-color":"","background-image":"","background-repeat":"repeat","background-position":"center center","background-size":"auto","background-attachment":"scroll","background-type":"","background-media":"","overlay-type":"","overlay-color":"","overlay-opacity":"","overlay-gradient":""}},"ast-content-background-meta":{"desktop":{"background-color":"var(--ast-global-color-5)","background-image":"","background-repeat":"repeat","background-position":"center center","background-size":"auto","background-attachment":"scroll","background-type":"","background-media":"","overlay-type":"","overlay-color":"","overlay-opacity":"","overlay-gradient":""},"tablet":{"background-color":"var(--ast-global-color-5)","background-image":"","background-repeat":"repeat","background-position":"center center","background-size":"auto","background-attachment":"scroll","background-type":"","background-media":"","overlay-type":"","overlay-color":"","overlay-opacity":"","overlay-gradient":""},"mobile":{"background-color":"var(--ast-global-color-5)","background-image":"","background-repeat":"repeat","background-position":"center center","background-size":"auto","background-attachment":"scroll","background-type":"","background-media":"","overlay-type":"","overlay-color":"","overlay-opacity":"","overlay-gradient":""}},"footnotes":""},"class_list":["post-84","page","type-page","status-publish","hentry"],"post_mailing_queue_ids":[],"_links":{"self":[{"href":"https:\/\/agora.xtec.cat\/escolasantamariacervello\/wp-json\/wp\/v2\/pages\/84","targetHints":{"allow":["GET"]}}],"collection":[{"href":"https:\/\/agora.xtec.cat\/escolasantamariacervello\/wp-json\/wp\/v2\/pages"}],"about":[{"href":"https:\/\/agora.xtec.cat\/escolasantamariacervello\/wp-json\/wp\/v2\/types\/page"}],"author":[{"embeddable":true,"href":"https:\/\/agora.xtec.cat\/escolasantamariacervello\/wp-json\/wp\/v2\/users\/1"}],"replies":[{"embeddable":true,"href":"https:\/\/agora.xtec.cat\/escolasantamariacervello\/wp-json\/wp\/v2\/comments?post=84"}],"version-history":[{"count":6,"href":"https:\/\/agora.xtec.cat\/escolasantamariacervello\/wp-json\/wp\/v2\/pages\/84\/revisions"}],"predecessor-version":[{"id":2870,"href":"https:\/\/agora.xtec.cat\/escolasantamariacervello\/wp-json\/wp\/v2\/pages\/84\/revisions\/2870"}],"up":[{"embeddable":true,"href":"https:\/\/agora.xtec.cat\/escolasantamariacervello\/wp-json\/wp\/v2\/pages\/2805"}],"wp:attachment":[{"href":"https:\/\/agora.xtec.cat\/escolasantamariacervello\/wp-json\/wp\/v2\/media?parent=84"}],"curies":[{"name":"wp","href":"https:\/\/api.w.org\/{rel}","templated":true}]}}