{"id":798,"date":"2019-05-21T13:41:33","date_gmt":"2019-05-21T11:41:33","guid":{"rendered":"http:\/\/agora.xtec.cat\/escolasantamariacervello\/?page_id=798"},"modified":"2026-01-31T11:30:46","modified_gmt":"2026-01-31T10:30:46","slug":"mestres","status":"publish","type":"page","link":"https:\/\/agora.xtec.cat\/escolasantamariacervello\/lescola\/equip-educatiu\/mestres\/","title":{"rendered":"Mestres"},"content":{"rendered":"\n<h3 class=\"wp-block-heading has-text-align-center\">Infantil<\/h3>\n\n\n\n<figure class=\"wp-block-table is-style-regular has-medium-font-size\"><table class=\"has-white-background-color has-background\" style=\"border-width:1px\"><tbody><tr><td><strong>I3 A<\/strong><\/td><td>Huerti S\u00e1nchez<\/td><\/tr><tr><td><strong>I3 B<\/strong><\/td><td>Marta Dom\u00ednguez<\/td><\/tr><tr><td><strong>I4 A<\/strong><\/td><td>Mireia Olivella<\/td><\/tr><tr><td><strong>I4 B<\/strong><\/td><td>Sara Gil<\/td><\/tr><tr><td><strong>I5 A<\/strong><\/td><td>Saray Seoane<\/td><\/tr><tr><td><strong>I5 B<\/strong><\/td><td>Carla Villanueva<\/td><\/tr><tr><td><strong>Refor\u00e7 Infantil<\/strong><\/td><td>Gladis V\u00e1zquez<\/td><\/tr><tr><td><strong>Psicomotricitat<\/strong><strong> \u00a0 \u00a0<\/strong><\/td><td>Gladis V\u00e1zquez<\/td><\/tr><tr><td><strong>Angl\u00e8s (I4-I5)<\/strong><\/td><td>Andrea Amat<\/td><\/tr><tr><td><strong>M\u00fasica<\/strong><\/td><td>Nat\u00e0lia Aguil\u00f3<\/td><\/tr><tr><td><strong>Educaci\u00f3 Especial<\/strong><\/td><td>Anna Vargas<\/td><\/tr><\/tbody><\/table><\/figure>\n\n\n\n<h3 class=\"wp-block-heading has-text-align-center\">Prim\u00e0ria<\/h3>\n\n\n\n<h4 class=\"wp-block-heading\">Cicle inicial<\/h4>\n\n\n\n<figure class=\"wp-block-table\"><table class=\"has-fixed-layout\"><tbody><tr><td>1r A<\/td><td>Meritxell Jaumot<\/td><\/tr><tr><td>1r B<\/td><td>Anna Moreno<\/td><\/tr><tr><td>2n A<\/td><td>J\u00falia Hidalgo<\/td><\/tr><tr><td>2n B<\/td><td>Anna Vidal<\/td><\/tr><tr><td>Refor\u00e7 CI<\/td><td>Anna Rodr\u00edguez<\/td><\/tr><tr><td>Educaci\u00f3 F\u00edsica<\/td><td>Laura Esteruelas<\/td><\/tr><tr><td>Angl\u00e8s<\/td><td>Rut Casta\u00f1\u00e9<\/td><\/tr><tr><td>M\u00fasica<\/td><td>Nat\u00e0lia Aguil\u00f3<\/td><\/tr><tr><td>Educaci\u00f3 Especial<\/td><td>Sesca  Sanjos\u00e9<\/td><\/tr><\/tbody><\/table><\/figure>\n\n\n\n<h4 class=\"wp-block-heading\">Cicle mitj\u00e0<\/h4>\n\n\n\n<figure class=\"wp-block-table\"><table class=\"has-fixed-layout\"><tbody><tr><td>3r A<\/td><td>Nina Roses<\/td><\/tr><tr><td>3r B<\/td><td>Marta Boquera<\/td><\/tr><tr><td>4t A<\/td><td>Daniel Calvo<\/td><\/tr><tr><td>4t B<\/td><td>B\u00e0rbara Angulo<\/td><\/tr><tr><td>Refor\u00e7 CM<\/td><td>Anna Rodr\u00edguez<\/td><\/tr><tr><td>Educaci\u00f3 F\u00edsica<\/td><td>Laura Esteruelas<\/td><\/tr><tr><td>Angl\u00e8s<\/td><td>Rut Casta\u00f1\u00e9 i Marta Casta\u00f1\u00e9<\/td><\/tr><tr><td>M\u00fasica<\/td><td>Nat\u00e0lia Aguil\u00f3<\/td><\/tr><tr><td>Educaci\u00f3 Especial<\/td><td>Noelia Gim\u00e9nez<\/td><\/tr><\/tbody><\/table><\/figure>\n\n\n\n<h4 class=\"wp-block-heading\">Cicle superior<\/h4>\n\n\n\n<figure class=\"wp-block-table\"><table class=\"has-fixed-layout\"><tbody><tr><td>5\u00e8 A<\/td><td>Marta Sanz<\/td><\/tr><tr><td>5\u00e8 B<\/td><td>Sara Carrasco<\/td><\/tr><tr><td>6\u00e8 A<\/td><td>Abel Pantoja<\/td><\/tr><tr><td>6\u00e8 B<\/td><td>B\u00e0rbara Fuentes<\/td><\/tr><tr><td>Refor\u00e7 CS<\/td><td>Anna Rodr\u00edquez<\/td><\/tr><tr><td>Educaci\u00f3 F\u00edsica<\/td><td>Laura Esteruelas<\/td><\/tr><tr><td>Angl\u00e8s<\/td><td>Marta Casta\u00f1\u00e9<\/td><\/tr><tr><td>M\u00fasica<\/td><td>Nat\u00e0lia Aguil\u00f3<\/td><\/tr><tr><td>Educaci\u00f3 Especial<\/td><td>Noelia Gim\u00e9nez<\/td><\/tr><\/tbody><\/table><\/figure>\n\n\n\n<p><\/p>\n","protected":false},"excerpt":{"rendered":"<p>Infantil I3 A Huerti S\u00e1nchez I3 B Marta Dom\u00ednguez I4 A Mireia Olivella I4 B Sara Gil I5 A Saray Seoane I5 B Carla Villanueva Refor\u00e7 Infantil Gladis V\u00e1zquez Psicomotricitat \u00a0 \u00a0 Gladis V\u00e1zquez Angl\u00e8s (I4-I5) Andrea Amat M\u00fasica Nat\u00e0lia Aguil\u00f3 Educaci\u00f3 Especial Anna Vargas Prim\u00e0ria Cicle inicial 1r A Meritxell Jaumot 1r B Anna [&hellip;]<\/p>\n","protected":false},"author":1,"featured_media":0,"parent":2121,"menu_order":2,"comment_status":"closed","ping_status":"closed","template":"","meta":{"_bbp_topic_count":0,"_bbp_reply_count":0,"_bbp_total_topic_count":0,"_bbp_total_reply_count":0,"_bbp_voice_count":0,"_bbp_anonymous_reply_count":0,"_bbp_topic_count_hidden":0,"_bbp_reply_count_hidden":0,"_bbp_forum_subforum_count":0,"site-sidebar-layout":"default","site-content-layout":"","ast-site-content-layout":"default","site-content-style":"default","site-sidebar-style":"default","ast-global-header-display":"","ast-banner-title-visibility":"","ast-main-header-display":"","ast-hfb-above-header-display":"","ast-hfb-below-header-display":"","ast-hfb-mobile-header-display":"","site-post-title":"","ast-breadcrumbs-content":"","ast-featured-img":"","footer-sml-layout":"","theme-transparent-header-meta":"","adv-header-id-meta":"","stick-header-meta":"","header-above-stick-meta":"","header-main-stick-meta":"","header-below-stick-meta":"","astra-migrate-meta-layouts":"set","ast-page-background-enabled":"default","ast-page-background-meta":{"desktop":{"background-color":"var(--ast-global-color-4)","background-image":"","background-repeat":"repeat","background-position":"center center","background-size":"auto","background-attachment":"scroll","background-type":"","background-media":"","overlay-type":"","overlay-color":"","overlay-opacity":"","overlay-gradient":""},"tablet":{"background-color":"","background-image":"","background-repeat":"repeat","background-position":"center center","background-size":"auto","background-attachment":"scroll","background-type":"","background-media":"","overlay-type":"","overlay-color":"","overlay-opacity":"","overlay-gradient":""},"mobile":{"background-color":"","background-image":"","background-repeat":"repeat","background-position":"center center","background-size":"auto","background-attachment":"scroll","background-type":"","background-media":"","overlay-type":"","overlay-color":"","overlay-opacity":"","overlay-gradient":""}},"ast-content-background-meta":{"desktop":{"background-color":"var(--ast-global-color-5)","background-image":"","background-repeat":"repeat","background-position":"center center","background-size":"auto","background-attachment":"scroll","background-type":"","background-media":"","overlay-type":"","overlay-color":"","overlay-opacity":"","overlay-gradient":""},"tablet":{"background-color":"var(--ast-global-color-5)","background-image":"","background-repeat":"repeat","background-position":"center center","background-size":"auto","background-attachment":"scroll","background-type":"","background-media":"","overlay-type":"","overlay-color":"","overlay-opacity":"","overlay-gradient":""},"mobile":{"background-color":"var(--ast-global-color-5)","background-image":"","background-repeat":"repeat","background-position":"center center","background-size":"auto","background-attachment":"scroll","background-type":"","background-media":"","overlay-type":"","overlay-color":"","overlay-opacity":"","overlay-gradient":""}},"footnotes":""},"class_list":["post-798","page","type-page","status-publish","hentry"],"post_mailing_queue_ids":[],"_links":{"self":[{"href":"https:\/\/agora.xtec.cat\/escolasantamariacervello\/wp-json\/wp\/v2\/pages\/798","targetHints":{"allow":["GET"]}}],"collection":[{"href":"https:\/\/agora.xtec.cat\/escolasantamariacervello\/wp-json\/wp\/v2\/pages"}],"about":[{"href":"https:\/\/agora.xtec.cat\/escolasantamariacervello\/wp-json\/wp\/v2\/types\/page"}],"author":[{"embeddable":true,"href":"https:\/\/agora.xtec.cat\/escolasantamariacervello\/wp-json\/wp\/v2\/users\/1"}],"replies":[{"embeddable":true,"href":"https:\/\/agora.xtec.cat\/escolasantamariacervello\/wp-json\/wp\/v2\/comments?post=798"}],"version-history":[{"count":5,"href":"https:\/\/agora.xtec.cat\/escolasantamariacervello\/wp-json\/wp\/v2\/pages\/798\/revisions"}],"predecessor-version":[{"id":3099,"href":"https:\/\/agora.xtec.cat\/escolasantamariacervello\/wp-json\/wp\/v2\/pages\/798\/revisions\/3099"}],"up":[{"embeddable":true,"href":"https:\/\/agora.xtec.cat\/escolasantamariacervello\/wp-json\/wp\/v2\/pages\/2121"}],"wp:attachment":[{"href":"https:\/\/agora.xtec.cat\/escolasantamariacervello\/wp-json\/wp\/v2\/media?parent=798"}],"curies":[{"name":"wp","href":"https:\/\/api.w.org\/{rel}","templated":true}]}}

<h3 class="wp-block-heading has-text-align-center">Infantil</h3>



<figure class="wp-block-table is-style-regular has-medium-font-size"><table class="has-white-background-color has-background" style="border-width:1px"><tbody><tr><td><strong>I3 A</strong></td><td>Huerti Sánchez</td></tr><tr><td><strong>I3 B</strong></td><td>Marta Domínguez</td></tr><tr><td><strong>I4 A</strong></td><td>Mireia Olivella</td></tr><tr><td><strong>I4 B</strong></td><td>Sara Gil</td></tr><tr><td><strong>I5 A</strong></td><td>Saray Seoane</td></tr><tr><td><strong>I5 B</strong></td><td>Carla Villanueva</td></tr><tr><td><strong>Reforç Infantil</strong></td><td>Gladis Vázquez</td></tr><tr><td><strong>Psicomotricitat</strong><strong>    </strong></td><td>Gladis Vázquez</td></tr><tr><td><strong>Anglès (I4-I5)</strong></td><td>Andrea Amat</td></tr><tr><td><strong>Música</strong></td><td>Natàlia Aguiló</td></tr><tr><td><strong>Educació Especial</strong></td><td>Anna Vargas</td></tr></tbody></table></figure>



<h3 class="wp-block-heading has-text-align-center">Primària</h3>



<h4 class="wp-block-heading">Cicle inicial</h4>



<figure class="wp-block-table"><table class="has-fixed-layout"><tbody><tr><td>1r A</td><td>Meritxell Jaumot</td></tr><tr><td>1r B</td><td>Anna Moreno</td></tr><tr><td>2n A</td><td>Júlia Hidalgo</td></tr><tr><td>2n B</td><td>Anna Vidal</td></tr><tr><td>Reforç CI</td><td>Anna Rodríguez</td></tr><tr><td>Educació Física</td><td>Laura Esteruelas</td></tr><tr><td>Anglès</td><td>Rut Castañé</td></tr><tr><td>Música</td><td>Natàlia Aguiló</td></tr><tr><td>Educació Especial</td><td>Sesca  Sanjosé</td></tr></tbody></table></figure>



<h4 class="wp-block-heading">Cicle mitjà</h4>



<figure class="wp-block-table"><table class="has-fixed-layout"><tbody><tr><td>3r A</td><td>Nina Roses</td></tr><tr><td>3r B</td><td>Marta Boquera</td></tr><tr><td>4t A</td><td>Daniel Calvo</td></tr><tr><td>4t B</td><td>Bàrbara Angulo</td></tr><tr><td>Reforç CM</td><td>Anna Rodríguez</td></tr><tr><td>Educació Física</td><td>Laura Esteruelas</td></tr><tr><td>Anglès</td><td>Rut Castañé i Marta Castañé</td></tr><tr><td>Música</td><td>Natàlia Aguiló</td></tr><tr><td>Educació Especial</td><td>Noelia Giménez</td></tr></tbody></table></figure>



<h4 class="wp-block-heading">Cicle superior</h4>



<figure class="wp-block-table"><table class="has-fixed-layout"><tbody><tr><td>5è A</td><td>Marta Sanz</td></tr><tr><td>5è B</td><td>Sara Carrasco</td></tr><tr><td>6è A</td><td>Abel Pantoja</td></tr><tr><td>6è B</td><td>Bàrbara Fuentes</td></tr><tr><td>Reforç CS</td><td>Anna Rodríquez</td></tr><tr><td>Educació Física</td><td>Laura Esteruelas</td></tr><tr><td>Anglès</td><td>Marta Castañé</td></tr><tr><td>Música</td><td>Natàlia Aguiló</td></tr><tr><td>Educació Especial</td><td>Noelia Giménez</td></tr></tbody></table></figure>



<p></p>

<p>Infantil I3 A Huerti Sánchez I3 B Marta Domínguez I4 A Mireia Olivella I4 B Sara Gil I5 A Saray Seoane I5 B Carla Villanueva Reforç Infantil Gladis Vázquez Psicomotricitat     Gladis Vázquez Anglès (I4-I5) Andrea Amat Música Natàlia Aguiló Educació Especial Anna Vargas Primària Cicle inicial 1r A Meritxell Jaumot 1r B Anna [&hellip;]</p>
