{"id":3538,"date":"2026-02-16T09:46:33","date_gmt":"2026-02-16T08:46:33","guid":{"rendered":"https:\/\/agora.xtec.cat\/escolasantamariacervello\/?page_id=3538"},"modified":"2026-02-16T10:48:01","modified_gmt":"2026-02-16T09:48:01","slug":"la-musica-a-lescola","status":"publish","type":"page","link":"https:\/\/agora.xtec.cat\/escolasantamariacervello\/projecte-educatiu\/que-aprenem\/educacio-artistica\/la-musica-a-lescola\/","title":{"rendered":"La m\u00fasica a l&#8217;escola"},"content":{"rendered":"\n<p>A la nostra escola, la m\u00fasica \u00e9s un <strong>llenguatge d\u2019expressi\u00f3, relaci\u00f3 i creaci\u00f3<\/strong> que acompanya els infants des d\u2019educaci\u00f3 infantil fins a final de prim\u00e0ria. \u00c9s una eina per sentir, escoltar i compartir, i un espai on el proc\u00e9s \u00e9s tan important com el resultat.<\/p>\n\n\n\n<p>La m\u00fasica es viu de manera <strong>activa, vivencial i inclusiva<\/strong>, amb l\u2019alumnat com a protagonista i el grup com a element central de l\u2019aprenentatge.<\/p>\n\n\n\n<p>A educaci\u00f3 infantil, la m\u00fasica es treballa de forma totalment <strong>vivencial<\/strong>. A trav\u00e9s del joc, el moviment, la veu i l\u2019escolta, els infants exploren el so, el ritme i el silenci d\u2019una manera natural i significativa.<\/p>\n\n\n\n<p>Aquest primer contacte afavoreix l\u2019expressi\u00f3 emocional, l\u2019atenci\u00f3 i el plaer de fer m\u00fasica plegats.<\/p>\n\n\n\n<p>A partir de 1r de prim\u00e0ria, la m\u00fasica incorpora progressivament el <strong>treball instrumental i cooperatiu. <\/strong>Al llarg de tota l\u2019etapa, l\u2019alumnat apr\u00e8n a tocar l\u2019<strong>ukelele<\/strong> i a utilitzar els <strong>instruments Orff<\/strong> com a mitj\u00e0 per interpretar, crear i gaudir de la m\u00fasica en grup.<\/p>\n\n\n\n<p>La pr\u00e0ctica musical fomenta l\u2019autonomia, la const\u00e0ncia, l\u2019escolta activa i el respecte pel conjunt, tot refor\u00e7ant el sentiment de pertinen\u00e7a al grup.<\/p>\n\n\n\n<h3 class=\"wp-block-heading\"><strong>Projectes compartits<\/strong><\/h3>\n\n\n\n<p>La m\u00fasica pren una dimensi\u00f3 col\u00b7lectiva a trav\u00e9s de projectes que connecten l\u2019aula amb experi\u00e8ncies art\u00edstiques m\u00e9s \u00e0mplies i significatives.<\/p>\n\n\n\n<div class=\"wp-block-getwid-media-text-slider carousel-link wp-block-getwid-media-text-slider--current-slide-1 has-arrows-outside has-dots-outside\" data-labels=\"[&quot;CLIKA&quot;,&quot;PercUT&quot;,&quot;Cant\u00e0nia&quot;]\" data-animation=\"fadeIn\" data-duration=\"1500ms\" data-delay=\"0ms\"><div class=\"wp-block-getwid-media-text-slider__slides-wrapper\"><div class=\"wp-block-getwid-media-text-slider__content\" data-slide-autoplay=\"true\" data-slide-pause-on-hover=\"true\" data-slide-autoplay-speed=\"5000\" data-slide-speed=\"1000\" data-infinite=\"true\">\n<div style=\"min-height:400px\" class=\"wp-block-getwid-media-text-slider-slide wp-block-getwid-media-text-slider-slide__content-wrapper slide-1\"><div style=\"min-height:400px\" class=\"wp-block-getwid-media-text-slider-slide__content\">\n<div class=\"wp-block-getwid-media-text-slider-slide-content\"><figure class=\"wp-block-getwid-media-text-slider-slide-content__media\"><img loading=\"lazy\" decoding=\"async\" width=\"3840\" height=\"1800\" src=\"https:\/\/agora.xtec.cat\/escolasantamariacervello\/wp-content\/uploads\/usu1763\/2026\/02\/inici.png\" alt=\"\" class=\"wp-block-getwid-media-text-slider-slide-content__image wp-image-3547\" srcset=\"https:\/\/agora.xtec.cat\/escolasantamariacervello\/wp-content\/uploads\/usu1763\/2026\/02\/inici.png 3840w, https:\/\/agora.xtec.cat\/escolasantamariacervello\/wp-content\/uploads\/usu1763\/2026\/02\/inici-300x141.png 300w, https:\/\/agora.xtec.cat\/escolasantamariacervello\/wp-content\/uploads\/usu1763\/2026\/02\/inici-1024x480.png 1024w, https:\/\/agora.xtec.cat\/escolasantamariacervello\/wp-content\/uploads\/usu1763\/2026\/02\/inici-768x360.png 768w, https:\/\/agora.xtec.cat\/escolasantamariacervello\/wp-content\/uploads\/usu1763\/2026\/02\/inici-1536x720.png 1536w, https:\/\/agora.xtec.cat\/escolasantamariacervello\/wp-content\/uploads\/usu1763\/2026\/02\/inici-2048x960.png 2048w\" sizes=\"auto, (max-width: 3840px) 100vw, 3840px\" \/><div class=\"wp-block-getwid-media-text-slider-slide-content__media-overlay\" style=\"opacity:0.3\"><\/div><\/figure><div class=\"wp-block-getwid-media-text-slider-slide-content__content\"><div class=\"wp-block-getwid-media-text-slider-slide-content__content-wrapper\">\n<h2 class=\"wp-block-heading\" id=\"https:\/\/www.google.com\/url?sa=t&amp;source=web&amp;rct=j&amp;opi=89978449&amp;url=https:\/\/laclika.cat\/&amp;ved=2ahUKEwi6tJnb3N2SAxUTWUEAHc52Kq4QFnoECBsQAQ&amp;usg=AOvVaw0rFK8dou7EztXJAiXKfsQV\"><a href=\"https:\/\/laclika.cat\/\" data-type=\"link\" data-id=\"https:\/\/laclika.cat\/\">CLIKA<\/a><\/h2>\n\n\n\n<p>A partir de 1r de prim\u00e0ria, la m\u00fasica incorpora progressivament el <strong>treball instrumental i cooperatiu. <\/strong>Al llarg de tota l\u2019etapa, l\u2019alumnat apr\u00e8n a tocar l\u2019<strong>ukelele<\/strong> i a utilitzar els <strong>instruments Orff<\/strong> com a mitj\u00e0 per interpretar, crear i gaudir de la m\u00fasica en grup.<\/p>\n<\/div><\/div><\/div>\n<\/div><\/div>\n\n\n\n<div style=\"min-height:400px\" class=\"wp-block-getwid-media-text-slider-slide wp-block-getwid-media-text-slider-slide__content-wrapper slide-2\"><div style=\"min-height:400px\" class=\"wp-block-getwid-media-text-slider-slide__content\">\n<div class=\"wp-block-getwid-media-text-slider-slide-content carousel-link\"><figure class=\"wp-block-getwid-media-text-slider-slide-content__media\"><img loading=\"lazy\" decoding=\"async\" width=\"380\" height=\"300\" src=\"https:\/\/agora.xtec.cat\/escolasantamariacervello\/wp-content\/uploads\/usu1763\/2026\/02\/240612_PercUT-3-scaled-380x300-1.jpg\" alt=\"\" class=\"wp-block-getwid-media-text-slider-slide-content__image wp-image-3546\" srcset=\"https:\/\/agora.xtec.cat\/escolasantamariacervello\/wp-content\/uploads\/usu1763\/2026\/02\/240612_PercUT-3-scaled-380x300-1.jpg 380w, https:\/\/agora.xtec.cat\/escolasantamariacervello\/wp-content\/uploads\/usu1763\/2026\/02\/240612_PercUT-3-scaled-380x300-1-300x237.jpg 300w\" sizes=\"auto, (max-width: 380px) 100vw, 380px\" \/><div class=\"wp-block-getwid-media-text-slider-slide-content__media-overlay\" style=\"opacity:0.3\"><\/div><\/figure><div class=\"wp-block-getwid-media-text-slider-slide-content__content\"><div class=\"wp-block-getwid-media-text-slider-slide-content__content-wrapper\">\n<h2 class=\"wp-block-heading has-white-color has-text-color has-link-color wp-elements-7045d2374c8c4e192d21bcc9b74effe3\" id=\"https:\/\/www.utmusica.cat\/percut-el-cos-com-a-instrument\/\"><a href=\"https:\/\/www.utmusica.cat\/percut-el-cos-com-a-instrument\/\" data-type=\"link\" data-id=\"https:\/\/www.utmusica.cat\/percut-el-cos-com-a-instrument\/\">PercUT!<\/a><\/h2>\n\n\n\n<p class=\"has-white-color has-text-color has-link-color wp-elements-ee69bf8bfe1351ecf980749f62e1fd39\">A cicle mitj\u00e0, el projecte <strong>PercUt <\/strong>posa el focus en el ritme i la percussi\u00f3 corporal fomentant la coordinaci\u00f3, l\u2019escolta i el treball cooperatiu.<\/p>\n<\/div><\/div><\/div>\n<\/div><\/div>\n\n\n\n<div style=\"min-height:400px\" class=\"wp-block-getwid-media-text-slider-slide wp-block-getwid-media-text-slider-slide__content-wrapper slide-3\"><div style=\"min-height:400px\" class=\"wp-block-getwid-media-text-slider-slide__content\">\n<div class=\"wp-block-getwid-media-text-slider-slide-content\"><figure class=\"wp-block-getwid-media-text-slider-slide-content__media\"><img loading=\"lazy\" decoding=\"async\" width=\"2500\" height=\"1406\" src=\"https:\/\/agora.xtec.cat\/escolasantamariacervello\/wp-content\/uploads\/usu1763\/2026\/02\/25-05-06-CANTANIA-REAL-36.jpg\" alt=\"\" class=\"wp-block-getwid-media-text-slider-slide-content__image wp-image-3545\" srcset=\"https:\/\/agora.xtec.cat\/escolasantamariacervello\/wp-content\/uploads\/usu1763\/2026\/02\/25-05-06-CANTANIA-REAL-36.jpg 2500w, https:\/\/agora.xtec.cat\/escolasantamariacervello\/wp-content\/uploads\/usu1763\/2026\/02\/25-05-06-CANTANIA-REAL-36-300x169.jpg 300w, https:\/\/agora.xtec.cat\/escolasantamariacervello\/wp-content\/uploads\/usu1763\/2026\/02\/25-05-06-CANTANIA-REAL-36-1024x576.jpg 1024w, https:\/\/agora.xtec.cat\/escolasantamariacervello\/wp-content\/uploads\/usu1763\/2026\/02\/25-05-06-CANTANIA-REAL-36-768x432.jpg 768w, https:\/\/agora.xtec.cat\/escolasantamariacervello\/wp-content\/uploads\/usu1763\/2026\/02\/25-05-06-CANTANIA-REAL-36-1536x864.jpg 1536w, https:\/\/agora.xtec.cat\/escolasantamariacervello\/wp-content\/uploads\/usu1763\/2026\/02\/25-05-06-CANTANIA-REAL-36-2048x1152.jpg 2048w\" sizes=\"auto, (max-width: 2500px) 100vw, 2500px\" \/><div class=\"wp-block-getwid-media-text-slider-slide-content__media-overlay\" style=\"opacity:0.3\"><\/div><\/figure><div class=\"wp-block-getwid-media-text-slider-slide-content__content\"><div class=\"wp-block-getwid-media-text-slider-slide-content__content-wrapper\">\n<h2 class=\"wp-block-heading\" id=\"https:\/\/www.auditori.cat\/ca\/esdeveniment\/escolar-cantania-lultim-rellotge\/\"><a href=\"https:\/\/www.auditori.cat\/ca\/esdeveniment\/escolar-cantania-lultim-rellotge\/\" data-type=\"link\" data-id=\"https:\/\/www.auditori.cat\/ca\/esdeveniment\/escolar-cantania-lultim-rellotge\/\">Cant\u00e0nia<\/a><\/h2>\n\n\n\n<p>A 5\u00e8 de prim\u00e0ria, l\u2019alumnat forma part del projecte <strong>Cant\u00e0nia, <\/strong>una experi\u00e8ncia musical col\u00b7lectiva que culmina en una cantata compartida amb altres escoles.<\/p>\n<\/div><\/div><\/div>\n<\/div><\/div>\n<\/div><\/div><\/div>\n\n\n\n<p>A m\u00e9s, la m\u00fasica \u00e9s present en moments significatius de la vida de l\u2019escola, com el <strong>concert de Nadal, <\/strong>on participa tot l\u2019alumnat, i en altres projectes i celebracions que formen part del dia a dia de l\u2019escola.<\/p>\n","protected":false},"excerpt":{"rendered":"<p>A la nostra escola, la m\u00fasica \u00e9s un llenguatge d\u2019expressi\u00f3, relaci\u00f3 i creaci\u00f3 que acompanya els infants des d\u2019educaci\u00f3 infantil fins a final de prim\u00e0ria. \u00c9s una eina per sentir, escoltar i compartir, i un espai on el proc\u00e9s \u00e9s tan important com el resultat. La m\u00fasica es viu de manera activa, vivencial i inclusiva, [&hellip;]<\/p>\n","protected":false},"author":63,"featured_media":0,"parent":2980,"menu_order":0,"comment_status":"closed","ping_status":"close","template":"","meta":{"_bbp_topic_count":0,"_bbp_reply_count":0,"_bbp_total_topic_count":0,"_bbp_total_reply_count":0,"_bbp_voice_count":0,"_bbp_anonymous_reply_count":0,"_bbp_topic_count_hidden":0,"_bbp_reply_count_hidden":0,"_bbp_forum_subforum_count":0,"site-sidebar-layout":"default","site-content-layout":"","ast-site-content-layout":"default","site-content-style":"default","site-sidebar-style":"default","ast-global-header-display":"","ast-banner-title-visibility":"","ast-main-header-display":"","ast-hfb-above-header-display":"","ast-hfb-below-header-display":"","ast-hfb-mobile-header-display":"","site-post-title":"","ast-breadcrumbs-content":"","ast-featured-img":"","footer-sml-layout":"","theme-transparent-header-meta":"","adv-header-id-meta":"","stick-header-meta":"","header-above-stick-meta":"","header-main-stick-meta":"","header-below-stick-meta":"","astra-migrate-meta-layouts":"set","ast-page-background-enabled":"default","ast-page-background-meta":{"desktop":{"background-color":"var(--ast-global-color-4)","background-image":"","background-repeat":"repeat","background-position":"center center","background-size":"auto","background-attachment":"scroll","background-type":"","background-media":"","overlay-type":"","overlay-color":"","overlay-opacity":"","overlay-gradient":""},"tablet":{"background-color":"","background-image":"","background-repeat":"repeat","background-position":"center center","background-size":"auto","background-attachment":"scroll","background-type":"","background-media":"","overlay-type":"","overlay-color":"","overlay-opacity":"","overlay-gradient":""},"mobile":{"background-color":"","background-image":"","background-repeat":"repeat","background-position":"center center","background-size":"auto","background-attachment":"scroll","background-type":"","background-media":"","overlay-type":"","overlay-color":"","overlay-opacity":"","overlay-gradient":""}},"ast-content-background-meta":{"desktop":{"background-color":"var(--ast-global-color-5)","background-image":"","background-repeat":"repeat","background-position":"center center","background-size":"auto","background-attachment":"scroll","background-type":"","background-media":"","overlay-type":"","overlay-color":"","overlay-opacity":"","overlay-gradient":""},"tablet":{"background-color":"var(--ast-global-color-5)","background-image":"","background-repeat":"repeat","background-position":"center center","background-size":"auto","background-attachment":"scroll","background-type":"","background-media":"","overlay-type":"","overlay-color":"","overlay-opacity":"","overlay-gradient":""},"mobile":{"background-color":"var(--ast-global-color-5)","background-image":"","background-repeat":"repeat","background-position":"center center","background-size":"auto","background-attachment":"scroll","background-type":"","background-media":"","overlay-type":"","overlay-color":"","overlay-opacity":"","overlay-gradient":""}},"footnotes":""},"class_list":["post-3538","page","type-page","status-publish","hentry"],"post_mailing_queue_ids":[],"_links":{"self":[{"href":"https:\/\/agora.xtec.cat\/escolasantamariacervello\/wp-json\/wp\/v2\/pages\/3538","targetHints":{"allow":["GET"]}}],"collection":[{"href":"https:\/\/agora.xtec.cat\/escolasantamariacervello\/wp-json\/wp\/v2\/pages"}],"about":[{"href":"https:\/\/agora.xtec.cat\/escolasantamariacervello\/wp-json\/wp\/v2\/types\/page"}],"author":[{"embeddable":true,"href":"https:\/\/agora.xtec.cat\/escolasantamariacervello\/wp-json\/wp\/v2\/users\/63"}],"replies":[{"embeddable":true,"href":"https:\/\/agora.xtec.cat\/escolasantamariacervello\/wp-json\/wp\/v2\/comments?post=3538"}],"version-history":[{"count":6,"href":"https:\/\/agora.xtec.cat\/escolasantamariacervello\/wp-json\/wp\/v2\/pages\/3538\/revisions"}],"predecessor-version":[{"id":3583,"href":"https:\/\/agora.xtec.cat\/escolasantamariacervello\/wp-json\/wp\/v2\/pages\/3538\/revisions\/3583"}],"up":[{"embeddable":true,"href":"https:\/\/agora.xtec.cat\/escolasantamariacervello\/wp-json\/wp\/v2\/pages\/2980"}],"wp:attachment":[{"href":"https:\/\/agora.xtec.cat\/escolasantamariacervello\/wp-json\/wp\/v2\/media?parent=3538"}],"curies":[{"name":"wp","href":"https:\/\/api.w.org\/{rel}","templated":true}]}}

La música a l&#8217;escola

<p>A la nostra escola, la música és un <strong>llenguatge d’expressió, relació i creació</strong> que acompanya els infants des d’educació infantil fins a final de primària. És una eina per sentir, escoltar i compartir, i un espai on el procés és tan important com el resultat.</p>



<p>La música es viu de manera <strong>activa, vivencial i inclusiva</strong>, amb l’alumnat com a protagonista i el grup com a element central de l’aprenentatge.</p>



<p>A educació infantil, la música es treballa de forma totalment <strong>vivencial</strong>. A través del joc, el moviment, la veu i l’escolta, els infants exploren el so, el ritme i el silenci d’una manera natural i significativa.</p>



<p>Aquest primer contacte afavoreix l’expressió emocional, l’atenció i el plaer de fer música plegats.</p>



<p>A partir de 1r de primària, la música incorpora progressivament el <strong>treball instrumental i cooperatiu. </strong>Al llarg de tota l’etapa, l’alumnat aprèn a tocar l’<strong>ukelele</strong> i a utilitzar els <strong>instruments Orff</strong> com a mitjà per interpretar, crear i gaudir de la música en grup.</p>



<p>La pràctica musical fomenta l’autonomia, la constància, l’escolta activa i el respecte pel conjunt, tot reforçant el sentiment de pertinença al grup.</p>



<h3 class="wp-block-heading"><strong>Projectes compartits</strong></h3>



<p>La música pren una dimensió col·lectiva a través de projectes que connecten l’aula amb experiències artístiques més àmplies i significatives.</p>



<div class="wp-block-getwid-media-text-slider carousel-link wp-block-getwid-media-text-slider--current-slide-1 has-arrows-outside has-dots-outside" data-labels="[&quot;CLIKA&quot;,&quot;PercUT&quot;,&quot;Cantània&quot;]" data-animation="fadeIn" data-duration="1500ms" data-delay="0ms"><div class="wp-block-getwid-media-text-slider__slides-wrapper"><div class="wp-block-getwid-media-text-slider__content" data-slide-autoplay="true" data-slide-pause-on-hover="true" data-slide-autoplay-speed="5000" data-slide-speed="1000" data-infinite="true">
<div style="min-height:400px" class="wp-block-getwid-media-text-slider-slide wp-block-getwid-media-text-slider-slide__content-wrapper slide-1"><div style="min-height:400px" class="wp-block-getwid-media-text-slider-slide__content">
<div class="wp-block-getwid-media-text-slider-slide-content"><figure class="wp-block-getwid-media-text-slider-slide-content__media"><img loading="lazy" decoding="async" width="3840" height="1800" src="https://agora.xtec.cat/escolasantamariacervello/wp-content/uploads/usu1763/2026/02/inici.png" alt="" class="wp-block-getwid-media-text-slider-slide-content__image wp-image-3547" srcset="https://agora.xtec.cat/escolasantamariacervello/wp-content/uploads/usu1763/2026/02/inici.png 3840w, https://agora.xtec.cat/escolasantamariacervello/wp-content/uploads/usu1763/2026/02/inici-300x141.png 300w, https://agora.xtec.cat/escolasantamariacervello/wp-content/uploads/usu1763/2026/02/inici-1024x480.png 1024w, https://agora.xtec.cat/escolasantamariacervello/wp-content/uploads/usu1763/2026/02/inici-768x360.png 768w, https://agora.xtec.cat/escolasantamariacervello/wp-content/uploads/usu1763/2026/02/inici-1536x720.png 1536w, https://agora.xtec.cat/escolasantamariacervello/wp-content/uploads/usu1763/2026/02/inici-2048x960.png 2048w" sizes="auto, (max-width: 3840px) 100vw, 3840px" /><div class="wp-block-getwid-media-text-slider-slide-content__media-overlay" style="opacity:0.3"></div></figure><div class="wp-block-getwid-media-text-slider-slide-content__content"><div class="wp-block-getwid-media-text-slider-slide-content__content-wrapper">
<h2 class="wp-block-heading" id="https://www.google.com/url?sa=t&amp;source=web&amp;rct=j&amp;opi=89978449&amp;url=https://laclika.cat/&amp;ved=2ahUKEwi6tJnb3N2SAxUTWUEAHc52Kq4QFnoECBsQAQ&amp;usg=AOvVaw0rFK8dou7EztXJAiXKfsQV"><a href="https://laclika.cat/" data-type="link" data-id="https://laclika.cat/">CLIKA</a></h2>



<p>A partir de 1r de primària, la música incorpora progressivament el <strong>treball instrumental i cooperatiu. </strong>Al llarg de tota l’etapa, l’alumnat aprèn a tocar l’<strong>ukelele</strong> i a utilitzar els <strong>instruments Orff</strong> com a mitjà per interpretar, crear i gaudir de la música en grup.</p>
</div></div></div>
</div></div>



<div style="min-height:400px" class="wp-block-getwid-media-text-slider-slide wp-block-getwid-media-text-slider-slide__content-wrapper slide-2"><div style="min-height:400px" class="wp-block-getwid-media-text-slider-slide__content">
<div class="wp-block-getwid-media-text-slider-slide-content carousel-link"><figure class="wp-block-getwid-media-text-slider-slide-content__media"><img loading="lazy" decoding="async" width="380" height="300" src="https://agora.xtec.cat/escolasantamariacervello/wp-content/uploads/usu1763/2026/02/240612_PercUT-3-scaled-380x300-1.jpg" alt="" class="wp-block-getwid-media-text-slider-slide-content__image wp-image-3546" srcset="https://agora.xtec.cat/escolasantamariacervello/wp-content/uploads/usu1763/2026/02/240612_PercUT-3-scaled-380x300-1.jpg 380w, https://agora.xtec.cat/escolasantamariacervello/wp-content/uploads/usu1763/2026/02/240612_PercUT-3-scaled-380x300-1-300x237.jpg 300w" sizes="auto, (max-width: 380px) 100vw, 380px" /><div class="wp-block-getwid-media-text-slider-slide-content__media-overlay" style="opacity:0.3"></div></figure><div class="wp-block-getwid-media-text-slider-slide-content__content"><div class="wp-block-getwid-media-text-slider-slide-content__content-wrapper">
<h2 class="wp-block-heading has-white-color has-text-color has-link-color wp-elements-7045d2374c8c4e192d21bcc9b74effe3" id="https://www.utmusica.cat/percut-el-cos-com-a-instrument/"><a href="https://www.utmusica.cat/percut-el-cos-com-a-instrument/" data-type="link" data-id="https://www.utmusica.cat/percut-el-cos-com-a-instrument/">PercUT!</a></h2>



<p class="has-white-color has-text-color has-link-color wp-elements-ee69bf8bfe1351ecf980749f62e1fd39">A cicle mitjà, el projecte <strong>PercUt </strong>posa el focus en el ritme i la percussió corporal fomentant la coordinació, l’escolta i el treball cooperatiu.</p>
</div></div></div>
</div></div>



<div style="min-height:400px" class="wp-block-getwid-media-text-slider-slide wp-block-getwid-media-text-slider-slide__content-wrapper slide-3"><div style="min-height:400px" class="wp-block-getwid-media-text-slider-slide__content">
<div class="wp-block-getwid-media-text-slider-slide-content"><figure class="wp-block-getwid-media-text-slider-slide-content__media"><img loading="lazy" decoding="async" width="2500" height="1406" src="https://agora.xtec.cat/escolasantamariacervello/wp-content/uploads/usu1763/2026/02/25-05-06-CANTANIA-REAL-36.jpg" alt="" class="wp-block-getwid-media-text-slider-slide-content__image wp-image-3545" srcset="https://agora.xtec.cat/escolasantamariacervello/wp-content/uploads/usu1763/2026/02/25-05-06-CANTANIA-REAL-36.jpg 2500w, https://agora.xtec.cat/escolasantamariacervello/wp-content/uploads/usu1763/2026/02/25-05-06-CANTANIA-REAL-36-300x169.jpg 300w, https://agora.xtec.cat/escolasantamariacervello/wp-content/uploads/usu1763/2026/02/25-05-06-CANTANIA-REAL-36-1024x576.jpg 1024w, https://agora.xtec.cat/escolasantamariacervello/wp-content/uploads/usu1763/2026/02/25-05-06-CANTANIA-REAL-36-768x432.jpg 768w, https://agora.xtec.cat/escolasantamariacervello/wp-content/uploads/usu1763/2026/02/25-05-06-CANTANIA-REAL-36-1536x864.jpg 1536w, https://agora.xtec.cat/escolasantamariacervello/wp-content/uploads/usu1763/2026/02/25-05-06-CANTANIA-REAL-36-2048x1152.jpg 2048w" sizes="auto, (max-width: 2500px) 100vw, 2500px" /><div class="wp-block-getwid-media-text-slider-slide-content__media-overlay" style="opacity:0.3"></div></figure><div class="wp-block-getwid-media-text-slider-slide-content__content"><div class="wp-block-getwid-media-text-slider-slide-content__content-wrapper">
<h2 class="wp-block-heading" id="https://www.auditori.cat/ca/esdeveniment/escolar-cantania-lultim-rellotge/"><a href="https://www.auditori.cat/ca/esdeveniment/escolar-cantania-lultim-rellotge/" data-type="link" data-id="https://www.auditori.cat/ca/esdeveniment/escolar-cantania-lultim-rellotge/">Cantània</a></h2>



<p>A 5è de primària, l’alumnat forma part del projecte <strong>Cantània, </strong>una experiència musical col·lectiva que culmina en una cantata compartida amb altres escoles.</p>
</div></div></div>
</div></div>
</div></div></div>



<p>A més, la música és present en moments significatius de la vida de l’escola, com el <strong>concert de Nadal, </strong>on participa tot l’alumnat, i en altres projectes i celebracions que formen part del dia a dia de l’escola.</p>

<p>A la nostra escola, la música és un llenguatge d’expressió, relació i creació que acompanya els infants des d’educació infantil fins a final de primària. És una eina per sentir, escoltar i compartir, i un espai on el procés és tan important com el resultat. La música es viu de manera activa, vivencial i inclusiva, [&hellip;]</p>
