{"id":3482,"date":"2026-02-10T11:19:53","date_gmt":"2026-02-10T10:19:53","guid":{"rendered":"https:\/\/agora.xtec.cat\/escolasantamariacervello\/?page_id=3482"},"modified":"2026-02-10T15:44:05","modified_gmt":"2026-02-10T14:44:05","slug":"som-inclusio","status":"publish","type":"page","link":"https:\/\/agora.xtec.cat\/escolasantamariacervello\/afa\/som-inclusio\/","title":{"rendered":"Som inclusi\u00f3"},"content":{"rendered":"\n<p>La <strong>Comissi\u00f3 Som Inclusi\u00f3<\/strong> \u00e9s un espai impulsat per fam\u00edlies de l\u2019AFA amb la voluntat de <strong>visibilitzar i fomentar una mirada m\u00e9s inclusiva<\/strong> dins la comunitat educativa: <strong>fam\u00edlies, infants i escola<\/strong>.<\/p>\n\n\n\n<p>A trav\u00e9s de <strong>publicacions a Instagram<\/strong>, reflexions i petites accions del dia a dia, la comissi\u00f3 ens convida a <strong>canviar la mirada<\/strong>, a <strong>entendre realitats diverses<\/strong>, i a cr\u00e9ixer en <strong>empatia, respecte i comprensi\u00f3<\/strong>.<\/p>\n\n\n\n<p>Som Inclusi\u00f3 vol ser tamb\u00e9 un espai per <strong>fer xarxa<\/strong>, compartir experi\u00e8ncies, recursos i viv\u00e8ncies que ens ajudin a construir <strong>una escola m\u00e9s oberta, acollidora i conscient de la diversitat<\/strong>.<\/p>\n\n\n\n<p>Perqu\u00e8 la inclusi\u00f3 no \u00e9s nom\u00e9s un valor, sin\u00f3 una manera de mirar, d\u2019escoltar i de caminar plegats.<br><strong>Som inclusi\u00f3. Som comunitat.<\/strong> \ud83d\udc9b\u2728<\/p>\n\n\n\n<figure class=\"wp-block-image size-large\"><a href=\"https:\/\/agora.xtec.cat\/escolasantamariacervello\/wp-content\/uploads\/usu1763\/2026\/02\/Segueix-nos.png\"><img loading=\"lazy\" decoding=\"async\" width=\"576\" height=\"1024\" src=\"https:\/\/agora.xtec.cat\/escolasantamariacervello\/wp-content\/uploads\/usu1763\/2026\/02\/Segueix-nos-576x1024.png\" alt=\"\" class=\"wp-image-3483\" srcset=\"https:\/\/agora.xtec.cat\/escolasantamariacervello\/wp-content\/uploads\/usu1763\/2026\/02\/Segueix-nos-576x1024.png 576w, https:\/\/agora.xtec.cat\/escolasantamariacervello\/wp-content\/uploads\/usu1763\/2026\/02\/Segueix-nos-169x300.png 169w, https:\/\/agora.xtec.cat\/escolasantamariacervello\/wp-content\/uploads\/usu1763\/2026\/02\/Segueix-nos-768x1365.png 768w, https:\/\/agora.xtec.cat\/escolasantamariacervello\/wp-content\/uploads\/usu1763\/2026\/02\/Segueix-nos-864x1536.png 864w, https:\/\/agora.xtec.cat\/escolasantamariacervello\/wp-content\/uploads\/usu1763\/2026\/02\/Segueix-nos.png 1080w\" sizes=\"auto, (max-width: 576px) 100vw, 576px\" \/><\/a><\/figure>\n\n\n\n<p><strong>Segueix-nos!<\/strong><\/p>\n\n\n\n<iframe width=\"320\" height=\"440\"  scrolling=\"no\" \nsrc=\"https:\/\/www.instagram.com\/sominclusioesmc\/embed\/\" frameborder=\"0\"><\/iframe>\n\n\n\n<p><\/p>\n","protected":false},"excerpt":{"rendered":"<p>La Comissi\u00f3 Som Inclusi\u00f3 \u00e9s un espai impulsat per fam\u00edlies de l\u2019AFA amb la voluntat de visibilitzar i fomentar una mirada m\u00e9s inclusiva dins la comunitat educativa: fam\u00edlies, infants i escola. A trav\u00e9s de publicacions a Instagram, reflexions i petites accions del dia a dia, la comissi\u00f3 ens convida a canviar la mirada, a entendre [&hellip;]<\/p>\n","protected":false},"author":64,"featured_media":3484,"parent":2805,"menu_order":0,"comment_status":"closed","ping_status":"closed","template":"","meta":{"_bbp_topic_count":0,"_bbp_reply_count":0,"_bbp_total_topic_count":0,"_bbp_total_reply_count":0,"_bbp_voice_count":0,"_bbp_anonymous_reply_count":0,"_bbp_topic_count_hidden":0,"_bbp_reply_count_hidden":0,"_bbp_forum_subforum_count":0,"site-sidebar-layout":"default","site-content-layout":"","ast-site-content-layout":"default","site-content-style":"default","site-sidebar-style":"default","ast-global-header-display":"","ast-banner-title-visibility":"","ast-main-header-display":"","ast-hfb-above-header-display":"","ast-hfb-below-header-display":"","ast-hfb-mobile-header-display":"","site-post-title":"","ast-breadcrumbs-content":"","ast-featured-img":"","footer-sml-layout":"","theme-transparent-header-meta":"","adv-header-id-meta":"","stick-header-meta":"","header-above-stick-meta":"","header-main-stick-meta":"","header-below-stick-meta":"","astra-migrate-meta-layouts":"set","ast-page-background-enabled":"default","ast-page-background-meta":{"desktop":{"background-color":"var(--ast-global-color-4)","background-image":"","background-repeat":"repeat","background-position":"center center","background-size":"auto","background-attachment":"scroll","background-type":"","background-media":"","overlay-type":"","overlay-color":"","overlay-opacity":"","overlay-gradient":""},"tablet":{"background-color":"","background-image":"","background-repeat":"repeat","background-position":"center center","background-size":"auto","background-attachment":"scroll","background-type":"","background-media":"","overlay-type":"","overlay-color":"","overlay-opacity":"","overlay-gradient":""},"mobile":{"background-color":"","background-image":"","background-repeat":"repeat","background-position":"center center","background-size":"auto","background-attachment":"scroll","background-type":"","background-media":"","overlay-type":"","overlay-color":"","overlay-opacity":"","overlay-gradient":""}},"ast-content-background-meta":{"desktop":{"background-color":"var(--ast-global-color-5)","background-image":"","background-repeat":"repeat","background-position":"center center","background-size":"auto","background-attachment":"scroll","background-type":"","background-media":"","overlay-type":"","overlay-color":"","overlay-opacity":"","overlay-gradient":""},"tablet":{"background-color":"var(--ast-global-color-5)","background-image":"","background-repeat":"repeat","background-position":"center center","background-size":"auto","background-attachment":"scroll","background-type":"","background-media":"","overlay-type":"","overlay-color":"","overlay-opacity":"","overlay-gradient":""},"mobile":{"background-color":"var(--ast-global-color-5)","background-image":"","background-repeat":"repeat","background-position":"center center","background-size":"auto","background-attachment":"scroll","background-type":"","background-media":"","overlay-type":"","overlay-color":"","overlay-opacity":"","overlay-gradient":""}},"footnotes":""},"class_list":["post-3482","page","type-page","status-publish","has-post-thumbnail","hentry"],"post_mailing_queue_ids":[],"_links":{"self":[{"href":"https:\/\/agora.xtec.cat\/escolasantamariacervello\/wp-json\/wp\/v2\/pages\/3482","targetHints":{"allow":["GET"]}}],"collection":[{"href":"https:\/\/agora.xtec.cat\/escolasantamariacervello\/wp-json\/wp\/v2\/pages"}],"about":[{"href":"https:\/\/agora.xtec.cat\/escolasantamariacervello\/wp-json\/wp\/v2\/types\/page"}],"author":[{"embeddable":true,"href":"https:\/\/agora.xtec.cat\/escolasantamariacervello\/wp-json\/wp\/v2\/users\/64"}],"replies":[{"embeddable":true,"href":"https:\/\/agora.xtec.cat\/escolasantamariacervello\/wp-json\/wp\/v2\/comments?post=3482"}],"version-history":[{"count":3,"href":"https:\/\/agora.xtec.cat\/escolasantamariacervello\/wp-json\/wp\/v2\/pages\/3482\/revisions"}],"predecessor-version":[{"id":3488,"href":"https:\/\/agora.xtec.cat\/escolasantamariacervello\/wp-json\/wp\/v2\/pages\/3482\/revisions\/3488"}],"up":[{"embeddable":true,"href":"https:\/\/agora.xtec.cat\/escolasantamariacervello\/wp-json\/wp\/v2\/pages\/2805"}],"wp:featuredmedia":[{"embeddable":true,"href":"https:\/\/agora.xtec.cat\/escolasantamariacervello\/wp-json\/wp\/v2\/media\/3484"}],"wp:attachment":[{"href":"https:\/\/agora.xtec.cat\/escolasantamariacervello\/wp-json\/wp\/v2\/media?parent=3482"}],"curies":[{"name":"wp","href":"https:\/\/api.w.org\/{rel}","templated":true}]}}

Som inclusió

<p>La <strong>Comissió Som Inclusió</strong> és un espai impulsat per famílies de l’AFA amb la voluntat de <strong>visibilitzar i fomentar una mirada més inclusiva</strong> dins la comunitat educativa: <strong>famílies, infants i escola</strong>.</p>



<p>A través de <strong>publicacions a Instagram</strong>, reflexions i petites accions del dia a dia, la comissió ens convida a <strong>canviar la mirada</strong>, a <strong>entendre realitats diverses</strong>, i a créixer en <strong>empatia, respecte i comprensió</strong>.</p>



<p>Som Inclusió vol ser també un espai per <strong>fer xarxa</strong>, compartir experiències, recursos i vivències que ens ajudin a construir <strong>una escola més oberta, acollidora i conscient de la diversitat</strong>.</p>



<p>Perquè la inclusió no és només un valor, sinó una manera de mirar, d’escoltar i de caminar plegats.<br><strong>Som inclusió. Som comunitat.</strong> 💛✨</p>



<figure class="wp-block-image size-large"><a href="https://agora.xtec.cat/escolasantamariacervello/wp-content/uploads/usu1763/2026/02/Segueix-nos.png"><img loading="lazy" decoding="async" width="576" height="1024" src="https://agora.xtec.cat/escolasantamariacervello/wp-content/uploads/usu1763/2026/02/Segueix-nos-576x1024.png" alt="" class="wp-image-3483" srcset="https://agora.xtec.cat/escolasantamariacervello/wp-content/uploads/usu1763/2026/02/Segueix-nos-576x1024.png 576w, https://agora.xtec.cat/escolasantamariacervello/wp-content/uploads/usu1763/2026/02/Segueix-nos-169x300.png 169w, https://agora.xtec.cat/escolasantamariacervello/wp-content/uploads/usu1763/2026/02/Segueix-nos-768x1365.png 768w, https://agora.xtec.cat/escolasantamariacervello/wp-content/uploads/usu1763/2026/02/Segueix-nos-864x1536.png 864w, https://agora.xtec.cat/escolasantamariacervello/wp-content/uploads/usu1763/2026/02/Segueix-nos.png 1080w" sizes="auto, (max-width: 576px) 100vw, 576px" /></a></figure>



<p><strong>Segueix-nos!</strong></p>



<iframe width="320" height="440"  scrolling="no" 
src="https://www.instagram.com/sominclusioesmc/embed/" frameborder="0"></iframe>



<p></p>

<p>La Comissió Som Inclusió és un espai impulsat per famílies de l’AFA amb la voluntat de visibilitzar i fomentar una mirada més inclusiva dins la comunitat educativa: famílies, infants i escola. A través de publicacions a Instagram, reflexions i petites accions del dia a dia, la comissió ens convida a canviar la mirada, a entendre [&hellip;]</p>
