{"id":3462,"date":"2026-02-02T22:26:16","date_gmt":"2026-02-02T21:26:16","guid":{"rendered":"https:\/\/agora.xtec.cat\/escolasantamariacervello\/?page_id=3462"},"modified":"2026-02-16T10:29:34","modified_gmt":"2026-02-16T09:29:34","slug":"lintercanvi-dexperiencies-descoles-verdes","status":"publish","type":"page","link":"https:\/\/agora.xtec.cat\/escolasantamariacervello\/eixos-transversals\/escola-verda\/accions\/lintercanvi-dexperiencies-descoles-verdes\/","title":{"rendered":"Intercanvi d\u2019experi\u00e8ncies d\u2019Escoles Verdes"},"content":{"rendered":"\n<p>A la nostra escola, el comprom\u00eds amb el medi ambient i la sostenibilitat \u00e9s una part essencial del nostre projecte educatiu. Per aix\u00f2, <strong>cada any participem en l\u2019Intercanvi d\u2019Experi\u00e8ncies d\u2019Escoles Verdes<\/strong>, una trobada que ens permet compartir i con\u00e8ixer iniciatives d\u2019altres centres educatius que treballen per un futur m\u00e9s respectu\u00f3s amb el planeta.<\/p>\n\n\n\n<p>Aquesta jornada \u00e9s una oportunitat molt valuosa per intercanviar idees, aprendre noves propostes i mostrar els projectes que desenvolupem dins del programa <strong>Escola Verda<\/strong>. Any rere any, la nostra escola hi aporta experi\u00e8ncies relacionades amb l\u2019educaci\u00f3 ambiental, l\u2019alimentaci\u00f3 sostenible i la cura de la biodiversitat.<\/p>\n\n\n\n<p>En cursos anteriors, hem tingut l\u2019oportunitat de presentar projectes com el de <strong>Slow Food<\/strong>, fomentant una alimentaci\u00f3 saludable, de proximitat i respectuosa amb el medi i compartint el treball de <strong>recuperaci\u00f3 d\u2019esp\u00e8cies vegetals d\u2019inter\u00e8s hort\u00edcola<\/strong>.<\/p>\n\n\n\n<p>Altres accions destacades han estat la <strong>creaci\u00f3 del jard\u00ed de papallones<\/strong>, un espai pensat per afavorir la biodiversitat i sensibilitzar l\u2019alumnat sobre la import\u00e0ncia dels insectes pol\u00b7linitzadors i els ecosistemes.<\/p>\n\n\n\n<p>Participar en aquest intercanvi anual \u00e9s sempre una experi\u00e8ncia enriquidora i motivadora, ja que ens permet veure com, des de les escoles, podem impulsar petits grans canvis. Tamb\u00e9 refor\u00e7a el treball col\u00b7laboratiu i el comprom\u00eds de tota la comunitat educativa per continuar avan\u00e7ant cap a una escola m\u00e9s sostenible.<\/p>\n\n\n\n<p>Des de la nostra escola, valorem molt positivament poder formar part d\u2019aquesta trobada cada curs i continuar compartint aprenentatges i projectes que contribueixen a construir un m\u00f3n m\u00e9s verd i conscient.<\/p>\n\n\n\n<p><\/p>\n","protected":false},"excerpt":{"rendered":"<p>A la nostra escola, el comprom\u00eds amb el medi ambient i la sostenibilitat \u00e9s una part essencial del nostre projecte educatiu. Per aix\u00f2, cada any participem en l\u2019Intercanvi d\u2019Experi\u00e8ncies d\u2019Escoles Verdes, una trobada que ens permet compartir i con\u00e8ixer iniciatives d\u2019altres centres educatius que treballen per un futur m\u00e9s respectu\u00f3s amb el planeta. Aquesta jornada [&hellip;]<\/p>\n","protected":false},"author":63,"featured_media":0,"parent":3095,"menu_order":0,"comment_status":"closed","ping_status":"closed","template":"","meta":{"_bbp_topic_count":0,"_bbp_reply_count":0,"_bbp_total_topic_count":0,"_bbp_total_reply_count":0,"_bbp_voice_count":0,"_bbp_anonymous_reply_count":0,"_bbp_topic_count_hidden":0,"_bbp_reply_count_hidden":0,"_bbp_forum_subforum_count":0,"site-sidebar-layout":"default","site-content-layout":"","ast-site-content-layout":"default","site-content-style":"default","site-sidebar-style":"default","ast-global-header-display":"","ast-banner-title-visibility":"","ast-main-header-display":"","ast-hfb-above-header-display":"","ast-hfb-below-header-display":"","ast-hfb-mobile-header-display":"","site-post-title":"","ast-breadcrumbs-content":"","ast-featured-img":"","footer-sml-layout":"","theme-transparent-header-meta":"","adv-header-id-meta":"","stick-header-meta":"","header-above-stick-meta":"","header-main-stick-meta":"","header-below-stick-meta":"","astra-migrate-meta-layouts":"set","ast-page-background-enabled":"default","ast-page-background-meta":{"desktop":{"background-color":"var(--ast-global-color-4)","background-image":"","background-repeat":"repeat","background-position":"center center","background-size":"auto","background-attachment":"scroll","background-type":"","background-media":"","overlay-type":"","overlay-color":"","overlay-opacity":"","overlay-gradient":""},"tablet":{"background-color":"","background-image":"","background-repeat":"repeat","background-position":"center center","background-size":"auto","background-attachment":"scroll","background-type":"","background-media":"","overlay-type":"","overlay-color":"","overlay-opacity":"","overlay-gradient":""},"mobile":{"background-color":"","background-image":"","background-repeat":"repeat","background-position":"center center","background-size":"auto","background-attachment":"scroll","background-type":"","background-media":"","overlay-type":"","overlay-color":"","overlay-opacity":"","overlay-gradient":""}},"ast-content-background-meta":{"desktop":{"background-color":"var(--ast-global-color-5)","background-image":"","background-repeat":"repeat","background-position":"center center","background-size":"auto","background-attachment":"scroll","background-type":"","background-media":"","overlay-type":"","overlay-color":"","overlay-opacity":"","overlay-gradient":""},"tablet":{"background-color":"var(--ast-global-color-5)","background-image":"","background-repeat":"repeat","background-position":"center center","background-size":"auto","background-attachment":"scroll","background-type":"","background-media":"","overlay-type":"","overlay-color":"","overlay-opacity":"","overlay-gradient":""},"mobile":{"background-color":"var(--ast-global-color-5)","background-image":"","background-repeat":"repeat","background-position":"center center","background-size":"auto","background-attachment":"scroll","background-type":"","background-media":"","overlay-type":"","overlay-color":"","overlay-opacity":"","overlay-gradient":""}},"footnotes":""},"class_list":["post-3462","page","type-page","status-publish","hentry"],"post_mailing_queue_ids":[],"_links":{"self":[{"href":"https:\/\/agora.xtec.cat\/escolasantamariacervello\/wp-json\/wp\/v2\/pages\/3462","targetHints":{"allow":["GET"]}}],"collection":[{"href":"https:\/\/agora.xtec.cat\/escolasantamariacervello\/wp-json\/wp\/v2\/pages"}],"about":[{"href":"https:\/\/agora.xtec.cat\/escolasantamariacervello\/wp-json\/wp\/v2\/types\/page"}],"author":[{"embeddable":true,"href":"https:\/\/agora.xtec.cat\/escolasantamariacervello\/wp-json\/wp\/v2\/users\/63"}],"replies":[{"embeddable":true,"href":"https:\/\/agora.xtec.cat\/escolasantamariacervello\/wp-json\/wp\/v2\/comments?post=3462"}],"version-history":[{"count":3,"href":"https:\/\/agora.xtec.cat\/escolasantamariacervello\/wp-json\/wp\/v2\/pages\/3462\/revisions"}],"predecessor-version":[{"id":3564,"href":"https:\/\/agora.xtec.cat\/escolasantamariacervello\/wp-json\/wp\/v2\/pages\/3462\/revisions\/3564"}],"up":[{"embeddable":true,"href":"https:\/\/agora.xtec.cat\/escolasantamariacervello\/wp-json\/wp\/v2\/pages\/3095"}],"wp:attachment":[{"href":"https:\/\/agora.xtec.cat\/escolasantamariacervello\/wp-json\/wp\/v2\/media?parent=3462"}],"curies":[{"name":"wp","href":"https:\/\/api.w.org\/{rel}","templated":true}]}}

Intercanvi d’experiències d’Escoles Verdes

<p>A la nostra escola, el compromís amb el medi ambient i la sostenibilitat és una part essencial del nostre projecte educatiu. Per això, <strong>cada any participem en l’Intercanvi d’Experiències d’Escoles Verdes</strong>, una trobada que ens permet compartir i conèixer iniciatives d’altres centres educatius que treballen per un futur més respectuós amb el planeta.</p>



<p>Aquesta jornada és una oportunitat molt valuosa per intercanviar idees, aprendre noves propostes i mostrar els projectes que desenvolupem dins del programa <strong>Escola Verda</strong>. Any rere any, la nostra escola hi aporta experiències relacionades amb l’educació ambiental, l’alimentació sostenible i la cura de la biodiversitat.</p>



<p>En cursos anteriors, hem tingut l’oportunitat de presentar projectes com el de <strong>Slow Food</strong>, fomentant una alimentació saludable, de proximitat i respectuosa amb el medi i compartint el treball de <strong>recuperació d’espècies vegetals d’interès hortícola</strong>.</p>



<p>Altres accions destacades han estat la <strong>creació del jardí de papallones</strong>, un espai pensat per afavorir la biodiversitat i sensibilitzar l’alumnat sobre la importància dels insectes pol·linitzadors i els ecosistemes.</p>



<p>Participar en aquest intercanvi anual és sempre una experiència enriquidora i motivadora, ja que ens permet veure com, des de les escoles, podem impulsar petits grans canvis. També reforça el treball col·laboratiu i el compromís de tota la comunitat educativa per continuar avançant cap a una escola més sostenible.</p>



<p>Des de la nostra escola, valorem molt positivament poder formar part d’aquesta trobada cada curs i continuar compartint aprenentatges i projectes que contribueixen a construir un món més verd i conscient.</p>



<p></p>

<p>A la nostra escola, el compromís amb el medi ambient i la sostenibilitat és una part essencial del nostre projecte educatiu. Per això, cada any participem en l’Intercanvi d’Experiències d’Escoles Verdes, una trobada que ens permet compartir i conèixer iniciatives d’altres centres educatius que treballen per un futur més respectuós amb el planeta. Aquesta jornada [&hellip;]</p>
