{"id":3415,"date":"2026-02-02T11:19:55","date_gmt":"2026-02-02T10:19:55","guid":{"rendered":"https:\/\/agora.xtec.cat\/escolasantamariacervello\/?page_id=3415"},"modified":"2026-02-02T11:36:12","modified_gmt":"2026-02-02T10:36:12","slug":"treball-globalitzat","status":"publish","type":"page","link":"https:\/\/agora.xtec.cat\/escolasantamariacervello\/projecte-educatiu\/comaprenem\/treball-globalitzat\/","title":{"rendered":"Treball globalitzat"},"content":{"rendered":"\n<h2 class=\"wp-block-heading\"><strong>Treball globalitzat: aprendre amb sentit per al m\u00f3n d\u2019avui<\/strong><\/h2>\n\n\n\n<p class=\"has-medium-font-size\">A l\u2019escola apostem per un <strong>aprenentatge competencial<\/strong>, adaptat als reptes del segle XXI. Treballar de manera globalitzada permet als infants construir <strong>aprenentatges funcionals, transferibles i duradors<\/strong>, que van m\u00e9s enll\u00e0 de memoritzar continguts i els ajuden a entendre i interpretar el m\u00f3n que els envolta.<\/p>\n\n\n\n<p class=\"has-medium-font-size\">Les <strong>Situacions d\u2019Aprenentatge<\/strong> parteixen sempre d\u2019un context proper i significatiu i culminen amb un <strong>producte final<\/strong>, que dona sentit a tot el proc\u00e9s. Al llarg del cam\u00ed, es treballen de manera integrada les lleng\u00fces, el coneixement del medi natural, social i cultural, i els valors, seguint el cicle d\u2019aprenentatge: activaci\u00f3 de coneixements previs, desenvolupament de nous sabers, estructuraci\u00f3 del que s\u2019apr\u00e8n i aplicaci\u00f3 en situacions reals.<\/p>\n\n\n\n<p class=\"has-medium-font-size\">A m\u00e9s, l\u2019organitzaci\u00f3 dels grups afavoreix el <strong>treball cooperatiu<\/strong>, fomentant la responsabilitat compartida, l\u2019ajuda m\u00fatua i la construcci\u00f3 col\u00b7lectiva del coneixement. D\u2019aquesta manera, aprendre esdev\u00e9 una experi\u00e8ncia viva, significativa i connectada amb la realitat.<\/p>\n","protected":false},"excerpt":{"rendered":"<p>Treball globalitzat: aprendre amb sentit per al m\u00f3n d\u2019avui A l\u2019escola apostem per un aprenentatge competencial, adaptat als reptes del segle XXI. Treballar de manera globalitzada permet als infants construir aprenentatges funcionals, transferibles i duradors, que van m\u00e9s enll\u00e0 de memoritzar continguts i els ajuden a entendre i interpretar el m\u00f3n que els envolta. Les [&hellip;]<\/p>\n","protected":false},"author":63,"featured_media":0,"parent":3051,"menu_order":0,"comment_status":"closed","ping_status":"close","template":"","meta":{"_bbp_topic_count":0,"_bbp_reply_count":0,"_bbp_total_topic_count":0,"_bbp_total_reply_count":0,"_bbp_voice_count":0,"_bbp_anonymous_reply_count":0,"_bbp_topic_count_hidden":0,"_bbp_reply_count_hidden":0,"_bbp_forum_subforum_count":0,"site-sidebar-layout":"default","site-content-layout":"","ast-site-content-layout":"default","site-content-style":"default","site-sidebar-style":"default","ast-global-header-display":"","ast-banner-title-visibility":"","ast-main-header-display":"","ast-hfb-above-header-display":"","ast-hfb-below-header-display":"","ast-hfb-mobile-header-display":"","site-post-title":"","ast-breadcrumbs-content":"","ast-featured-img":"","footer-sml-layout":"","theme-transparent-header-meta":"","adv-header-id-meta":"","stick-header-meta":"","header-above-stick-meta":"","header-main-stick-meta":"","header-below-stick-meta":"","astra-migrate-meta-layouts":"set","ast-page-background-enabled":"default","ast-page-background-meta":{"desktop":{"background-color":"var(--ast-global-color-4)","background-image":"","background-repeat":"repeat","background-position":"center center","background-size":"auto","background-attachment":"scroll","background-type":"","background-media":"","overlay-type":"","overlay-color":"","overlay-opacity":"","overlay-gradient":""},"tablet":{"background-color":"","background-image":"","background-repeat":"repeat","background-position":"center center","background-size":"auto","background-attachment":"scroll","background-type":"","background-media":"","overlay-type":"","overlay-color":"","overlay-opacity":"","overlay-gradient":""},"mobile":{"background-color":"","background-image":"","background-repeat":"repeat","background-position":"center center","background-size":"auto","background-attachment":"scroll","background-type":"","background-media":"","overlay-type":"","overlay-color":"","overlay-opacity":"","overlay-gradient":""}},"ast-content-background-meta":{"desktop":{"background-color":"var(--ast-global-color-5)","background-image":"","background-repeat":"repeat","background-position":"center center","background-size":"auto","background-attachment":"scroll","background-type":"","background-media":"","overlay-type":"","overlay-color":"","overlay-opacity":"","overlay-gradient":""},"tablet":{"background-color":"var(--ast-global-color-5)","background-image":"","background-repeat":"repeat","background-position":"center center","background-size":"auto","background-attachment":"scroll","background-type":"","background-media":"","overlay-type":"","overlay-color":"","overlay-opacity":"","overlay-gradient":""},"mobile":{"background-color":"var(--ast-global-color-5)","background-image":"","background-repeat":"repeat","background-position":"center center","background-size":"auto","background-attachment":"scroll","background-type":"","background-media":"","overlay-type":"","overlay-color":"","overlay-opacity":"","overlay-gradient":""}},"footnotes":""},"class_list":["post-3415","page","type-page","status-publish","hentry"],"post_mailing_queue_ids":[],"_links":{"self":[{"href":"https:\/\/agora.xtec.cat\/escolasantamariacervello\/wp-json\/wp\/v2\/pages\/3415","targetHints":{"allow":["GET"]}}],"collection":[{"href":"https:\/\/agora.xtec.cat\/escolasantamariacervello\/wp-json\/wp\/v2\/pages"}],"about":[{"href":"https:\/\/agora.xtec.cat\/escolasantamariacervello\/wp-json\/wp\/v2\/types\/page"}],"author":[{"embeddable":true,"href":"https:\/\/agora.xtec.cat\/escolasantamariacervello\/wp-json\/wp\/v2\/users\/63"}],"replies":[{"embeddable":true,"href":"https:\/\/agora.xtec.cat\/escolasantamariacervello\/wp-json\/wp\/v2\/comments?post=3415"}],"version-history":[{"count":4,"href":"https:\/\/agora.xtec.cat\/escolasantamariacervello\/wp-json\/wp\/v2\/pages\/3415\/revisions"}],"predecessor-version":[{"id":3437,"href":"https:\/\/agora.xtec.cat\/escolasantamariacervello\/wp-json\/wp\/v2\/pages\/3415\/revisions\/3437"}],"up":[{"embeddable":true,"href":"https:\/\/agora.xtec.cat\/escolasantamariacervello\/wp-json\/wp\/v2\/pages\/3051"}],"wp:attachment":[{"href":"https:\/\/agora.xtec.cat\/escolasantamariacervello\/wp-json\/wp\/v2\/media?parent=3415"}],"curies":[{"name":"wp","href":"https:\/\/api.w.org\/{rel}","templated":true}]}}

<h2 class="wp-block-heading"><strong>Treball globalitzat: aprendre amb sentit per al món d’avui</strong></h2>



<p class="has-medium-font-size">A l’escola apostem per un <strong>aprenentatge competencial</strong>, adaptat als reptes del segle XXI. Treballar de manera globalitzada permet als infants construir <strong>aprenentatges funcionals, transferibles i duradors</strong>, que van més enllà de memoritzar continguts i els ajuden a entendre i interpretar el món que els envolta.</p>



<p class="has-medium-font-size">Les <strong>Situacions d’Aprenentatge</strong> parteixen sempre d’un context proper i significatiu i culminen amb un <strong>producte final</strong>, que dona sentit a tot el procés. Al llarg del camí, es treballen de manera integrada les llengües, el coneixement del medi natural, social i cultural, i els valors, seguint el cicle d’aprenentatge: activació de coneixements previs, desenvolupament de nous sabers, estructuració del que s’aprèn i aplicació en situacions reals.</p>



<p class="has-medium-font-size">A més, l’organització dels grups afavoreix el <strong>treball cooperatiu</strong>, fomentant la responsabilitat compartida, l’ajuda mútua i la construcció col·lectiva del coneixement. D’aquesta manera, aprendre esdevé una experiència viva, significativa i connectada amb la realitat.</p>

<p>Treball globalitzat: aprendre amb sentit per al món d’avui A l’escola apostem per un aprenentatge competencial, adaptat als reptes del segle XXI. Treballar de manera globalitzada permet als infants construir aprenentatges funcionals, transferibles i duradors, que van més enllà de memoritzar continguts i els ajuden a entendre i interpretar el món que els envolta. Les [&hellip;]</p>
