{"id":3413,"date":"2026-02-02T11:19:55","date_gmt":"2026-02-02T10:19:55","guid":{"rendered":"https:\/\/agora.xtec.cat\/escolasantamariacervello\/?page_id=3413"},"modified":"2026-02-02T11:34:19","modified_gmt":"2026-02-02T10:34:19","slug":"espais-de-pati","status":"publish","type":"page","link":"https:\/\/agora.xtec.cat\/escolasantamariacervello\/projecte-educatiu\/comaprenem\/espais-de-pati\/","title":{"rendered":"Espais de pati"},"content":{"rendered":"\n<div style=\"height:35px\" aria-hidden=\"true\" class=\"wp-block-spacer\"><\/div>\n\n\n\n<h2 class=\"wp-block-heading\"><strong>Espais de pati: jugar, descansar i cr\u00e9ixer<\/strong><\/h2>\n\n\n\n<p class=\"has-medium-font-size\">L\u2019hora del pati \u00e9s un moment educatiu m\u00e9s del dia a dia escolar. Per aquest motiu, el centre disposa de <strong>diferents espais de pati<\/strong>, pensats i organitzats per donar resposta a la diversitat de necessitats, interessos i ritmes dels infants.<\/p>\n\n\n\n<p class=\"has-medium-font-size\">Les instal\u00b7lacions permeten oferir <strong>espais de joc lliure<\/strong> tant a educaci\u00f3 infantil com a prim\u00e0ria, aix\u00ed com <strong>espais de calma<\/strong>, com la biblioteca escolar o l\u2019aula gran, amb propostes de menor intensitat que afavoreixen el benestar i la regulaci\u00f3 emocional. Tamb\u00e9 comptem amb <strong>espais a l\u2019aire lliure amb gran valor pedag\u00f2gic<\/strong>, com l\u2019hort escolar, que permet connectar el joc amb l\u2019aprenentatge i el respecte pel medi.<\/p>\n\n\n\n<p class=\"has-medium-font-size\">A m\u00e9s, l\u2019aula de m\u00fasica s\u2019ofereix com un <strong>espai alternatiu<\/strong> on els infants poden explorar el vessant m\u00e9s creatiu i art\u00edstic. Totes aquestes propostes estan <strong>organitzades amb un calendari de distribuci\u00f3 de cursos i aforaments controlats<\/strong>, garantint que tothom pugui gaudir d\u2019un temps d\u2019esbarjo segur, enriquidor i adaptat a les seves necessitats.<\/p>\n","protected":false},"excerpt":{"rendered":"<p>Espais de pati: jugar, descansar i cr\u00e9ixer L\u2019hora del pati \u00e9s un moment educatiu m\u00e9s del dia a dia escolar. Per aquest motiu, el centre disposa de diferents espais de pati, pensats i organitzats per donar resposta a la diversitat de necessitats, interessos i ritmes dels infants. Les instal\u00b7lacions permeten oferir espais de joc lliure [&hellip;]<\/p>\n","protected":false},"author":63,"featured_media":0,"parent":3051,"menu_order":0,"comment_status":"closed","ping_status":"close","template":"","meta":{"_bbp_topic_count":0,"_bbp_reply_count":0,"_bbp_total_topic_count":0,"_bbp_total_reply_count":0,"_bbp_voice_count":0,"_bbp_anonymous_reply_count":0,"_bbp_topic_count_hidden":0,"_bbp_reply_count_hidden":0,"_bbp_forum_subforum_count":0,"site-sidebar-layout":"default","site-content-layout":"","ast-site-content-layout":"default","site-content-style":"default","site-sidebar-style":"default","ast-global-header-display":"","ast-banner-title-visibility":"","ast-main-header-display":"","ast-hfb-above-header-display":"","ast-hfb-below-header-display":"","ast-hfb-mobile-header-display":"","site-post-title":"","ast-breadcrumbs-content":"","ast-featured-img":"","footer-sml-layout":"","theme-transparent-header-meta":"","adv-header-id-meta":"","stick-header-meta":"","header-above-stick-meta":"","header-main-stick-meta":"","header-below-stick-meta":"","astra-migrate-meta-layouts":"set","ast-page-background-enabled":"default","ast-page-background-meta":{"desktop":{"background-color":"var(--ast-global-color-4)","background-image":"","background-repeat":"repeat","background-position":"center center","background-size":"auto","background-attachment":"scroll","background-type":"","background-media":"","overlay-type":"","overlay-color":"","overlay-opacity":"","overlay-gradient":""},"tablet":{"background-color":"","background-image":"","background-repeat":"repeat","background-position":"center center","background-size":"auto","background-attachment":"scroll","background-type":"","background-media":"","overlay-type":"","overlay-color":"","overlay-opacity":"","overlay-gradient":""},"mobile":{"background-color":"","background-image":"","background-repeat":"repeat","background-position":"center center","background-size":"auto","background-attachment":"scroll","background-type":"","background-media":"","overlay-type":"","overlay-color":"","overlay-opacity":"","overlay-gradient":""}},"ast-content-background-meta":{"desktop":{"background-color":"var(--ast-global-color-5)","background-image":"","background-repeat":"repeat","background-position":"center center","background-size":"auto","background-attachment":"scroll","background-type":"","background-media":"","overlay-type":"","overlay-color":"","overlay-opacity":"","overlay-gradient":""},"tablet":{"background-color":"var(--ast-global-color-5)","background-image":"","background-repeat":"repeat","background-position":"center center","background-size":"auto","background-attachment":"scroll","background-type":"","background-media":"","overlay-type":"","overlay-color":"","overlay-opacity":"","overlay-gradient":""},"mobile":{"background-color":"var(--ast-global-color-5)","background-image":"","background-repeat":"repeat","background-position":"center center","background-size":"auto","background-attachment":"scroll","background-type":"","background-media":"","overlay-type":"","overlay-color":"","overlay-opacity":"","overlay-gradient":""}},"footnotes":""},"class_list":["post-3413","page","type-page","status-publish","hentry"],"post_mailing_queue_ids":[],"_links":{"self":[{"href":"https:\/\/agora.xtec.cat\/escolasantamariacervello\/wp-json\/wp\/v2\/pages\/3413","targetHints":{"allow":["GET"]}}],"collection":[{"href":"https:\/\/agora.xtec.cat\/escolasantamariacervello\/wp-json\/wp\/v2\/pages"}],"about":[{"href":"https:\/\/agora.xtec.cat\/escolasantamariacervello\/wp-json\/wp\/v2\/types\/page"}],"author":[{"embeddable":true,"href":"https:\/\/agora.xtec.cat\/escolasantamariacervello\/wp-json\/wp\/v2\/users\/63"}],"replies":[{"embeddable":true,"href":"https:\/\/agora.xtec.cat\/escolasantamariacervello\/wp-json\/wp\/v2\/comments?post=3413"}],"version-history":[{"count":3,"href":"https:\/\/agora.xtec.cat\/escolasantamariacervello\/wp-json\/wp\/v2\/pages\/3413\/revisions"}],"predecessor-version":[{"id":3432,"href":"https:\/\/agora.xtec.cat\/escolasantamariacervello\/wp-json\/wp\/v2\/pages\/3413\/revisions\/3432"}],"up":[{"embeddable":true,"href":"https:\/\/agora.xtec.cat\/escolasantamariacervello\/wp-json\/wp\/v2\/pages\/3051"}],"wp:attachment":[{"href":"https:\/\/agora.xtec.cat\/escolasantamariacervello\/wp-json\/wp\/v2\/media?parent=3413"}],"curies":[{"name":"wp","href":"https:\/\/api.w.org\/{rel}","templated":true}]}}

<div style="height:35px" aria-hidden="true" class="wp-block-spacer"></div>



<h2 class="wp-block-heading"><strong>Espais de pati: jugar, descansar i créixer</strong></h2>



<p class="has-medium-font-size">L’hora del pati és un moment educatiu més del dia a dia escolar. Per aquest motiu, el centre disposa de <strong>diferents espais de pati</strong>, pensats i organitzats per donar resposta a la diversitat de necessitats, interessos i ritmes dels infants.</p>



<p class="has-medium-font-size">Les instal·lacions permeten oferir <strong>espais de joc lliure</strong> tant a educació infantil com a primària, així com <strong>espais de calma</strong>, com la biblioteca escolar o l’aula gran, amb propostes de menor intensitat que afavoreixen el benestar i la regulació emocional. També comptem amb <strong>espais a l’aire lliure amb gran valor pedagògic</strong>, com l’hort escolar, que permet connectar el joc amb l’aprenentatge i el respecte pel medi.</p>



<p class="has-medium-font-size">A més, l’aula de música s’ofereix com un <strong>espai alternatiu</strong> on els infants poden explorar el vessant més creatiu i artístic. Totes aquestes propostes estan <strong>organitzades amb un calendari de distribució de cursos i aforaments controlats</strong>, garantint que tothom pugui gaudir d’un temps d’esbarjo segur, enriquidor i adaptat a les seves necessitats.</p>

<p>Espais de pati: jugar, descansar i créixer L’hora del pati és un moment educatiu més del dia a dia escolar. Per aquest motiu, el centre disposa de diferents espais de pati, pensats i organitzats per donar resposta a la diversitat de necessitats, interessos i ritmes dels infants. Les instal·lacions permeten oferir espais de joc lliure [&hellip;]</p>
