{"id":3412,"date":"2026-02-02T11:19:55","date_gmt":"2026-02-02T10:19:55","guid":{"rendered":"https:\/\/agora.xtec.cat\/escolasantamariacervello\/?page_id=3412"},"modified":"2026-02-02T11:33:45","modified_gmt":"2026-02-02T10:33:45","slug":"escola-vinculada-a-lentorn","status":"publish","type":"page","link":"https:\/\/agora.xtec.cat\/escolasantamariacervello\/projecte-educatiu\/comaprenem\/escola-vinculada-a-lentorn\/","title":{"rendered":"Escola vinculada a l&#8217;entorn"},"content":{"rendered":"\n<div style=\"height:27px\" aria-hidden=\"true\" class=\"wp-block-spacer\"><\/div>\n\n\n\n<h2 class=\"wp-block-heading\"><strong>Escola vinculada a l\u2019entorn: cr\u00e9ixer plegats amb la comunitat<\/strong><\/h2>\n\n\n\n<p class=\"has-medium-font-size\">A l\u2019escola creiem que l\u2019aprenentatge no nom\u00e9s passa dins les aules, sin\u00f3 tamb\u00e9 <strong>amb la comunitat que ens envolta<\/strong>. Per aix\u00f2, participem de manera activa i continuada en diferents activitats i projectes que connecten els infants amb la cultura, la lectura, la hist\u00f2ria i la dinamitzaci\u00f3 del nostre poble.<\/p>\n\n\n\n<h3 class=\"wp-block-heading\"><strong>Certamen de Lectura en Veu Alta<\/strong><\/h3>\n\n\n\n<p class=\"has-medium-font-size\">Participem en el <strong>Certamen de Lectura en Veu Alta<\/strong>, una iniciativa educativa i cultural impulsada per la <strong>Fundaci\u00f3 Enciclop\u00e8dia Catalana<\/strong> i el <strong>Departament d\u2019Educaci\u00f3<\/strong>, adre\u00e7ada a alumnes d\u2019etapes educatives diverses. Aquest certamen promou el <strong>gust per la lectura i la llengua catalana<\/strong> mitjan\u00e7ant la pr\u00e0ctica de la lectura expressiva davant d\u2019un p\u00fablic, amb fases classificat\u00f2ries i finals territorials i escolars que impliquen a moltes escoles de Catalunya. La lectura en veu alta afavoreix habilitats ling\u00fc\u00edstiques, comunicatives i personals, i \u00e9s una experi\u00e8ncia enriquidora que estimula la confian\u00e7a i la compet\u00e8ncia lectora.<\/p>\n\n\n\n<h3 class=\"wp-block-heading\"><strong>Grup de Recerca de Cervell\u00f3<\/strong><\/h3>\n\n\n\n<p class=\"has-medium-font-size\">Col\u00b7laborem amb el <strong>Grup de Recerca de Cervell\u00f3<\/strong>, una entitat local dedicada a <strong>estudiar, conservar i difondre el patrimoni cultural, social i natural<\/strong> del nostre municipi. A trav\u00e9s d\u2019aquesta col\u00b7laboraci\u00f3 participem en <strong>sortides, visites guiades i activitats pedag\u00f2giques<\/strong> a espais emblem\u00e0tics del poble \u2014com el castell, les esgl\u00e9sies, masies o indrets naturals\u2014 que apropen a l\u2019alumnat al seu entorn m\u00e9s proper i enriqueixen els seus aprenentatges.<\/p>\n\n\n\n<h3 class=\"wp-block-heading\"><strong>Tallers i activitats amb la Diputaci\u00f3 de Barcelona<\/strong><\/h3>\n\n\n\n<p class=\"has-medium-font-size\">El centre participa en <strong>activitats i tallers subvencionats per la Diputaci\u00f3 de Barcelona<\/strong> d\u2019\u00e0mbit educatiu i social. Aquestes propostes aborden temes com la <strong>salut, el consum responsable o el medi ambient<\/strong>, i complementen l\u2019acci\u00f3 educativa a l\u2019aula amb experi\u00e8ncies pr\u00e0ctiques, actuals i vinculades als interessos dels infants i de la comunitat.<\/p>\n\n\n\n<h3 class=\"wp-block-heading\"><strong>Biblioteca de Cervell\u00f3<\/strong><\/h3>\n\n\n\n<p class=\"has-medium-font-size\">La <strong>Biblioteca de Cervell\u00f3<\/strong> \u00e9s un espai amb el qual mantenim una <strong>relaci\u00f3 estreta i continuada<\/strong>. Participem en visites i activitats dinamitzades per la biblioteca municipal, que complementen el treball lector i cultural de l\u2019escola i promouen l\u2019h\u00e0bit de la lectura, la descoberta de llibres i la participaci\u00f3 en esdeveniments literaris oberts a tota la comunitat.<\/p>\n","protected":false},"excerpt":{"rendered":"<p>Escola vinculada a l\u2019entorn: cr\u00e9ixer plegats amb la comunitat A l\u2019escola creiem que l\u2019aprenentatge no nom\u00e9s passa dins les aules, sin\u00f3 tamb\u00e9 amb la comunitat que ens envolta. Per aix\u00f2, participem de manera activa i continuada en diferents activitats i projectes que connecten els infants amb la cultura, la lectura, la hist\u00f2ria i la dinamitzaci\u00f3 [&hellip;]<\/p>\n","protected":false},"author":63,"featured_media":0,"parent":3051,"menu_order":0,"comment_status":"closed","ping_status":"close","template":"","meta":{"_bbp_topic_count":0,"_bbp_reply_count":0,"_bbp_total_topic_count":0,"_bbp_total_reply_count":0,"_bbp_voice_count":0,"_bbp_anonymous_reply_count":0,"_bbp_topic_count_hidden":0,"_bbp_reply_count_hidden":0,"_bbp_forum_subforum_count":0,"site-sidebar-layout":"default","site-content-layout":"","ast-site-content-layout":"default","site-content-style":"default","site-sidebar-style":"default","ast-global-header-display":"","ast-banner-title-visibility":"","ast-main-header-display":"","ast-hfb-above-header-display":"","ast-hfb-below-header-display":"","ast-hfb-mobile-header-display":"","site-post-title":"","ast-breadcrumbs-content":"","ast-featured-img":"","footer-sml-layout":"","theme-transparent-header-meta":"","adv-header-id-meta":"","stick-header-meta":"","header-above-stick-meta":"","header-main-stick-meta":"","header-below-stick-meta":"","astra-migrate-meta-layouts":"set","ast-page-background-enabled":"default","ast-page-background-meta":{"desktop":{"background-color":"var(--ast-global-color-4)","background-image":"","background-repeat":"repeat","background-position":"center center","background-size":"auto","background-attachment":"scroll","background-type":"","background-media":"","overlay-type":"","overlay-color":"","overlay-opacity":"","overlay-gradient":""},"tablet":{"background-color":"","background-image":"","background-repeat":"repeat","background-position":"center center","background-size":"auto","background-attachment":"scroll","background-type":"","background-media":"","overlay-type":"","overlay-color":"","overlay-opacity":"","overlay-gradient":""},"mobile":{"background-color":"","background-image":"","background-repeat":"repeat","background-position":"center center","background-size":"auto","background-attachment":"scroll","background-type":"","background-media":"","overlay-type":"","overlay-color":"","overlay-opacity":"","overlay-gradient":""}},"ast-content-background-meta":{"desktop":{"background-color":"var(--ast-global-color-5)","background-image":"","background-repeat":"repeat","background-position":"center center","background-size":"auto","background-attachment":"scroll","background-type":"","background-media":"","overlay-type":"","overlay-color":"","overlay-opacity":"","overlay-gradient":""},"tablet":{"background-color":"var(--ast-global-color-5)","background-image":"","background-repeat":"repeat","background-position":"center center","background-size":"auto","background-attachment":"scroll","background-type":"","background-media":"","overlay-type":"","overlay-color":"","overlay-opacity":"","overlay-gradient":""},"mobile":{"background-color":"var(--ast-global-color-5)","background-image":"","background-repeat":"repeat","background-position":"center center","background-size":"auto","background-attachment":"scroll","background-type":"","background-media":"","overlay-type":"","overlay-color":"","overlay-opacity":"","overlay-gradient":""}},"footnotes":""},"class_list":["post-3412","page","type-page","status-publish","hentry"],"post_mailing_queue_ids":[],"_links":{"self":[{"href":"https:\/\/agora.xtec.cat\/escolasantamariacervello\/wp-json\/wp\/v2\/pages\/3412","targetHints":{"allow":["GET"]}}],"collection":[{"href":"https:\/\/agora.xtec.cat\/escolasantamariacervello\/wp-json\/wp\/v2\/pages"}],"about":[{"href":"https:\/\/agora.xtec.cat\/escolasantamariacervello\/wp-json\/wp\/v2\/types\/page"}],"author":[{"embeddable":true,"href":"https:\/\/agora.xtec.cat\/escolasantamariacervello\/wp-json\/wp\/v2\/users\/63"}],"replies":[{"embeddable":true,"href":"https:\/\/agora.xtec.cat\/escolasantamariacervello\/wp-json\/wp\/v2\/comments?post=3412"}],"version-history":[{"count":2,"href":"https:\/\/agora.xtec.cat\/escolasantamariacervello\/wp-json\/wp\/v2\/pages\/3412\/revisions"}],"predecessor-version":[{"id":3430,"href":"https:\/\/agora.xtec.cat\/escolasantamariacervello\/wp-json\/wp\/v2\/pages\/3412\/revisions\/3430"}],"up":[{"embeddable":true,"href":"https:\/\/agora.xtec.cat\/escolasantamariacervello\/wp-json\/wp\/v2\/pages\/3051"}],"wp:attachment":[{"href":"https:\/\/agora.xtec.cat\/escolasantamariacervello\/wp-json\/wp\/v2\/media?parent=3412"}],"curies":[{"name":"wp","href":"https:\/\/api.w.org\/{rel}","templated":true}]}}

<div style="height:27px" aria-hidden="true" class="wp-block-spacer"></div>



<h2 class="wp-block-heading"><strong>Escola vinculada a l’entorn: créixer plegats amb la comunitat</strong></h2>



<p class="has-medium-font-size">A l’escola creiem que l’aprenentatge no només passa dins les aules, sinó també <strong>amb la comunitat que ens envolta</strong>. Per això, participem de manera activa i continuada en diferents activitats i projectes que connecten els infants amb la cultura, la lectura, la història i la dinamització del nostre poble.</p>



<h3 class="wp-block-heading"><strong>Certamen de Lectura en Veu Alta</strong></h3>



<p class="has-medium-font-size">Participem en el <strong>Certamen de Lectura en Veu Alta</strong>, una iniciativa educativa i cultural impulsada per la <strong>Fundació Enciclopèdia Catalana</strong> i el <strong>Departament d’Educació</strong>, adreçada a alumnes d’etapes educatives diverses. Aquest certamen promou el <strong>gust per la lectura i la llengua catalana</strong> mitjançant la pràctica de la lectura expressiva davant d’un públic, amb fases classificatòries i finals territorials i escolars que impliquen a moltes escoles de Catalunya. La lectura en veu alta afavoreix habilitats lingüístiques, comunicatives i personals, i és una experiència enriquidora que estimula la confiança i la competència lectora.</p>



<h3 class="wp-block-heading"><strong>Grup de Recerca de Cervelló</strong></h3>



<p class="has-medium-font-size">Col·laborem amb el <strong>Grup de Recerca de Cervelló</strong>, una entitat local dedicada a <strong>estudiar, conservar i difondre el patrimoni cultural, social i natural</strong> del nostre municipi. A través d’aquesta col·laboració participem en <strong>sortides, visites guiades i activitats pedagògiques</strong> a espais emblemàtics del poble —com el castell, les esglésies, masies o indrets naturals— que apropen a l’alumnat al seu entorn més proper i enriqueixen els seus aprenentatges.</p>



<h3 class="wp-block-heading"><strong>Tallers i activitats amb la Diputació de Barcelona</strong></h3>



<p class="has-medium-font-size">El centre participa en <strong>activitats i tallers subvencionats per la Diputació de Barcelona</strong> d’àmbit educatiu i social. Aquestes propostes aborden temes com la <strong>salut, el consum responsable o el medi ambient</strong>, i complementen l’acció educativa a l’aula amb experiències pràctiques, actuals i vinculades als interessos dels infants i de la comunitat.</p>



<h3 class="wp-block-heading"><strong>Biblioteca de Cervelló</strong></h3>



<p class="has-medium-font-size">La <strong>Biblioteca de Cervelló</strong> és un espai amb el qual mantenim una <strong>relació estreta i continuada</strong>. Participem en visites i activitats dinamitzades per la biblioteca municipal, que complementen el treball lector i cultural de l’escola i promouen l’hàbit de la lectura, la descoberta de llibres i la participació en esdeveniments literaris oberts a tota la comunitat.</p>

<p>Escola vinculada a l’entorn: créixer plegats amb la comunitat A l’escola creiem que l’aprenentatge no només passa dins les aules, sinó també amb la comunitat que ens envolta. Per això, participem de manera activa i continuada en diferents activitats i projectes que connecten els infants amb la cultura, la lectura, la història i la dinamització [&hellip;]</p>
