{"id":3411,"date":"2026-02-02T11:19:55","date_gmt":"2026-02-02T10:19:55","guid":{"rendered":"https:\/\/agora.xtec.cat\/escolasantamariacervello\/?page_id=3411"},"modified":"2026-02-02T11:33:22","modified_gmt":"2026-02-02T10:33:22","slug":"centres-dinteres","status":"publish","type":"page","link":"https:\/\/agora.xtec.cat\/escolasantamariacervello\/projecte-educatiu\/comaprenem\/centres-dinteres\/","title":{"rendered":"Centres d&#8217;inter\u00e8s"},"content":{"rendered":"\n<p><\/p>\n\n\n\n<h2 class=\"wp-block-heading\"><strong>Centre d\u2019inter\u00e8s: aprendre a partir del que ens motiva<\/strong><\/h2>\n\n\n\n<p class=\"has-medium-font-size\">Cada curs escolar, el centre defineix un <strong>centre d\u2019inter\u00e8s anual<\/strong> que esdev\u00e9 el fil conductor de l\u2019aprenentatge. Aquest eix tem\u00e0tic neix a partir de les <strong>propostes i interessos dels infants<\/strong>, fet que afavoreix la motivaci\u00f3, la implicaci\u00f3 i el sentit del que s\u2019apr\u00e8n.<\/p>\n\n\n\n<p class=\"has-medium-font-size\">El centre d\u2019inter\u00e8s marca la tem\u00e0tica del curs i dona coher\u00e8ncia a les activitats, projectes i celebracions que es duen a terme al llarg de l\u2019any. D\u2019aquesta manera, els aprenentatges s\u2019articulen sota un mateix paraigua, connectant continguts, experi\u00e8ncies i viv\u00e8ncies significatives.<\/p>\n\n\n\n<p class=\"has-medium-font-size\">Apostar per un centre d\u2019inter\u00e8s compartit permet construir un aprenentatge <strong>globalitzat, vivencial i contextualitzat<\/strong>, on els infants s\u00f3n protagonistes del seu propi proc\u00e9s d\u2019aprenentatge i l\u2019escola esdev\u00e9 un espai de descoberta constant.<\/p>\n","protected":false},"excerpt":{"rendered":"<p>Centre d\u2019inter\u00e8s: aprendre a partir del que ens motiva Cada curs escolar, el centre defineix un centre d\u2019inter\u00e8s anual que esdev\u00e9 el fil conductor de l\u2019aprenentatge. Aquest eix tem\u00e0tic neix a partir de les propostes i interessos dels infants, fet que afavoreix la motivaci\u00f3, la implicaci\u00f3 i el sentit del que s\u2019apr\u00e8n. El centre d\u2019inter\u00e8s [&hellip;]<\/p>\n","protected":false},"author":63,"featured_media":0,"parent":3051,"menu_order":0,"comment_status":"closed","ping_status":"close","template":"","meta":{"_bbp_topic_count":0,"_bbp_reply_count":0,"_bbp_total_topic_count":0,"_bbp_total_reply_count":0,"_bbp_voice_count":0,"_bbp_anonymous_reply_count":0,"_bbp_topic_count_hidden":0,"_bbp_reply_count_hidden":0,"_bbp_forum_subforum_count":0,"site-sidebar-layout":"default","site-content-layout":"","ast-site-content-layout":"default","site-content-style":"default","site-sidebar-style":"default","ast-global-header-display":"","ast-banner-title-visibility":"","ast-main-header-display":"","ast-hfb-above-header-display":"","ast-hfb-below-header-display":"","ast-hfb-mobile-header-display":"","site-post-title":"","ast-breadcrumbs-content":"","ast-featured-img":"","footer-sml-layout":"","theme-transparent-header-meta":"","adv-header-id-meta":"","stick-header-meta":"","header-above-stick-meta":"","header-main-stick-meta":"","header-below-stick-meta":"","astra-migrate-meta-layouts":"set","ast-page-background-enabled":"default","ast-page-background-meta":{"desktop":{"background-color":"var(--ast-global-color-4)","background-image":"","background-repeat":"repeat","background-position":"center center","background-size":"auto","background-attachment":"scroll","background-type":"","background-media":"","overlay-type":"","overlay-color":"","overlay-opacity":"","overlay-gradient":""},"tablet":{"background-color":"","background-image":"","background-repeat":"repeat","background-position":"center center","background-size":"auto","background-attachment":"scroll","background-type":"","background-media":"","overlay-type":"","overlay-color":"","overlay-opacity":"","overlay-gradient":""},"mobile":{"background-color":"","background-image":"","background-repeat":"repeat","background-position":"center center","background-size":"auto","background-attachment":"scroll","background-type":"","background-media":"","overlay-type":"","overlay-color":"","overlay-opacity":"","overlay-gradient":""}},"ast-content-background-meta":{"desktop":{"background-color":"var(--ast-global-color-5)","background-image":"","background-repeat":"repeat","background-position":"center center","background-size":"auto","background-attachment":"scroll","background-type":"","background-media":"","overlay-type":"","overlay-color":"","overlay-opacity":"","overlay-gradient":""},"tablet":{"background-color":"var(--ast-global-color-5)","background-image":"","background-repeat":"repeat","background-position":"center center","background-size":"auto","background-attachment":"scroll","background-type":"","background-media":"","overlay-type":"","overlay-color":"","overlay-opacity":"","overlay-gradient":""},"mobile":{"background-color":"var(--ast-global-color-5)","background-image":"","background-repeat":"repeat","background-position":"center center","background-size":"auto","background-attachment":"scroll","background-type":"","background-media":"","overlay-type":"","overlay-color":"","overlay-opacity":"","overlay-gradient":""}},"footnotes":""},"class_list":["post-3411","page","type-page","status-publish","hentry"],"post_mailing_queue_ids":[],"_links":{"self":[{"href":"https:\/\/agora.xtec.cat\/escolasantamariacervello\/wp-json\/wp\/v2\/pages\/3411","targetHints":{"allow":["GET"]}}],"collection":[{"href":"https:\/\/agora.xtec.cat\/escolasantamariacervello\/wp-json\/wp\/v2\/pages"}],"about":[{"href":"https:\/\/agora.xtec.cat\/escolasantamariacervello\/wp-json\/wp\/v2\/types\/page"}],"author":[{"embeddable":true,"href":"https:\/\/agora.xtec.cat\/escolasantamariacervello\/wp-json\/wp\/v2\/users\/63"}],"replies":[{"embeddable":true,"href":"https:\/\/agora.xtec.cat\/escolasantamariacervello\/wp-json\/wp\/v2\/comments?post=3411"}],"version-history":[{"count":2,"href":"https:\/\/agora.xtec.cat\/escolasantamariacervello\/wp-json\/wp\/v2\/pages\/3411\/revisions"}],"predecessor-version":[{"id":3429,"href":"https:\/\/agora.xtec.cat\/escolasantamariacervello\/wp-json\/wp\/v2\/pages\/3411\/revisions\/3429"}],"up":[{"embeddable":true,"href":"https:\/\/agora.xtec.cat\/escolasantamariacervello\/wp-json\/wp\/v2\/pages\/3051"}],"wp:attachment":[{"href":"https:\/\/agora.xtec.cat\/escolasantamariacervello\/wp-json\/wp\/v2\/media?parent=3411"}],"curies":[{"name":"wp","href":"https:\/\/api.w.org\/{rel}","templated":true}]}}

Centres d&#8217;interès

<p></p>



<h2 class="wp-block-heading"><strong>Centre d’interès: aprendre a partir del que ens motiva</strong></h2>



<p class="has-medium-font-size">Cada curs escolar, el centre defineix un <strong>centre d’interès anual</strong> que esdevé el fil conductor de l’aprenentatge. Aquest eix temàtic neix a partir de les <strong>propostes i interessos dels infants</strong>, fet que afavoreix la motivació, la implicació i el sentit del que s’aprèn.</p>



<p class="has-medium-font-size">El centre d’interès marca la temàtica del curs i dona coherència a les activitats, projectes i celebracions que es duen a terme al llarg de l’any. D’aquesta manera, els aprenentatges s’articulen sota un mateix paraigua, connectant continguts, experiències i vivències significatives.</p>



<p class="has-medium-font-size">Apostar per un centre d’interès compartit permet construir un aprenentatge <strong>globalitzat, vivencial i contextualitzat</strong>, on els infants són protagonistes del seu propi procés d’aprenentatge i l’escola esdevé un espai de descoberta constant.</p>

<p>Centre d’interès: aprendre a partir del que ens motiva Cada curs escolar, el centre defineix un centre d’interès anual que esdevé el fil conductor de l’aprenentatge. Aquest eix temàtic neix a partir de les propostes i interessos dels infants, fet que afavoreix la motivació, la implicació i el sentit del que s’aprèn. El centre d’interès [&hellip;]</p>
