{"id":3409,"date":"2026-02-02T11:19:55","date_gmt":"2026-02-02T10:19:55","guid":{"rendered":"https:\/\/agora.xtec.cat\/escolasantamariacervello\/?page_id=3409"},"modified":"2026-02-02T11:33:01","modified_gmt":"2026-02-02T10:33:01","slug":"aprenentatge-entre-iguals","status":"publish","type":"page","link":"https:\/\/agora.xtec.cat\/escolasantamariacervello\/projecte-educatiu\/comaprenem\/aprenentatge-entre-iguals\/","title":{"rendered":"Aprenentatge entre iguals"},"content":{"rendered":"\n<h2 class=\"wp-block-heading\"><strong>Aprenentatge entre iguals: cr\u00e9ixer junts aprenent dels altres<\/strong><\/h2>\n\n\n\n<p class=\"has-medium-font-size\">A l\u2019escola entenem que <strong>aprendre amb els altres \u00e9s una de les eines m\u00e9s potents d\u2019aprenentatge<\/strong>. Per aix\u00f2, fomentem l\u2019aprenentatge entre iguals a trav\u00e9s de diferents propostes que afavoreixen la cooperaci\u00f3, la responsabilitat compartida i el desenvolupament de compet\u00e8ncies socials i emocionals.<\/p>\n\n\n\n<h3 class=\"wp-block-heading\"><strong>Equips cooperatius a l\u2019aula<\/strong><\/h3>\n\n\n\n<p class=\"has-medium-font-size\">La gesti\u00f3 de l\u2019aula es basa en <strong>equips cooperatius<\/strong>, formats amb una finalitat pedag\u00f2gica concreta. Cada infant assumeix <strong>rols i tasques definides<\/strong>, imprescindibles per avan\u00e7ar en les propostes de treball. Aquesta manera de treballar s\u2019inicia des d\u2019<strong>I3<\/strong> i es va graduant progressivament fins a <strong>6\u00e8 de prim\u00e0ria<\/strong>.<\/p>\n\n\n\n<p class=\"has-medium-font-size\">El treball cooperatiu ajuda els infants a <strong>aprendre a treballar en equip, escoltar els altres, respectar diferents punts de vista<\/strong> i assolir aprenentatges de m\u00e9s qualitat. Com diu la dita: <em>sols podem anar m\u00e9s r\u00e0pid, per\u00f2 junts podem anar m\u00e9s lluny<\/em>.<\/p>\n\n\n\n<h3 class=\"wp-block-heading\"><strong>Padrins de lectura<\/strong><\/h3>\n\n\n\n<p class=\"has-medium-font-size\">Els alumnes de <strong>6\u00e8<\/strong> fan de <strong>padrins lectors<\/strong> dels infants d\u2019<strong>I5<\/strong>, creant un espai compartit de lectura que afavoreix tant l\u2019aprenentatge com el vincle emocional. Aquesta proposta promou la <strong>responsabilitat, l\u2019afectivitat i la confian\u00e7a m\u00fatua<\/strong>, generant relacions educatives molt positives entre grans i petits.<\/p>\n\n\n\n<h3 class=\"wp-block-heading\"><strong>Llegim en parella<\/strong><\/h3>\n\n\n\n<p class=\"has-medium-font-size\">En aquesta iniciativa, els infants de <strong>5\u00e8<\/strong> assumeixen el rol de <strong>tutors dels alumnes de 3r<\/strong>, acompanyant-los en el proc\u00e9s de millora de la <strong>comprensi\u00f3 lectora<\/strong>. L\u2019aprenentatge entre iguals permet refor\u00e7ar els continguts, augmentar l\u2019autoestima i consolidar estrat\u00e8gies lectores d\u2019una manera propera i significativa.<\/p>\n\n\n\n<h3 class=\"wp-block-heading\"><strong>Sharing to Learn<\/strong><\/h3>\n\n\n\n<p class=\"has-medium-font-size\">El centre participa en el projecte municipal <strong>Sharing to Learn<\/strong>, una proposta d\u2019<strong>aprenentatge i servei<\/strong> en qu\u00e8 alumnes de l\u2019institut del municipi, amb un alt nivell d\u2019angl\u00e8s, col\u00b7laboren amb els infants de <strong>1r i 2n de prim\u00e0ria<\/strong> per potenciar l\u2019<strong>expressi\u00f3 oral en llengua anglesa<\/strong>. Aquesta experi\u00e8ncia refor\u00e7a una de les habilitats clau en l\u2019aprenentatge d\u2019una llengua estrangera, alhora que crea vincles positius entre etapes educatives.<\/p>\n","protected":false},"excerpt":{"rendered":"<p>Aprenentatge entre iguals: cr\u00e9ixer junts aprenent dels altres A l\u2019escola entenem que aprendre amb els altres \u00e9s una de les eines m\u00e9s potents d\u2019aprenentatge. Per aix\u00f2, fomentem l\u2019aprenentatge entre iguals a trav\u00e9s de diferents propostes que afavoreixen la cooperaci\u00f3, la responsabilitat compartida i el desenvolupament de compet\u00e8ncies socials i emocionals. Equips cooperatius a l\u2019aula La [&hellip;]<\/p>\n","protected":false},"author":63,"featured_media":0,"parent":3051,"menu_order":0,"comment_status":"closed","ping_status":"close","template":"","meta":{"_bbp_topic_count":0,"_bbp_reply_count":0,"_bbp_total_topic_count":0,"_bbp_total_reply_count":0,"_bbp_voice_count":0,"_bbp_anonymous_reply_count":0,"_bbp_topic_count_hidden":0,"_bbp_reply_count_hidden":0,"_bbp_forum_subforum_count":0,"site-sidebar-layout":"default","site-content-layout":"","ast-site-content-layout":"default","site-content-style":"default","site-sidebar-style":"default","ast-global-header-display":"","ast-banner-title-visibility":"","ast-main-header-display":"","ast-hfb-above-header-display":"","ast-hfb-below-header-display":"","ast-hfb-mobile-header-display":"","site-post-title":"","ast-breadcrumbs-content":"","ast-featured-img":"","footer-sml-layout":"","theme-transparent-header-meta":"","adv-header-id-meta":"","stick-header-meta":"","header-above-stick-meta":"","header-main-stick-meta":"","header-below-stick-meta":"","astra-migrate-meta-layouts":"set","ast-page-background-enabled":"default","ast-page-background-meta":{"desktop":{"background-color":"var(--ast-global-color-4)","background-image":"","background-repeat":"repeat","background-position":"center center","background-size":"auto","background-attachment":"scroll","background-type":"","background-media":"","overlay-type":"","overlay-color":"","overlay-opacity":"","overlay-gradient":""},"tablet":{"background-color":"","background-image":"","background-repeat":"repeat","background-position":"center center","background-size":"auto","background-attachment":"scroll","background-type":"","background-media":"","overlay-type":"","overlay-color":"","overlay-opacity":"","overlay-gradient":""},"mobile":{"background-color":"","background-image":"","background-repeat":"repeat","background-position":"center center","background-size":"auto","background-attachment":"scroll","background-type":"","background-media":"","overlay-type":"","overlay-color":"","overlay-opacity":"","overlay-gradient":""}},"ast-content-background-meta":{"desktop":{"background-color":"var(--ast-global-color-5)","background-image":"","background-repeat":"repeat","background-position":"center center","background-size":"auto","background-attachment":"scroll","background-type":"","background-media":"","overlay-type":"","overlay-color":"","overlay-opacity":"","overlay-gradient":""},"tablet":{"background-color":"var(--ast-global-color-5)","background-image":"","background-repeat":"repeat","background-position":"center center","background-size":"auto","background-attachment":"scroll","background-type":"","background-media":"","overlay-type":"","overlay-color":"","overlay-opacity":"","overlay-gradient":""},"mobile":{"background-color":"var(--ast-global-color-5)","background-image":"","background-repeat":"repeat","background-position":"center center","background-size":"auto","background-attachment":"scroll","background-type":"","background-media":"","overlay-type":"","overlay-color":"","overlay-opacity":"","overlay-gradient":""}},"footnotes":""},"class_list":["post-3409","page","type-page","status-publish","hentry"],"post_mailing_queue_ids":[],"_links":{"self":[{"href":"https:\/\/agora.xtec.cat\/escolasantamariacervello\/wp-json\/wp\/v2\/pages\/3409","targetHints":{"allow":["GET"]}}],"collection":[{"href":"https:\/\/agora.xtec.cat\/escolasantamariacervello\/wp-json\/wp\/v2\/pages"}],"about":[{"href":"https:\/\/agora.xtec.cat\/escolasantamariacervello\/wp-json\/wp\/v2\/types\/page"}],"author":[{"embeddable":true,"href":"https:\/\/agora.xtec.cat\/escolasantamariacervello\/wp-json\/wp\/v2\/users\/63"}],"replies":[{"embeddable":true,"href":"https:\/\/agora.xtec.cat\/escolasantamariacervello\/wp-json\/wp\/v2\/comments?post=3409"}],"version-history":[{"count":2,"href":"https:\/\/agora.xtec.cat\/escolasantamariacervello\/wp-json\/wp\/v2\/pages\/3409\/revisions"}],"predecessor-version":[{"id":3428,"href":"https:\/\/agora.xtec.cat\/escolasantamariacervello\/wp-json\/wp\/v2\/pages\/3409\/revisions\/3428"}],"up":[{"embeddable":true,"href":"https:\/\/agora.xtec.cat\/escolasantamariacervello\/wp-json\/wp\/v2\/pages\/3051"}],"wp:attachment":[{"href":"https:\/\/agora.xtec.cat\/escolasantamariacervello\/wp-json\/wp\/v2\/media?parent=3409"}],"curies":[{"name":"wp","href":"https:\/\/api.w.org\/{rel}","templated":true}]}}

<h2 class="wp-block-heading"><strong>Aprenentatge entre iguals: créixer junts aprenent dels altres</strong></h2>



<p class="has-medium-font-size">A l’escola entenem que <strong>aprendre amb els altres és una de les eines més potents d’aprenentatge</strong>. Per això, fomentem l’aprenentatge entre iguals a través de diferents propostes que afavoreixen la cooperació, la responsabilitat compartida i el desenvolupament de competències socials i emocionals.</p>



<h3 class="wp-block-heading"><strong>Equips cooperatius a l’aula</strong></h3>



<p class="has-medium-font-size">La gestió de l’aula es basa en <strong>equips cooperatius</strong>, formats amb una finalitat pedagògica concreta. Cada infant assumeix <strong>rols i tasques definides</strong>, imprescindibles per avançar en les propostes de treball. Aquesta manera de treballar s’inicia des d’<strong>I3</strong> i es va graduant progressivament fins a <strong>6è de primària</strong>.</p>



<p class="has-medium-font-size">El treball cooperatiu ajuda els infants a <strong>aprendre a treballar en equip, escoltar els altres, respectar diferents punts de vista</strong> i assolir aprenentatges de més qualitat. Com diu la dita: <em>sols podem anar més ràpid, però junts podem anar més lluny</em>.</p>



<h3 class="wp-block-heading"><strong>Padrins de lectura</strong></h3>



<p class="has-medium-font-size">Els alumnes de <strong>6è</strong> fan de <strong>padrins lectors</strong> dels infants d’<strong>I5</strong>, creant un espai compartit de lectura que afavoreix tant l’aprenentatge com el vincle emocional. Aquesta proposta promou la <strong>responsabilitat, l’afectivitat i la confiança mútua</strong>, generant relacions educatives molt positives entre grans i petits.</p>



<h3 class="wp-block-heading"><strong>Llegim en parella</strong></h3>



<p class="has-medium-font-size">En aquesta iniciativa, els infants de <strong>5è</strong> assumeixen el rol de <strong>tutors dels alumnes de 3r</strong>, acompanyant-los en el procés de millora de la <strong>comprensió lectora</strong>. L’aprenentatge entre iguals permet reforçar els continguts, augmentar l’autoestima i consolidar estratègies lectores d’una manera propera i significativa.</p>



<h3 class="wp-block-heading"><strong>Sharing to Learn</strong></h3>



<p class="has-medium-font-size">El centre participa en el projecte municipal <strong>Sharing to Learn</strong>, una proposta d’<strong>aprenentatge i servei</strong> en què alumnes de l’institut del municipi, amb un alt nivell d’anglès, col·laboren amb els infants de <strong>1r i 2n de primària</strong> per potenciar l’<strong>expressió oral en llengua anglesa</strong>. Aquesta experiència reforça una de les habilitats clau en l’aprenentatge d’una llengua estrangera, alhora que crea vincles positius entre etapes educatives.</p>

<p>Aprenentatge entre iguals: créixer junts aprenent dels altres A l’escola entenem que aprendre amb els altres és una de les eines més potents d’aprenentatge. Per això, fomentem l’aprenentatge entre iguals a través de diferents propostes que afavoreixen la cooperació, la responsabilitat compartida i el desenvolupament de competències socials i emocionals. Equips cooperatius a l’aula La [&hellip;]</p>
