{"id":3175,"date":"2026-01-31T13:16:17","date_gmt":"2026-01-31T12:16:17","guid":{"rendered":"https:\/\/agora.xtec.cat\/escolasantamariacervello\/?page_id=3175"},"modified":"2026-02-02T22:23:33","modified_gmt":"2026-02-02T21:23:33","slug":"dia-de-la-fruita-%f0%9f%8d%8e%f0%9f%8d%90%f0%9f%8d%8a%f0%9f%8d%8c%f0%9f%8d%87%f0%9f%8d%93","status":"publish","type":"page","link":"https:\/\/agora.xtec.cat\/escolasantamariacervello\/eixos-transversals\/escola-verda\/accions\/dia-de-la-fruita-%f0%9f%8d%8e%f0%9f%8d%90%f0%9f%8d%8a%f0%9f%8d%8c%f0%9f%8d%87%f0%9f%8d%93\/","title":{"rendered":"Dia de la fruita \ud83c\udf4e\ud83c\udf50\ud83c\udf4a\ud83c\udf4c\ud83c\udf47\ud83c\udf53"},"content":{"rendered":"\n<p class=\"has-medium-font-size\">A la nostra escola, cada dimarts celebrem el <em>dia de la fruita<\/em>, una iniciativa que promou h\u00e0bits alimentaris saludables entre tot l\u2019alumnat. Aquest dia, els infants porten fruita per esmorzar i gaudeixen d\u2019un moment compartit ple d\u2019energia i vitamines.<\/p>\n\n\n\n<p class=\"has-medium-font-size\">Els i les <em>eco-parelles<\/em> hi tenen un paper clau: s\u00f3n els\/les encarregades de comptar les peces de fruita que es porten a cada classe i d\u2019omplir unes gr\u00e0fiques amb els resultats. D\u2019aquesta manera, es fa un recull de dades que permet veure quina classe ha menjat m\u00e9s fruita al llarg del trimestre, tot fomentant el treball cooperatiu, la responsabilitat i la consci\u00e8ncia ambiental.<\/p>\n\n\n\n<p class=\"has-medium-font-size\">Al final del trimestre, amb totes les dades recollides, s\u2019entrega la medalla a la classe m\u00e9s \u201cmenjafruita\u201d, com a reconeixement a l\u2019esfor\u00e7 i al comprom\u00eds per una alimentaci\u00f3 saludable.<\/p>\n\n\n\n<figure class=\"wp-block-image size-large is-resized\"><a href=\"https:\/\/agora.xtec.cat\/escolasantamariacervello\/wp-content\/uploads\/usu1763\/2026\/02\/image-10.jpeg\"><img loading=\"lazy\" decoding=\"async\" width=\"461\" height=\"1024\" src=\"https:\/\/agora.xtec.cat\/escolasantamariacervello\/wp-content\/uploads\/usu1763\/2026\/02\/image-10-461x1024.jpeg\" alt=\"\" class=\"wp-image-3445\" style=\"aspect-ratio:1;object-fit:cover;width:645px;height:auto\" srcset=\"https:\/\/agora.xtec.cat\/escolasantamariacervello\/wp-content\/uploads\/usu1763\/2026\/02\/image-10-461x1024.jpeg 461w, https:\/\/agora.xtec.cat\/escolasantamariacervello\/wp-content\/uploads\/usu1763\/2026\/02\/image-10-135x300.jpeg 135w, https:\/\/agora.xtec.cat\/escolasantamariacervello\/wp-content\/uploads\/usu1763\/2026\/02\/image-10-691x1536.jpeg 691w, https:\/\/agora.xtec.cat\/escolasantamariacervello\/wp-content\/uploads\/usu1763\/2026\/02\/image-10.jpeg 720w\" sizes=\"auto, (max-width: 461px) 100vw, 461px\" \/><\/a><\/figure>\n","protected":false},"excerpt":{"rendered":"<p>A la nostra escola, cada dimarts celebrem el dia de la fruita, una iniciativa que promou h\u00e0bits alimentaris saludables entre tot l\u2019alumnat. Aquest dia, els infants porten fruita per esmorzar i gaudeixen d\u2019un moment compartit ple d\u2019energia i vitamines. Els i les eco-parelles hi tenen un paper clau: s\u00f3n els\/les encarregades de comptar les peces [&hellip;]<\/p>\n","protected":false},"author":63,"featured_media":0,"parent":3095,"menu_order":0,"comment_status":"closed","ping_status":"close","template":"","meta":{"_bbp_topic_count":0,"_bbp_reply_count":0,"_bbp_total_topic_count":0,"_bbp_total_reply_count":0,"_bbp_voice_count":0,"_bbp_anonymous_reply_count":0,"_bbp_topic_count_hidden":0,"_bbp_reply_count_hidden":0,"_bbp_forum_subforum_count":0,"site-sidebar-layout":"default","site-content-layout":"","ast-site-content-layout":"default","site-content-style":"default","site-sidebar-style":"default","ast-global-header-display":"","ast-banner-title-visibility":"","ast-main-header-display":"","ast-hfb-above-header-display":"","ast-hfb-below-header-display":"","ast-hfb-mobile-header-display":"","site-post-title":"","ast-breadcrumbs-content":"","ast-featured-img":"","footer-sml-layout":"","theme-transparent-header-meta":"","adv-header-id-meta":"","stick-header-meta":"","header-above-stick-meta":"","header-main-stick-meta":"","header-below-stick-meta":"","astra-migrate-meta-layouts":"set","ast-page-background-enabled":"default","ast-page-background-meta":{"desktop":{"background-color":"var(--ast-global-color-4)","background-image":"","background-repeat":"repeat","background-position":"center center","background-size":"auto","background-attachment":"scroll","background-type":"","background-media":"","overlay-type":"","overlay-color":"","overlay-opacity":"","overlay-gradient":""},"tablet":{"background-color":"","background-image":"","background-repeat":"repeat","background-position":"center center","background-size":"auto","background-attachment":"scroll","background-type":"","background-media":"","overlay-type":"","overlay-color":"","overlay-opacity":"","overlay-gradient":""},"mobile":{"background-color":"","background-image":"","background-repeat":"repeat","background-position":"center center","background-size":"auto","background-attachment":"scroll","background-type":"","background-media":"","overlay-type":"","overlay-color":"","overlay-opacity":"","overlay-gradient":""}},"ast-content-background-meta":{"desktop":{"background-color":"var(--ast-global-color-5)","background-image":"","background-repeat":"repeat","background-position":"center center","background-size":"auto","background-attachment":"scroll","background-type":"","background-media":"","overlay-type":"","overlay-color":"","overlay-opacity":"","overlay-gradient":""},"tablet":{"background-color":"var(--ast-global-color-5)","background-image":"","background-repeat":"repeat","background-position":"center center","background-size":"auto","background-attachment":"scroll","background-type":"","background-media":"","overlay-type":"","overlay-color":"","overlay-opacity":"","overlay-gradient":""},"mobile":{"background-color":"var(--ast-global-color-5)","background-image":"","background-repeat":"repeat","background-position":"center center","background-size":"auto","background-attachment":"scroll","background-type":"","background-media":"","overlay-type":"","overlay-color":"","overlay-opacity":"","overlay-gradient":""}},"footnotes":""},"class_list":["post-3175","page","type-page","status-publish","hentry"],"post_mailing_queue_ids":[],"_links":{"self":[{"href":"https:\/\/agora.xtec.cat\/escolasantamariacervello\/wp-json\/wp\/v2\/pages\/3175","targetHints":{"allow":["GET"]}}],"collection":[{"href":"https:\/\/agora.xtec.cat\/escolasantamariacervello\/wp-json\/wp\/v2\/pages"}],"about":[{"href":"https:\/\/agora.xtec.cat\/escolasantamariacervello\/wp-json\/wp\/v2\/types\/page"}],"author":[{"embeddable":true,"href":"https:\/\/agora.xtec.cat\/escolasantamariacervello\/wp-json\/wp\/v2\/users\/63"}],"replies":[{"embeddable":true,"href":"https:\/\/agora.xtec.cat\/escolasantamariacervello\/wp-json\/wp\/v2\/comments?post=3175"}],"version-history":[{"count":3,"href":"https:\/\/agora.xtec.cat\/escolasantamariacervello\/wp-json\/wp\/v2\/pages\/3175\/revisions"}],"predecessor-version":[{"id":3454,"href":"https:\/\/agora.xtec.cat\/escolasantamariacervello\/wp-json\/wp\/v2\/pages\/3175\/revisions\/3454"}],"up":[{"embeddable":true,"href":"https:\/\/agora.xtec.cat\/escolasantamariacervello\/wp-json\/wp\/v2\/pages\/3095"}],"wp:attachment":[{"href":"https:\/\/agora.xtec.cat\/escolasantamariacervello\/wp-json\/wp\/v2\/media?parent=3175"}],"curies":[{"name":"wp","href":"https:\/\/api.w.org\/{rel}","templated":true}]}}