{"id":3139,"date":"2026-01-31T12:35:13","date_gmt":"2026-01-31T11:35:13","guid":{"rendered":"https:\/\/agora.xtec.cat\/escolasantamariacervello\/?page_id=3139"},"modified":"2026-01-31T12:39:15","modified_gmt":"2026-01-31T11:39:15","slug":"%f0%9f%94%8b-apilo","status":"publish","type":"page","link":"https:\/\/agora.xtec.cat\/escolasantamariacervello\/eixos-transversals\/escola-verda\/reciclatge\/%f0%9f%94%8b-apilo\/","title":{"rendered":"\ud83d\udd0b Apilo"},"content":{"rendered":"\n<h2 class=\"wp-block-heading\"><strong>Recollida de piles usades<\/strong><\/h2>\n\n\n\n<p>L\u2019escola participa en el projecte Apilo, dedicat a la <strong>recollida <\/strong>de <strong>piles <\/strong>usades. A trav\u00e9s d\u2019aquest <strong>punt de recollida<\/strong>, contribu\u00efm a <strong>reduir <\/strong>la <strong>contaminaci\u00f3 <\/strong>que provoquen aquests residus tan nocius per al medi ambient i promovem <strong>h\u00e0bits responsables<\/strong> entre tota la comunitat educativa.<\/p>\n\n\n\n<div class=\"wp-block-columns is-layout-flex wp-container-core-columns-is-layout-1 wp-block-columns-is-layout-flex\">\n<div class=\"wp-block-column is-layout-flow wp-block-column-is-layout-flow\" style=\"flex-basis:33.34%\"><\/div>\n\n\n\n<div class=\"wp-block-column is-layout-flow wp-block-column-is-layout-flow\" style=\"flex-basis:33.34%\">\n<figure class=\"wp-block-image size-full\"><a href=\"https:\/\/www.apilo.cat\/\"><img loading=\"lazy\" decoding=\"async\" width=\"824\" height=\"463\" src=\"https:\/\/agora.xtec.cat\/escolasantamariacervello\/wp-content\/uploads\/usu1763\/2026\/01\/Apilo_.png\" alt=\"\" class=\"wp-image-3142\" srcset=\"https:\/\/agora.xtec.cat\/escolasantamariacervello\/wp-content\/uploads\/usu1763\/2026\/01\/Apilo_.png 824w, https:\/\/agora.xtec.cat\/escolasantamariacervello\/wp-content\/uploads\/usu1763\/2026\/01\/Apilo_-300x169.png 300w, https:\/\/agora.xtec.cat\/escolasantamariacervello\/wp-content\/uploads\/usu1763\/2026\/01\/Apilo_-768x432.png 768w\" sizes=\"auto, (max-width: 824px) 100vw, 824px\" \/><\/a><figcaption class=\"wp-element-caption\"><a href=\"https:\/\/www.apilo.cat\/\">https:\/\/www.apilo.cat\/<\/a><\/figcaption><\/figure>\n<\/div>\n\n\n\n<div class=\"wp-block-column is-layout-flow wp-block-column-is-layout-flow\" style=\"flex-basis:33.33%\"><\/div>\n<\/div>\n\n\n\n<p><\/p>\n","protected":false},"excerpt":{"rendered":"<p>Recollida de piles usades L\u2019escola participa en el projecte Apilo, dedicat a la recollida de piles usades. A trav\u00e9s d\u2019aquest punt de recollida, contribu\u00efm a reduir la contaminaci\u00f3 que provoquen aquests residus tan nocius per al medi ambient i promovem h\u00e0bits responsables entre tota la comunitat educativa.<\/p>\n","protected":false},"author":63,"featured_media":0,"parent":2967,"menu_order":0,"comment_status":"closed","ping_status":"close","template":"","meta":{"_bbp_topic_count":0,"_bbp_reply_count":0,"_bbp_total_topic_count":0,"_bbp_total_reply_count":0,"_bbp_voice_count":0,"_bbp_anonymous_reply_count":0,"_bbp_topic_count_hidden":0,"_bbp_reply_count_hidden":0,"_bbp_forum_subforum_count":0,"site-sidebar-layout":"default","site-content-layout":"","ast-site-content-layout":"default","site-content-style":"default","site-sidebar-style":"default","ast-global-header-display":"","ast-banner-title-visibility":"","ast-main-header-display":"","ast-hfb-above-header-display":"","ast-hfb-below-header-display":"","ast-hfb-mobile-header-display":"","site-post-title":"","ast-breadcrumbs-content":"","ast-featured-img":"","footer-sml-layout":"","theme-transparent-header-meta":"","adv-header-id-meta":"","stick-header-meta":"","header-above-stick-meta":"","header-main-stick-meta":"","header-below-stick-meta":"","astra-migrate-meta-layouts":"set","ast-page-background-enabled":"default","ast-page-background-meta":{"desktop":{"background-color":"var(--ast-global-color-4)","background-image":"","background-repeat":"repeat","background-position":"center center","background-size":"auto","background-attachment":"scroll","background-type":"","background-media":"","overlay-type":"","overlay-color":"","overlay-opacity":"","overlay-gradient":""},"tablet":{"background-color":"","background-image":"","background-repeat":"repeat","background-position":"center center","background-size":"auto","background-attachment":"scroll","background-type":"","background-media":"","overlay-type":"","overlay-color":"","overlay-opacity":"","overlay-gradient":""},"mobile":{"background-color":"","background-image":"","background-repeat":"repeat","background-position":"center center","background-size":"auto","background-attachment":"scroll","background-type":"","background-media":"","overlay-type":"","overlay-color":"","overlay-opacity":"","overlay-gradient":""}},"ast-content-background-meta":{"desktop":{"background-color":"var(--ast-global-color-5)","background-image":"","background-repeat":"repeat","background-position":"center center","background-size":"auto","background-attachment":"scroll","background-type":"","background-media":"","overlay-type":"","overlay-color":"","overlay-opacity":"","overlay-gradient":""},"tablet":{"background-color":"var(--ast-global-color-5)","background-image":"","background-repeat":"repeat","background-position":"center center","background-size":"auto","background-attachment":"scroll","background-type":"","background-media":"","overlay-type":"","overlay-color":"","overlay-opacity":"","overlay-gradient":""},"mobile":{"background-color":"var(--ast-global-color-5)","background-image":"","background-repeat":"repeat","background-position":"center center","background-size":"auto","background-attachment":"scroll","background-type":"","background-media":"","overlay-type":"","overlay-color":"","overlay-opacity":"","overlay-gradient":""}},"footnotes":""},"class_list":["post-3139","page","type-page","status-publish","hentry"],"post_mailing_queue_ids":[],"_links":{"self":[{"href":"https:\/\/agora.xtec.cat\/escolasantamariacervello\/wp-json\/wp\/v2\/pages\/3139","targetHints":{"allow":["GET"]}}],"collection":[{"href":"https:\/\/agora.xtec.cat\/escolasantamariacervello\/wp-json\/wp\/v2\/pages"}],"about":[{"href":"https:\/\/agora.xtec.cat\/escolasantamariacervello\/wp-json\/wp\/v2\/types\/page"}],"author":[{"embeddable":true,"href":"https:\/\/agora.xtec.cat\/escolasantamariacervello\/wp-json\/wp\/v2\/users\/63"}],"replies":[{"embeddable":true,"href":"https:\/\/agora.xtec.cat\/escolasantamariacervello\/wp-json\/wp\/v2\/comments?post=3139"}],"version-history":[{"count":7,"href":"https:\/\/agora.xtec.cat\/escolasantamariacervello\/wp-json\/wp\/v2\/pages\/3139\/revisions"}],"predecessor-version":[{"id":3150,"href":"https:\/\/agora.xtec.cat\/escolasantamariacervello\/wp-json\/wp\/v2\/pages\/3139\/revisions\/3150"}],"up":[{"embeddable":true,"href":"https:\/\/agora.xtec.cat\/escolasantamariacervello\/wp-json\/wp\/v2\/pages\/2967"}],"wp:attachment":[{"href":"https:\/\/agora.xtec.cat\/escolasantamariacervello\/wp-json\/wp\/v2\/media?parent=3139"}],"curies":[{"name":"wp","href":"https:\/\/api.w.org\/{rel}","templated":true}]}}

<h2 class="wp-block-heading"><strong>Recollida de piles usades</strong></h2>



<p>L’escola participa en el projecte Apilo, dedicat a la <strong>recollida </strong>de <strong>piles </strong>usades. A través d’aquest <strong>punt de recollida</strong>, contribuïm a <strong>reduir </strong>la <strong>contaminació </strong>que provoquen aquests residus tan nocius per al medi ambient i promovem <strong>hàbits responsables</strong> entre tota la comunitat educativa.</p>



<div class="wp-block-columns is-layout-flex wp-container-core-columns-is-layout-1 wp-block-columns-is-layout-flex">
<div class="wp-block-column is-layout-flow wp-block-column-is-layout-flow" style="flex-basis:33.34%"></div>



<div class="wp-block-column is-layout-flow wp-block-column-is-layout-flow" style="flex-basis:33.34%">
<figure class="wp-block-image size-full"><a href="https://www.apilo.cat/"><img loading="lazy" decoding="async" width="824" height="463" src="https://agora.xtec.cat/escolasantamariacervello/wp-content/uploads/usu1763/2026/01/Apilo_.png" alt="" class="wp-image-3142" srcset="https://agora.xtec.cat/escolasantamariacervello/wp-content/uploads/usu1763/2026/01/Apilo_.png 824w, https://agora.xtec.cat/escolasantamariacervello/wp-content/uploads/usu1763/2026/01/Apilo_-300x169.png 300w, https://agora.xtec.cat/escolasantamariacervello/wp-content/uploads/usu1763/2026/01/Apilo_-768x432.png 768w" sizes="auto, (max-width: 824px) 100vw, 824px" /></a><figcaption class="wp-element-caption"><a href="https://www.apilo.cat/">https://www.apilo.cat/</a></figcaption></figure>
</div>



<div class="wp-block-column is-layout-flow wp-block-column-is-layout-flow" style="flex-basis:33.33%"></div>
</div>



<p></p>

<p>Recollida de piles usades L’escola participa en el projecte Apilo, dedicat a la recollida de piles usades. A través d’aquest punt de recollida, contribuïm a reduir la contaminació que provoquen aquests residus tan nocius per al medi ambient i promovem hàbits responsables entre tota la comunitat educativa.</p>
