{"id":3091,"date":"2026-01-29T22:21:51","date_gmt":"2026-01-29T21:21:51","guid":{"rendered":"https:\/\/agora.xtec.cat\/escolasantamariacervello\/?page_id=3091"},"modified":"2026-02-03T20:49:25","modified_gmt":"2026-02-03T19:49:25","slug":"comite-ambiental","status":"publish","type":"page","link":"https:\/\/agora.xtec.cat\/escolasantamariacervello\/eixos-transversals\/escola-verda\/accions\/comite-ambiental\/","title":{"rendered":"Comit\u00e8 Ambiental"},"content":{"rendered":"\n<p class=\"has-medium-font-size\">A l\u2019escola, aproximadament <strong>un cop al mes<\/strong>, es reuneix el <em>Comit\u00e8 Ambiental<\/em>, un espai de participaci\u00f3 i reflexi\u00f3 on l\u2019alumnat pren un paper protagonista en la cura del medi ambient. Aquestes reunions es duen a terme <strong>fora de l\u2019horari lectiu<\/strong> i hi participen totes les <em>eco-parelles del centre<\/em>, representant les diferents classes.<\/p>\n\n\n\n<p class=\"has-medium-font-size\">Durant el Comit\u00e8 Ambiental, els nens i nenes comparteixen inquietuds, tracten <strong>temes d\u2019actualitat relacionats amb la sostenibilitat<\/strong> i pensen conjuntament <strong>accions concretes<\/strong> per fer de l\u2019escola i del seu entorn un espai cada vegada m\u00e9s respectu\u00f3s amb el planeta. \u00c9s un espai on es fomenta el di\u00e0leg, el pensament cr\u00edtic, la presa de decisions i el treball cooperatiu.<\/p>\n\n\n\n<p class=\"has-medium-font-size\">Algunes de les iniciatives que han sorgit d\u2019aquest comit\u00e8 en cursos anteriors s\u00f3n: per exemple, la recerca de solucions per <strong>regar l\u2019hort escolar en temps de sequera aprofitant l\u2019aigua sobrant del menjador<\/strong>, l\u2019organitzaci\u00f3 d\u2019un <strong>mercat de roba de segona m\u00e0<\/strong> per promoure el consum responsable, o la <strong>creaci\u00f3 d\u2019un jard\u00ed de papallones<\/strong> per afavorir la biodiversitat del nostre entorn.<strong>Els infants no nom\u00e9s proposen idees, sin\u00f3 que tamb\u00e9 s\u2019impliquen activament en dur-les a terme<\/strong>, convertint-se en agents de canvi real. D\u2019aquesta manera, el Comit\u00e8 Ambiental esdev\u00e9 una eina educativa clau per construir, entre tots i totes, una escola cada vegada m\u00e9s verda, conscient i compromesa amb el futur del planeta.<\/p>\n","protected":false},"excerpt":{"rendered":"<p>A l\u2019escola, aproximadament un cop al mes, es reuneix el Comit\u00e8 Ambiental, un espai de participaci\u00f3 i reflexi\u00f3 on l\u2019alumnat pren un paper protagonista en la cura del medi ambient. Aquestes reunions es duen a terme fora de l\u2019horari lectiu i hi participen totes les eco-parelles del centre, representant les diferents classes. Durant el Comit\u00e8 [&hellip;]<\/p>\n","protected":false},"author":63,"featured_media":0,"parent":3095,"menu_order":0,"comment_status":"closed","ping_status":"closed","template":"","meta":{"_bbp_topic_count":0,"_bbp_reply_count":0,"_bbp_total_topic_count":0,"_bbp_total_reply_count":0,"_bbp_voice_count":0,"_bbp_anonymous_reply_count":0,"_bbp_topic_count_hidden":0,"_bbp_reply_count_hidden":0,"_bbp_forum_subforum_count":0,"site-sidebar-layout":"default","site-content-layout":"","ast-site-content-layout":"default","site-content-style":"default","site-sidebar-style":"default","ast-global-header-display":"","ast-banner-title-visibility":"","ast-main-header-display":"","ast-hfb-above-header-display":"","ast-hfb-below-header-display":"","ast-hfb-mobile-header-display":"","site-post-title":"","ast-breadcrumbs-content":"","ast-featured-img":"","footer-sml-layout":"","theme-transparent-header-meta":"","adv-header-id-meta":"","stick-header-meta":"","header-above-stick-meta":"","header-main-stick-meta":"","header-below-stick-meta":"","astra-migrate-meta-layouts":"set","ast-page-background-enabled":"default","ast-page-background-meta":{"desktop":{"background-color":"var(--ast-global-color-4)","background-image":"","background-repeat":"repeat","background-position":"center center","background-size":"auto","background-attachment":"scroll","background-type":"","background-media":"","overlay-type":"","overlay-color":"","overlay-opacity":"","overlay-gradient":""},"tablet":{"background-color":"","background-image":"","background-repeat":"repeat","background-position":"center center","background-size":"auto","background-attachment":"scroll","background-type":"","background-media":"","overlay-type":"","overlay-color":"","overlay-opacity":"","overlay-gradient":""},"mobile":{"background-color":"","background-image":"","background-repeat":"repeat","background-position":"center center","background-size":"auto","background-attachment":"scroll","background-type":"","background-media":"","overlay-type":"","overlay-color":"","overlay-opacity":"","overlay-gradient":""}},"ast-content-background-meta":{"desktop":{"background-color":"var(--ast-global-color-5)","background-image":"","background-repeat":"repeat","background-position":"center center","background-size":"auto","background-attachment":"scroll","background-type":"","background-media":"","overlay-type":"","overlay-color":"","overlay-opacity":"","overlay-gradient":""},"tablet":{"background-color":"var(--ast-global-color-5)","background-image":"","background-repeat":"repeat","background-position":"center center","background-size":"auto","background-attachment":"scroll","background-type":"","background-media":"","overlay-type":"","overlay-color":"","overlay-opacity":"","overlay-gradient":""},"mobile":{"background-color":"var(--ast-global-color-5)","background-image":"","background-repeat":"repeat","background-position":"center center","background-size":"auto","background-attachment":"scroll","background-type":"","background-media":"","overlay-type":"","overlay-color":"","overlay-opacity":"","overlay-gradient":""}},"footnotes":""},"class_list":["post-3091","page","type-page","status-publish","hentry"],"post_mailing_queue_ids":[],"_links":{"self":[{"href":"https:\/\/agora.xtec.cat\/escolasantamariacervello\/wp-json\/wp\/v2\/pages\/3091","targetHints":{"allow":["GET"]}}],"collection":[{"href":"https:\/\/agora.xtec.cat\/escolasantamariacervello\/wp-json\/wp\/v2\/pages"}],"about":[{"href":"https:\/\/agora.xtec.cat\/escolasantamariacervello\/wp-json\/wp\/v2\/types\/page"}],"author":[{"embeddable":true,"href":"https:\/\/agora.xtec.cat\/escolasantamariacervello\/wp-json\/wp\/v2\/users\/63"}],"replies":[{"embeddable":true,"href":"https:\/\/agora.xtec.cat\/escolasantamariacervello\/wp-json\/wp\/v2\/comments?post=3091"}],"version-history":[{"count":2,"href":"https:\/\/agora.xtec.cat\/escolasantamariacervello\/wp-json\/wp\/v2\/pages\/3091\/revisions"}],"predecessor-version":[{"id":3473,"href":"https:\/\/agora.xtec.cat\/escolasantamariacervello\/wp-json\/wp\/v2\/pages\/3091\/revisions\/3473"}],"up":[{"embeddable":true,"href":"https:\/\/agora.xtec.cat\/escolasantamariacervello\/wp-json\/wp\/v2\/pages\/3095"}],"wp:attachment":[{"href":"https:\/\/agora.xtec.cat\/escolasantamariacervello\/wp-json\/wp\/v2\/media?parent=3091"}],"curies":[{"name":"wp","href":"https:\/\/api.w.org\/{rel}","templated":true}]}}

Comitè Ambiental

<p class="has-medium-font-size">A l’escola, aproximadament <strong>un cop al mes</strong>, es reuneix el <em>Comitè Ambiental</em>, un espai de participació i reflexió on l’alumnat pren un paper protagonista en la cura del medi ambient. Aquestes reunions es duen a terme <strong>fora de l’horari lectiu</strong> i hi participen totes les <em>eco-parelles del centre</em>, representant les diferents classes.</p>



<p class="has-medium-font-size">Durant el Comitè Ambiental, els nens i nenes comparteixen inquietuds, tracten <strong>temes d’actualitat relacionats amb la sostenibilitat</strong> i pensen conjuntament <strong>accions concretes</strong> per fer de l’escola i del seu entorn un espai cada vegada més respectuós amb el planeta. És un espai on es fomenta el diàleg, el pensament crític, la presa de decisions i el treball cooperatiu.</p>



<p class="has-medium-font-size">Algunes de les iniciatives que han sorgit d’aquest comitè en cursos anteriors són: per exemple, la recerca de solucions per <strong>regar l’hort escolar en temps de sequera aprofitant l’aigua sobrant del menjador</strong>, l’organització d’un <strong>mercat de roba de segona mà</strong> per promoure el consum responsable, o la <strong>creació d’un jardí de papallones</strong> per afavorir la biodiversitat del nostre entorn.<strong>Els infants no només proposen idees, sinó que també s’impliquen activament en dur-les a terme</strong>, convertint-se en agents de canvi real. D’aquesta manera, el Comitè Ambiental esdevé una eina educativa clau per construir, entre tots i totes, una escola cada vegada més verda, conscient i compromesa amb el futur del planeta.</p>

<p>A l’escola, aproximadament un cop al mes, es reuneix el Comitè Ambiental, un espai de participació i reflexió on l’alumnat pren un paper protagonista en la cura del medi ambient. Aquestes reunions es duen a terme fora de l’horari lectiu i hi participen totes les eco-parelles del centre, representant les diferents classes. Durant el Comitè [&hellip;]</p>
