{"id":2719,"date":"2026-01-24T08:37:45","date_gmt":"2026-01-24T07:37:45","guid":{"rendered":"https:\/\/agora.xtec.cat\/escolasantamariacervello\/?page_id=2719"},"modified":"2026-01-27T13:16:19","modified_gmt":"2026-01-27T12:16:19","slug":"horari-datencio","status":"publish","type":"page","link":"https:\/\/agora.xtec.cat\/escolasantamariacervello\/lescola\/horari-datencio\/","title":{"rendered":"Horari d&#8217;atenci\u00f3"},"content":{"rendered":"<h3>Secretaria i gesti\u00f3 de sortides<\/h3>\n<p>Per tot el relacionat amb el pagament del material escolar, activitat de piscina, pagament de sortides i col\u00f2nies\u2026<\/p>\n<ul style=\"list-style-type: circle;\">\n<li>DILLUNS: 9 a 10h \/ 16 a 16:40h<\/li>\n<li>DIMECRES: 16 a 16:40h<\/li>\n<li>DIJOUS: 9 a 10h<\/li>\n<\/ul>\n<p class=\"has-text-align-center has-medium-font-size\">\ud83d\udce7 comunicats@esmc.cat<\/p>\n<p class=\"has-text-align-center has-medium-font-size\">\ud83d\udcde 93 660 05 99<\/p>\n<h3>Administraci\u00f3<\/h3>\n<p>Per la matriculaci\u00f3 i gesti\u00f3 d\u2019inscripcions d\u2019alumnes, gesti\u00f3 de beques, documentaci\u00f3 oficial\u2026<\/p>\n<p class=\"has-text-align-center has-medium-font-size\">De dilluns a dimecres de 8 a 14h i de 15 a 17h<br \/>\nDijous i divendres de 8 a 14h i de 15 a 16h<\/p>\n<p class=\"has-text-align-center has-medium-font-size\">\ud83d\udce7 comunicats@esmc.cat<\/p>\n<h3><b>Horari d&#8217;atenci\u00f3 a les fam\u00edlies Equip Directiu<\/b><\/h3>\n<ul style=\"list-style-type: circle;\">\n<li>DILLUNS: 9 a 10h \/ 16 a 16:40h<\/li>\n<li>DIMECRES: 16 a 16:40h<\/li>\n<li>DIJOUS: 9 a 10h<\/li>\n<\/ul>\n<h3>Menjador escolar<\/h3>\n<p>Per tot el relacionat amb el menjador escolar: inscripci\u00f3, pagaments, informaci\u00f3 nutricional\u2026<\/p>\n<p>Dimarts de 9h a 9.30h a la Biblioteca<\/p>\n<p style=\"text-align: center;\">Trucades o WhatsApp: \ud83d\udcde+34 657 39 56 92<\/p>\n<p style=\"text-align: center;\">Per qualsevol dubte o aclariment: \ud83d\udce7 menjadorsantamariacervello@gmail.com<\/p>\n<h3>AFA<\/h3>\n<p>Relacionat amb l\u2019associaci\u00f3 de fam\u00edlies de l\u2019escola: inscripci\u00f3 i quota, activitats extraescolars\u2026<\/p>\n<p class=\"has-text-align-center has-medium-font-size\">Contacte mitjan\u00e7ant correu electr\u00f2nic:<\/p>\n<p class=\"has-text-align-center has-medium-font-size\">\ud83d\udce7afa@esmc.cat<\/p>\n","protected":false},"excerpt":{"rendered":"<p>Secretaria i gesti\u00f3 de sortides Per tot el relacionat amb el pagament del material escolar, activitat de piscina, pagament de sortides i col\u00f2nies\u2026 DILLUNS: 9 a 10h \/ 16 a 16:40h DIMECRES: 16 a 16:40h DIJOUS: 9 a 10h \ud83d\udce7 comunicats@esmc.cat \ud83d\udcde 93 660 05 99 Administraci\u00f3 Per la matriculaci\u00f3 i gesti\u00f3 d\u2019inscripcions d\u2019alumnes, gesti\u00f3 [&hellip;]<\/p>\n","protected":false},"author":63,"featured_media":0,"parent":22,"menu_order":0,"comment_status":"closed","ping_status":"closed","template":"","meta":{"_bbp_topic_count":0,"_bbp_reply_count":0,"_bbp_total_topic_count":0,"_bbp_total_reply_count":0,"_bbp_voice_count":0,"_bbp_anonymous_reply_count":0,"_bbp_topic_count_hidden":0,"_bbp_reply_count_hidden":0,"_bbp_forum_subforum_count":0,"site-sidebar-layout":"default","site-content-layout":"","ast-site-content-layout":"default","site-content-style":"default","site-sidebar-style":"default","ast-global-header-display":"","ast-banner-title-visibility":"","ast-main-header-display":"","ast-hfb-above-header-display":"","ast-hfb-below-header-display":"","ast-hfb-mobile-header-display":"","site-post-title":"","ast-breadcrumbs-content":"","ast-featured-img":"","footer-sml-layout":"","theme-transparent-header-meta":"default","adv-header-id-meta":"","stick-header-meta":"","header-above-stick-meta":"","header-main-stick-meta":"","header-below-stick-meta":"","astra-migrate-meta-layouts":"set","ast-page-background-enabled":"default","ast-page-background-meta":{"desktop":{"background-color":"var(--ast-global-color-4)","background-image":"","background-repeat":"repeat","background-position":"center center","background-size":"auto","background-attachment":"scroll","background-type":"","background-media":"","overlay-type":"","overlay-color":"","overlay-opacity":"","overlay-gradient":""},"tablet":{"background-color":"","background-image":"","background-repeat":"repeat","background-position":"center center","background-size":"auto","background-attachment":"scroll","background-type":"","background-media":"","overlay-type":"","overlay-color":"","overlay-opacity":"","overlay-gradient":""},"mobile":{"background-color":"","background-image":"","background-repeat":"repeat","background-position":"center center","background-size":"auto","background-attachment":"scroll","background-type":"","background-media":"","overlay-type":"","overlay-color":"","overlay-opacity":"","overlay-gradient":""}},"ast-content-background-meta":{"desktop":{"background-color":"var(--ast-global-color-5)","background-image":"","background-repeat":"repeat","background-position":"center center","background-size":"auto","background-attachment":"scroll","background-type":"","background-media":"","overlay-type":"","overlay-color":"","overlay-opacity":"","overlay-gradient":""},"tablet":{"background-color":"var(--ast-global-color-5)","background-image":"","background-repeat":"repeat","background-position":"center center","background-size":"auto","background-attachment":"scroll","background-type":"","background-media":"","overlay-type":"","overlay-color":"","overlay-opacity":"","overlay-gradient":""},"mobile":{"background-color":"var(--ast-global-color-5)","background-image":"","background-repeat":"repeat","background-position":"center center","background-size":"auto","background-attachment":"scroll","background-type":"","background-media":"","overlay-type":"","overlay-color":"","overlay-opacity":"","overlay-gradient":""}},"footnotes":""},"class_list":["post-2719","page","type-page","status-publish","hentry"],"post_mailing_queue_ids":[],"_links":{"self":[{"href":"https:\/\/agora.xtec.cat\/escolasantamariacervello\/wp-json\/wp\/v2\/pages\/2719","targetHints":{"allow":["GET"]}}],"collection":[{"href":"https:\/\/agora.xtec.cat\/escolasantamariacervello\/wp-json\/wp\/v2\/pages"}],"about":[{"href":"https:\/\/agora.xtec.cat\/escolasantamariacervello\/wp-json\/wp\/v2\/types\/page"}],"author":[{"embeddable":true,"href":"https:\/\/agora.xtec.cat\/escolasantamariacervello\/wp-json\/wp\/v2\/users\/63"}],"replies":[{"embeddable":true,"href":"https:\/\/agora.xtec.cat\/escolasantamariacervello\/wp-json\/wp\/v2\/comments?post=2719"}],"version-history":[{"count":5,"href":"https:\/\/agora.xtec.cat\/escolasantamariacervello\/wp-json\/wp\/v2\/pages\/2719\/revisions"}],"predecessor-version":[{"id":2953,"href":"https:\/\/agora.xtec.cat\/escolasantamariacervello\/wp-json\/wp\/v2\/pages\/2719\/revisions\/2953"}],"up":[{"embeddable":true,"href":"https:\/\/agora.xtec.cat\/escolasantamariacervello\/wp-json\/wp\/v2\/pages\/22"}],"wp:attachment":[{"href":"https:\/\/agora.xtec.cat\/escolasantamariacervello\/wp-json\/wp\/v2\/media?parent=2719"}],"curies":[{"name":"wp","href":"https:\/\/api.w.org\/{rel}","templated":true}]}}

Horari d&#8217;atenció

<h3>Secretaria i gestió de sortides</h3>
<p>Per tot el relacionat amb el pagament del material escolar, activitat de piscina, pagament de sortides i colònies…</p>
<ul style="list-style-type: circle;">
<li>DILLUNS: 9 a 10h / 16 a 16:40h</li>
<li>DIMECRES: 16 a 16:40h</li>
<li>DIJOUS: 9 a 10h</li>
</ul>
<p class="has-text-align-center has-medium-font-size">📧 comunicats@esmc.cat</p>
<p class="has-text-align-center has-medium-font-size">📞 93 660 05 99</p>
<h3>Administració</h3>
<p>Per la matriculació i gestió d’inscripcions d’alumnes, gestió de beques, documentació oficial…</p>
<p class="has-text-align-center has-medium-font-size">De dilluns a dimecres de 8 a 14h i de 15 a 17h<br />
Dijous i divendres de 8 a 14h i de 15 a 16h</p>
<p class="has-text-align-center has-medium-font-size">📧 comunicats@esmc.cat</p>
<h3><b>Horari d&#8217;atenció a les famílies Equip Directiu</b></h3>
<ul style="list-style-type: circle;">
<li>DILLUNS: 9 a 10h / 16 a 16:40h</li>
<li>DIMECRES: 16 a 16:40h</li>
<li>DIJOUS: 9 a 10h</li>
</ul>
<h3>Menjador escolar</h3>
<p>Per tot el relacionat amb el menjador escolar: inscripció, pagaments, informació nutricional…</p>
<p>Dimarts de 9h a 9.30h a la Biblioteca</p>
<p style="text-align: center;">Trucades o WhatsApp: 📞+34 657 39 56 92</p>
<p style="text-align: center;">Per qualsevol dubte o aclariment: 📧 menjadorsantamariacervello@gmail.com</p>
<h3>AFA</h3>
<p>Relacionat amb l’associació de famílies de l’escola: inscripció i quota, activitats extraescolars…</p>
<p class="has-text-align-center has-medium-font-size">Contacte mitjançant correu electrònic:</p>
<p class="has-text-align-center has-medium-font-size">📧afa@esmc.cat</p>

<p>Secretaria i gestió de sortides Per tot el relacionat amb el pagament del material escolar, activitat de piscina, pagament de sortides i colònies… DILLUNS: 9 a 10h / 16 a 16:40h DIMECRES: 16 a 16:40h DIJOUS: 9 a 10h 📧 comunicats@esmc.cat 📞 93 660 05 99 Administració Per la matriculació i gestió d’inscripcions d’alumnes, gestió [&hellip;]</p>
