{"id":1023,"date":"2024-09-10T21:15:00","date_gmt":"2024-09-10T19:15:00","guid":{"rendered":"http:\/\/agora.xtec.cat\/escolasantamariacervello\/?page_id=1023"},"modified":"2026-02-10T11:05:40","modified_gmt":"2026-02-10T10:05:40","slug":"llibres","status":"publish","type":"page","link":"https:\/\/agora.xtec.cat\/escolasantamariacervello\/afa\/llibres\/","title":{"rendered":"Banc de llibres de lectura i contes"},"content":{"rendered":"<p><span style=\"color: #ff6600;\"><strong><span style=\"text-decoration: underline;\">INFORMACI\u00d3 BANC DE LLIBRES DE LECTURA I CONTES<\/span><\/strong><\/span><\/p>\n<p class=\"cvGsUA direction-ltr align-start para-style-body\"><span class=\"a_GcMg font-feature-liga-off font-feature-clig-off font-feature-calt-off text-decoration-none text-strikethrough-none\">\ud83d\udcdc<strong> <span style=\"text-decoration: underline;\">Origen (1997)L\u2019escola va posar en marxa el Banc de Llibres l\u2019any 1997 per:<\/span><\/strong><\/span><\/p>\n<p class=\"cvGsUA direction-ltr align-start para-style-body\"><span class=\"a_GcMg font-feature-liga-off font-feature-clig-off font-feature-calt-off text-decoration-none text-strikethrough-none\">&#8211; \u267b\ufe0f <\/span><span class=\"a_GcMg font-feature-liga-off font-feature-clig-off font-feature-calt-off text-decoration-none text-strikethrough-none\">Reduir el malbaratament de paper, reutilitzant els llibres de lectura de curs en curs.<\/span><\/p>\n<p class=\"cvGsUA direction-ltr align-start para-style-body\"><span class=\"a_GcMg font-feature-liga-off font-feature-clig-off font-feature-calt-off text-decoration-none text-strikethrough-none\">&#8211; \ud83d\udcb8 Alleujar la despesa familiar, evitant la compra de col\u00b7leccions completes cada any.<\/span><\/p>\n<p class=\"cvGsUA direction-ltr align-start para-style-body\"><span class=\"a_GcMg font-feature-liga-off font-feature-clig-off font-feature-calt-off text-decoration-none text-strikethrough-none\">\ud83e\udd1d <\/span><strong><span style=\"text-decoration: underline;\"><span class=\"a_GcMg font-feature-liga-off font-feature-clig-off font-feature-calt-off text-strikethrough-none text-decoration-underline\">Com funciona a dia d\u2019avui?<\/span><\/span><\/strong><\/p>\n<p class=\"cvGsUA direction-ltr align-start para-style-body\"><span class=\"a_GcMg font-feature-liga-off font-feature-clig-off font-feature-calt-off text-decoration-none text-strikethrough-none\">&#8211; <\/span><span class=\"a_GcMg font-feature-liga-off font-feature-clig-off font-feature-calt-off text-decoration-none text-strikethrough-none\">\ud83d\udd70\ufe0f<\/span> <span class=\"a_GcMg font-feature-liga-off font-feature-clig-off font-feature-calt-off text-decoration-none text-strikethrough-none\">Anteriorment eren 7,5 \u20ac anuals, per\u00f2 a l\u2019Assemblea del 3 de juny de 2025 es va decidir <span style=\"text-decoration: underline;\"><strong>reduir el cost a 7 \u20ac anuals\/infant.<\/strong><\/span><\/span><\/p>\n<p class=\"cvGsUA direction-ltr align-start para-style-body\"><span class=\"a_GcMg font-feature-liga-off font-feature-clig-off font-feature-calt-off text-decoration-none text-strikethrough-none\">&#8211; \ud83d\udcb6<\/span> <span class=\"a_GcMg font-feature-liga-off font-feature-clig-off font-feature-calt-off text-decoration-none text-strikethrough-none\">Amb aquests fons, l\u2019AFA compra col\u00b7leccions noves i incorpora nous t\u00edtols, assegurant que el banc estigui sempre actualitzat i alineat amb el curr\u00edculum escolar.<\/span><\/p>\n<p class=\"cvGsUA direction-ltr align-start para-style-body\"><span class=\"a_GcMg font-feature-liga-off font-feature-clig-off font-feature-calt-off text-decoration-none text-strikethrough-none\">\ud83d\udcd6 <\/span><strong><span style=\"text-decoration: underline;\"><span class=\"a_GcMg font-feature-liga-off font-feature-clig-off font-feature-calt-off text-strikethrough-none text-decoration-underline\">Objectiu i suport al projecte de lectura<\/span><\/span><\/strong><\/p>\n<ul>\n<li><span class=\"a_GcMg font-feature-liga-off font-feature-clig-off font-feature-calt-off text-decoration-none text-strikethrough-none\">L\u2019objectiu del Banc de Llibres de lectura i contes \u00e9s <\/span><span class=\"a_GcMg font-feature-liga-off font-feature-clig-off font-feature-calt-off text-strikethrough-none text-decoration-underline\">donar suport al projecte de lectura del centre<\/span><span class=\"a_GcMg font-feature-liga-off font-feature-clig-off font-feature-calt-off text-strikethrough-none text-decoration-none\">, renovant anulament els llibres de lectura segons interessos i necessitats, ja sigui a les biblioteques de les aules com a la biblioteca del centre. Evitant, aix\u00ed crear una despesa extra a les fam\u00edlies.<\/span><\/li>\n<li><span class=\"a_GcMg font-feature-liga-off font-feature-clig-off font-feature-calt-off text-decoration-none text-strikethrough-none\">Exemple prim\u00e0ria: <\/span><span class=\"a_GcMg font-feature-liga-off font-feature-clig-off font-feature-calt-off text-decoration-none text-strikethrough-none\">Cada mat\u00ed, els alumnes de prim\u00e0ria disposen d\u2019un espai dedicat a la lectura. A part del projecte de padrins de lectors. Tamb\u00e9, en determinades ocasions, els alumnes poden endur-se els llibres de lectura per finalitzar la lectura a casa.<\/span><\/li>\n<li><span class=\"a_GcMg font-feature-liga-off font-feature-clig-off font-feature-calt-off text-decoration-none text-strikethrough-none\">Exemple infantil:<\/span><span class=\"a_GcMg font-feature-liga-off font-feature-clig-off font-feature-calt-off text-decoration-none text-strikethrough-none\"> Cada setmana, els alumnes d\u2019infantil<\/span> <span class=\"a_GcMg font-feature-liga-off font-feature-clig-off font-feature-calt-off text-decoration-none text-strikethrough-none\">disposen d\u2019un llibre de lectura que s\u2019emporten a casa per estimular la curiositat i h\u00e0bit lector.<\/span><\/li>\n<\/ul>\n<p class=\"cvGsUA direction-ltr align-start para-style-body\"><span class=\"a_GcMg font-feature-liga-off font-feature-clig-off font-feature-calt-off text-decoration-none text-strikethrough-none\">\ud83d\udca1 <\/span><strong><span style=\"text-decoration: underline;\"><span class=\"a_GcMg font-feature-liga-off font-feature-clig-off font-feature-calt-off text-strikethrough-none text-decoration-underline\">Beneficis per a tothom<\/span><\/span><\/strong><\/p>\n<ul>\n<li><span class=\"a_GcMg font-feature-liga-off font-feature-clig-off font-feature-calt-off text-decoration-none text-strikethrough-none\">Estalvi econ\u00f2mic per a les fam\u00edlies<\/span><\/li>\n<li><span class=\"a_GcMg font-feature-liga-off font-feature-clig-off font-feature-calt-off text-decoration-none text-strikethrough-none\">Menys residus i m\u00e9s cura pel medi<\/span><\/li>\n<li><span class=\"a_GcMg font-feature-liga-off font-feature-clig-off font-feature-calt-off text-decoration-none text-strikethrough-none\">Acc\u00e9s a materials de lectura sempre renovats i actualitzats<\/span><\/li>\n<\/ul>\n<p>Aquest any, <span style=\"color: #008000;\"><strong>es prioritzar\u00e0 fer els pagaments per l&#8217;aplicatiu de Dinantia.<\/strong><\/span> En casos excepcionals es podr\u00e0 realitzar el pagament mitjan\u00e7ant transfer\u00e8ncia al nou compte corrent de l&#8217;AFA: <span class=\"a_GcMg font-feature-liga-off font-feature-clig-off font-feature-calt-off text-decoration-none text-strikethrough-none\" style=\"color: #ff6600;\">ES15 3140 0001 9700 1825 5100<\/span> indicant com a concepte &#8220;Banc de llibres + el nom i cognoms de l&#8217;infant + el curs&#8221; (ex: <span class=\"a_GcMg font-feature-liga-off font-feature-clig-off font-feature-calt-off text-decoration-none text-strikethrough-none\">Banc de llibres PEPE P\u00c9REZ L\u00d3PEZ, 2n). <\/span><span class=\"a_GcMg font-feature-liga-off font-feature-clig-off font-feature-calt-off text-decoration-none text-strikethrough-none\">\ud83d\udce7 Enviar <\/span><span class=\"a_GcMg font-feature-liga-off font-feature-clig-off font-feature-calt-off text-decoration-none text-strikethrough-none\">comprovant a <span style=\"color: #ff6600;\"><strong>afa.llibres@esmc.cat<\/strong><\/span><\/span><\/p>\n<p>Si necessiteu cap aclariment, no dubteu a posar-vos en contacte amb nosaltres per mitj\u00e0 del correu <span style=\"color: #0000ff;\">afa.llibres@esmc.cat.<\/span><\/p>\n<p>Salutacions<\/p>\n<p>AFA Escola Santa Maria de Cervell\u00f3<\/p>\n<p>Comissi\u00f3 de llibres<\/p>\n","protected":false},"excerpt":{"rendered":"<p>INFORMACI\u00d3 BANC DE LLIBRES DE LECTURA I CONTES \ud83d\udcdc Origen (1997)L\u2019escola va posar en marxa el Banc de Llibres l\u2019any 1997 per: &#8211; \u267b\ufe0f Reduir el malbaratament de paper, reutilitzant els llibres de lectura de curs en curs. &#8211; \ud83d\udcb8 Alleujar la despesa familiar, evitant la compra de col\u00b7leccions completes cada any. \ud83e\udd1d Com funciona [&hellip;]<\/p>\n","protected":false},"author":64,"featured_media":0,"parent":2805,"menu_order":4,"comment_status":"closed","ping_status":"closed","template":"","meta":{"_bbp_topic_count":0,"_bbp_reply_count":0,"_bbp_total_topic_count":0,"_bbp_total_reply_count":0,"_bbp_voice_count":0,"_bbp_anonymous_reply_count":0,"_bbp_topic_count_hidden":0,"_bbp_reply_count_hidden":0,"_bbp_forum_subforum_count":0,"site-sidebar-layout":"default","site-content-layout":"","ast-site-content-layout":"default","site-content-style":"default","site-sidebar-style":"default","ast-global-header-display":"","ast-banner-title-visibility":"","ast-main-header-display":"","ast-hfb-above-header-display":"","ast-hfb-below-header-display":"","ast-hfb-mobile-header-display":"","site-post-title":"","ast-breadcrumbs-content":"","ast-featured-img":"","footer-sml-layout":"","theme-transparent-header-meta":"","adv-header-id-meta":"","stick-header-meta":"","header-above-stick-meta":"","header-main-stick-meta":"","header-below-stick-meta":"","astra-migrate-meta-layouts":"set","ast-page-background-enabled":"default","ast-page-background-meta":{"desktop":{"background-color":"var(--ast-global-color-4)","background-image":"","background-repeat":"repeat","background-position":"center center","background-size":"auto","background-attachment":"scroll","background-type":"","background-media":"","overlay-type":"","overlay-color":"","overlay-opacity":"","overlay-gradient":""},"tablet":{"background-color":"","background-image":"","background-repeat":"repeat","background-position":"center center","background-size":"auto","background-attachment":"scroll","background-type":"","background-media":"","overlay-type":"","overlay-color":"","overlay-opacity":"","overlay-gradient":""},"mobile":{"background-color":"","background-image":"","background-repeat":"repeat","background-position":"center center","background-size":"auto","background-attachment":"scroll","background-type":"","background-media":"","overlay-type":"","overlay-color":"","overlay-opacity":"","overlay-gradient":""}},"ast-content-background-meta":{"desktop":{"background-color":"var(--ast-global-color-5)","background-image":"","background-repeat":"repeat","background-position":"center center","background-size":"auto","background-attachment":"scroll","background-type":"","background-media":"","overlay-type":"","overlay-color":"","overlay-opacity":"","overlay-gradient":""},"tablet":{"background-color":"var(--ast-global-color-5)","background-image":"","background-repeat":"repeat","background-position":"center center","background-size":"auto","background-attachment":"scroll","background-type":"","background-media":"","overlay-type":"","overlay-color":"","overlay-opacity":"","overlay-gradient":""},"mobile":{"background-color":"var(--ast-global-color-5)","background-image":"","background-repeat":"repeat","background-position":"center center","background-size":"auto","background-attachment":"scroll","background-type":"","background-media":"","overlay-type":"","overlay-color":"","overlay-opacity":"","overlay-gradient":""}},"footnotes":""},"class_list":["post-1023","page","type-page","status-publish","hentry"],"post_mailing_queue_ids":[],"_links":{"self":[{"href":"https:\/\/agora.xtec.cat\/escolasantamariacervello\/wp-json\/wp\/v2\/pages\/1023","targetHints":{"allow":["GET"]}}],"collection":[{"href":"https:\/\/agora.xtec.cat\/escolasantamariacervello\/wp-json\/wp\/v2\/pages"}],"about":[{"href":"https:\/\/agora.xtec.cat\/escolasantamariacervello\/wp-json\/wp\/v2\/types\/page"}],"author":[{"embeddable":true,"href":"https:\/\/agora.xtec.cat\/escolasantamariacervello\/wp-json\/wp\/v2\/users\/64"}],"replies":[{"embeddable":true,"href":"https:\/\/agora.xtec.cat\/escolasantamariacervello\/wp-json\/wp\/v2\/comments?post=1023"}],"version-history":[{"count":5,"href":"https:\/\/agora.xtec.cat\/escolasantamariacervello\/wp-json\/wp\/v2\/pages\/1023\/revisions"}],"predecessor-version":[{"id":3479,"href":"https:\/\/agora.xtec.cat\/escolasantamariacervello\/wp-json\/wp\/v2\/pages\/1023\/revisions\/3479"}],"up":[{"embeddable":true,"href":"https:\/\/agora.xtec.cat\/escolasantamariacervello\/wp-json\/wp\/v2\/pages\/2805"}],"wp:attachment":[{"href":"https:\/\/agora.xtec.cat\/escolasantamariacervello\/wp-json\/wp\/v2\/media?parent=1023"}],"curies":[{"name":"wp","href":"https:\/\/api.w.org\/{rel}","templated":true}]}}

<p><span style="color: #ff6600;"><strong><span style="text-decoration: underline;">INFORMACIÓ BANC DE LLIBRES DE LECTURA I CONTES</span></strong></span></p>
<p class="cvGsUA direction-ltr align-start para-style-body"><span class="a_GcMg font-feature-liga-off font-feature-clig-off font-feature-calt-off text-decoration-none text-strikethrough-none">📜<strong> <span style="text-decoration: underline;">Origen (1997)L’escola va posar en marxa el Banc de Llibres l’any 1997 per:</span></strong></span></p>
<p class="cvGsUA direction-ltr align-start para-style-body"><span class="a_GcMg font-feature-liga-off font-feature-clig-off font-feature-calt-off text-decoration-none text-strikethrough-none">&#8211; ♻️ </span><span class="a_GcMg font-feature-liga-off font-feature-clig-off font-feature-calt-off text-decoration-none text-strikethrough-none">Reduir el malbaratament de paper, reutilitzant els llibres de lectura de curs en curs.</span></p>
<p class="cvGsUA direction-ltr align-start para-style-body"><span class="a_GcMg font-feature-liga-off font-feature-clig-off font-feature-calt-off text-decoration-none text-strikethrough-none">&#8211; 💸 Alleujar la despesa familiar, evitant la compra de col·leccions completes cada any.</span></p>
<p class="cvGsUA direction-ltr align-start para-style-body"><span class="a_GcMg font-feature-liga-off font-feature-clig-off font-feature-calt-off text-decoration-none text-strikethrough-none">🤝 </span><strong><span style="text-decoration: underline;"><span class="a_GcMg font-feature-liga-off font-feature-clig-off font-feature-calt-off text-strikethrough-none text-decoration-underline">Com funciona a dia d’avui?</span></span></strong></p>
<p class="cvGsUA direction-ltr align-start para-style-body"><span class="a_GcMg font-feature-liga-off font-feature-clig-off font-feature-calt-off text-decoration-none text-strikethrough-none">&#8211; </span><span class="a_GcMg font-feature-liga-off font-feature-clig-off font-feature-calt-off text-decoration-none text-strikethrough-none">🕰️</span> <span class="a_GcMg font-feature-liga-off font-feature-clig-off font-feature-calt-off text-decoration-none text-strikethrough-none">Anteriorment eren 7,5 € anuals, però a l’Assemblea del 3 de juny de 2025 es va decidir <span style="text-decoration: underline;"><strong>reduir el cost a 7 € anuals/infant.</strong></span></span></p>
<p class="cvGsUA direction-ltr align-start para-style-body"><span class="a_GcMg font-feature-liga-off font-feature-clig-off font-feature-calt-off text-decoration-none text-strikethrough-none">&#8211; 💶</span> <span class="a_GcMg font-feature-liga-off font-feature-clig-off font-feature-calt-off text-decoration-none text-strikethrough-none">Amb aquests fons, l’AFA compra col·leccions noves i incorpora nous títols, assegurant que el banc estigui sempre actualitzat i alineat amb el currículum escolar.</span></p>
<p class="cvGsUA direction-ltr align-start para-style-body"><span class="a_GcMg font-feature-liga-off font-feature-clig-off font-feature-calt-off text-decoration-none text-strikethrough-none">📖 </span><strong><span style="text-decoration: underline;"><span class="a_GcMg font-feature-liga-off font-feature-clig-off font-feature-calt-off text-strikethrough-none text-decoration-underline">Objectiu i suport al projecte de lectura</span></span></strong></p>
<ul>
<li><span class="a_GcMg font-feature-liga-off font-feature-clig-off font-feature-calt-off text-decoration-none text-strikethrough-none">L’objectiu del Banc de Llibres de lectura i contes és </span><span class="a_GcMg font-feature-liga-off font-feature-clig-off font-feature-calt-off text-strikethrough-none text-decoration-underline">donar suport al projecte de lectura del centre</span><span class="a_GcMg font-feature-liga-off font-feature-clig-off font-feature-calt-off text-strikethrough-none text-decoration-none">, renovant anulament els llibres de lectura segons interessos i necessitats, ja sigui a les biblioteques de les aules com a la biblioteca del centre. Evitant, així crear una despesa extra a les famílies.</span></li>
<li><span class="a_GcMg font-feature-liga-off font-feature-clig-off font-feature-calt-off text-decoration-none text-strikethrough-none">Exemple primària: </span><span class="a_GcMg font-feature-liga-off font-feature-clig-off font-feature-calt-off text-decoration-none text-strikethrough-none">Cada matí, els alumnes de primària disposen d’un espai dedicat a la lectura. A part del projecte de padrins de lectors. També, en determinades ocasions, els alumnes poden endur-se els llibres de lectura per finalitzar la lectura a casa.</span></li>
<li><span class="a_GcMg font-feature-liga-off font-feature-clig-off font-feature-calt-off text-decoration-none text-strikethrough-none">Exemple infantil:</span><span class="a_GcMg font-feature-liga-off font-feature-clig-off font-feature-calt-off text-decoration-none text-strikethrough-none"> Cada setmana, els alumnes d’infantil</span> <span class="a_GcMg font-feature-liga-off font-feature-clig-off font-feature-calt-off text-decoration-none text-strikethrough-none">disposen d’un llibre de lectura que s’emporten a casa per estimular la curiositat i hàbit lector.</span></li>
</ul>
<p class="cvGsUA direction-ltr align-start para-style-body"><span class="a_GcMg font-feature-liga-off font-feature-clig-off font-feature-calt-off text-decoration-none text-strikethrough-none">💡 </span><strong><span style="text-decoration: underline;"><span class="a_GcMg font-feature-liga-off font-feature-clig-off font-feature-calt-off text-strikethrough-none text-decoration-underline">Beneficis per a tothom</span></span></strong></p>
<ul>
<li><span class="a_GcMg font-feature-liga-off font-feature-clig-off font-feature-calt-off text-decoration-none text-strikethrough-none">Estalvi econòmic per a les famílies</span></li>
<li><span class="a_GcMg font-feature-liga-off font-feature-clig-off font-feature-calt-off text-decoration-none text-strikethrough-none">Menys residus i més cura pel medi</span></li>
<li><span class="a_GcMg font-feature-liga-off font-feature-clig-off font-feature-calt-off text-decoration-none text-strikethrough-none">Accés a materials de lectura sempre renovats i actualitzats</span></li>
</ul>
<p>Aquest any, <span style="color: #008000;"><strong>es prioritzarà fer els pagaments per l&#8217;aplicatiu de Dinantia.</strong></span> En casos excepcionals es podrà realitzar el pagament mitjançant transferència al nou compte corrent de l&#8217;AFA: <span class="a_GcMg font-feature-liga-off font-feature-clig-off font-feature-calt-off text-decoration-none text-strikethrough-none" style="color: #ff6600;">ES15 3140 0001 9700 1825 5100</span> indicant com a concepte &#8220;Banc de llibres + el nom i cognoms de l&#8217;infant + el curs&#8221; (ex: <span class="a_GcMg font-feature-liga-off font-feature-clig-off font-feature-calt-off text-decoration-none text-strikethrough-none">Banc de llibres PEPE PÉREZ LÓPEZ, 2n). </span><span class="a_GcMg font-feature-liga-off font-feature-clig-off font-feature-calt-off text-decoration-none text-strikethrough-none">📧 Enviar </span><span class="a_GcMg font-feature-liga-off font-feature-clig-off font-feature-calt-off text-decoration-none text-strikethrough-none">comprovant a <span style="color: #ff6600;"><strong>afa.llibres@esmc.cat</strong></span></span></p>
<p>Si necessiteu cap aclariment, no dubteu a posar-vos en contacte amb nosaltres per mitjà del correu <span style="color: #0000ff;">afa.llibres@esmc.cat.</span></p>
<p>Salutacions</p>
<p>AFA Escola Santa Maria de Cervelló</p>
<p>Comissió de llibres</p>

<p>INFORMACIÓ BANC DE LLIBRES DE LECTURA I CONTES 📜 Origen (1997)L’escola va posar en marxa el Banc de Llibres l’any 1997 per: &#8211; ♻️ Reduir el malbaratament de paper, reutilitzant els llibres de lectura de curs en curs. &#8211; 💸 Alleujar la despesa familiar, evitant la compra de col·leccions completes cada any. 🤝 Com funciona [&hellip;]</p>
