{"id":5789,"date":"2026-01-14T16:19:37","date_gmt":"2026-01-14T15:19:37","guid":{"rendered":"https:\/\/agora.xtec.cat\/escolasantaagnes\/?page_id=5789"},"modified":"2026-01-14T16:19:37","modified_gmt":"2026-01-14T15:19:37","slug":"joc-simbolic-2","status":"publish","type":"page","link":"https:\/\/agora.xtec.cat\/escolasantaagnes\/joc-simbolic-2\/","title":{"rendered":"JOC SIMB\u00d2LIC"},"content":{"rendered":"<p><span style=\"font-weight: 400;\">El <\/span><b>joc simb\u00f2lic<\/b><span style=\"font-weight: 400;\"> \u00e9s una proposta pedag\u00f2gica fonamental a l\u2019Educaci\u00f3 Infantil, ja que permet als infants representar situacions de la vida quotidiana, expressar emocions, desenvolupar el llenguatge i establir relacions amb els altres a trav\u00e9s del joc.<\/span><\/p>\n<p><span style=\"font-weight: 400;\">El joc simb\u00f2lic s\u2019organitza com una proposta <\/span><b>intercicles<\/b><span style=\"font-weight: 400;\">, en la qual es barregen infants d\u2019<\/span><b>I3, I4 i I5<\/b><span style=\"font-weight: 400;\">. Aquesta organitzaci\u00f3 afavoreix l\u2019aprenentatge entre iguals, el modelatge natural, la cooperaci\u00f3 i el respecte pels diferents ritmes maduratius.<\/span><\/p>\n<p><span style=\"font-weight: 400;\">Durant el <\/span><b>primer trimestre<\/b><span style=\"font-weight: 400;\">, els infants d\u2019I3 realitzen el joc simb\u00f2lic dins la seva pr\u00f2pia aula, facilitant aix\u00ed un entorn de seguretat i adaptaci\u00f3. A partir del <\/span><b>segon trimestre<\/b><span style=\"font-weight: 400;\">, despr\u00e9s de Nadal, s\u2019incorporen progressivament al joc simb\u00f2lic compartit amb els infants m\u00e9s grans.<\/span><\/p>\n<p><span style=\"font-weight: 400;\">Les diferents propostes de joc simb\u00f2lic es distribueixen per les <\/span><b>aules d\u2019Educaci\u00f3 Infantil<\/b><span style=\"font-weight: 400;\">, convertint cada espai en un escenari de joc diferent. Setmanalment, els infants <\/span><b>trien a quin espai volen anar a jugar<\/b><span style=\"font-weight: 400;\">, fet que fomenta l\u2019autonomia, la presa de decisions i la responsabilitat envers l\u2019activitat escollida.<\/span><\/p>\n<p><span style=\"font-weight: 400;\">Aquest treball permet desenvolupar la imaginaci\u00f3, el llenguatge oral, les habilitats socials i la regulaci\u00f3 emocional, alhora que contribueix a crear vincles positius entre infants de diferents edats i a refor\u00e7ar el sentiment de pertinen\u00e7a al grup d\u2019Infantil.<\/span><\/p>\n","protected":false},"excerpt":{"rendered":"<p>El joc simb\u00f2lic \u00e9s una proposta pedag\u00f2gica fonamental a l\u2019Educaci\u00f3 Infantil, ja que permet als infants representar situacions de la vida quotidiana, expressar emocions, desenvolupar el llenguatge i establir relacions amb els altres a trav\u00e9s del joc.<br \/>\nEl joc simb\u00f2lic s\u2019organitza com una proposta intercicles, en&hellip;  <a href=\"https:\/\/agora.xtec.cat\/escolasantaagnes\/joc-simbolic-2\/\" title=\"Read JOC SIMB\u00d2LIC\">Llegeix m\u00e9s\u00bb<\/a><\/p>\n","protected":false},"author":1,"featured_media":0,"parent":0,"menu_order":0,"comment_status":"closed","ping_status":"closed","template":"","meta":{"_bbp_topic_count":0,"_bbp_reply_count":0,"_bbp_total_topic_count":0,"_bbp_total_reply_count":0,"_bbp_voice_count":0,"_bbp_anonymous_reply_count":0,"_bbp_topic_count_hidden":0,"_bbp_reply_count_hidden":0,"_bbp_forum_subforum_count":0,"footnotes":""},"class_list":["post-5789","page","type-page","status-publish","hentry"],"post_mailing_queue_ids":[],"_links":{"self":[{"href":"https:\/\/agora.xtec.cat\/escolasantaagnes\/wp-json\/wp\/v2\/pages\/5789","targetHints":{"allow":["GET"]}}],"collection":[{"href":"https:\/\/agora.xtec.cat\/escolasantaagnes\/wp-json\/wp\/v2\/pages"}],"about":[{"href":"https:\/\/agora.xtec.cat\/escolasantaagnes\/wp-json\/wp\/v2\/types\/page"}],"author":[{"embeddable":true,"href":"https:\/\/agora.xtec.cat\/escolasantaagnes\/wp-json\/wp\/v2\/users\/1"}],"replies":[{"embeddable":true,"href":"https:\/\/agora.xtec.cat\/escolasantaagnes\/wp-json\/wp\/v2\/comments?post=5789"}],"version-history":[{"count":1,"href":"https:\/\/agora.xtec.cat\/escolasantaagnes\/wp-json\/wp\/v2\/pages\/5789\/revisions"}],"predecessor-version":[{"id":5790,"href":"https:\/\/agora.xtec.cat\/escolasantaagnes\/wp-json\/wp\/v2\/pages\/5789\/revisions\/5790"}],"wp:attachment":[{"href":"https:\/\/agora.xtec.cat\/escolasantaagnes\/wp-json\/wp\/v2\/media?parent=5789"}],"curies":[{"name":"wp","href":"https:\/\/api.w.org\/{rel}","templated":true}]}}