{"id":5787,"date":"2026-01-14T16:19:21","date_gmt":"2026-01-14T15:19:21","guid":{"rendered":"https:\/\/agora.xtec.cat\/escolasantaagnes\/?page_id=5787"},"modified":"2026-01-14T19:25:24","modified_gmt":"2026-01-14T18:25:24","slug":"educacio-emocional-2","status":"publish","type":"page","link":"https:\/\/agora.xtec.cat\/escolasantaagnes\/educacio-emocional-2\/","title":{"rendered":"EDUCACI\u00d3 EMOCIONAL"},"content":{"rendered":"<p><span style=\"font-weight: 400;\">A educaci\u00f3 infantil, dediquem una sessi\u00f3 setmanal a treballar l\u2019educaci\u00f3 emocional amb l\u2019objectiu de fomentar habilitats socials, conductes assertives i la capacitat d\u2019empatia. Aquestes sessions, s\u00f3n dirigides pel tutor\/a del grup.<\/span><\/p>\n<p><span style=\"font-weight: 400;\">L\u2019educaci\u00f3 emocional es desenvolupa a partir dels <\/span><b>titelles de les emocions<\/b><span style=\"font-weight: 400;\">, cadascun vinculat a un conte que representa una emoci\u00f3 concreta. A partir d\u2019aquests contes, es realitzen activitats diverses per ajudar els infants a comprendre i gestionar els seus sentiments.<\/span><\/p>\n<p><span style=\"font-weight: 400;\">Cada curs es centra en emocions espec\u00edfiques, seguint una progressi\u00f3 evolutiva.<\/span><\/p>\n<ul>\n<li style=\"list-style-type: none;\">\n<ul>\n<li style=\"list-style-type: none;\">\n<ul>\n<li style=\"font-weight: 400;\" aria-level=\"1\"><b>I3:<\/b><span style=\"font-weight: 400;\"> Alegria, estima, tristesa i enuig<\/span><\/li>\n<li style=\"font-weight: 400;\" aria-level=\"1\"><b>I4:<\/b><span style=\"font-weight: 400;\"> Por (+ emocions d\u2019I3)<\/span><\/li>\n<li style=\"font-weight: 400;\" aria-level=\"1\"><b>I5:<\/b><span style=\"font-weight: 400;\"> Vergonya (+ emocions d\u2019I4)<\/span><\/li>\n<\/ul>\n<\/li>\n<\/ul>\n<\/li>\n<\/ul>\n<p><span style=\"font-weight: 400;\">Aquest treball t\u00e9 com a objectius:<\/span><\/p>\n<ul>\n<li style=\"list-style-type: none;\">\n<ul>\n<li style=\"list-style-type: none;\">\n<ul>\n<li style=\"font-weight: 400;\" aria-level=\"1\"><span style=\"font-weight: 400;\">Recon\u00e8ixer i identificar de les emocions pr\u00f2pies i dels altres.<\/span><\/li>\n<li style=\"font-weight: 400;\" aria-level=\"1\"><span style=\"font-weight: 400;\">Adquirir d\u2019estrat\u00e8gies per a la gesti\u00f3 emocional i resoluci\u00f3 de conflictes.<\/span><\/li>\n<li style=\"font-weight: 400;\" aria-level=\"1\"><span style=\"font-weight: 400;\">Fomentar l\u2019empatia i la comprensi\u00f3 emocional.<\/span><\/li>\n<li style=\"font-weight: 400;\" aria-level=\"1\"><span style=\"font-weight: 400;\">Desenvolupar habilitats socials com la cooperaci\u00f3, l\u2019escolta activa i l\u2019assertivitat.<\/span><\/li>\n<li style=\"font-weight: 400;\" aria-level=\"1\"><span style=\"font-weight: 400;\">Potenciar la comunicaci\u00f3 emocional a trav\u00e9s de l\u2019expressi\u00f3 verbal i corporal.<\/span><\/li>\n<li style=\"font-weight: 400;\" aria-level=\"1\"><span style=\"font-weight: 400;\">Acompanyar el desenvolupament de l\u2019autoestima i la seguretat personal.<\/span><\/li>\n<\/ul>\n<\/li>\n<\/ul>\n<\/li>\n<\/ul>\n<p><span style=\"font-weight: 400;\">Amb aquesta estructura, garantim que els infants no nom\u00e9s aprenguin a identificar i expressar les seves emocions, sin\u00f3 que tamb\u00e9 desenvolupin eines clau per a la seva conviv\u00e8ncia i benestar emocional al llarg de l\u2019etapa infantil.<\/span><\/p>\n","protected":false},"excerpt":{"rendered":"<p>A educaci\u00f3 infantil, dediquem una sessi\u00f3 setmanal a treballar l\u2019educaci\u00f3 emocional amb l\u2019objectiu de fomentar habilitats socials, conductes assertives i la capacitat d\u2019empatia. Aquestes sessions, s\u00f3n dirigides pel tutor\/a del grup.<br \/>\nL\u2019educaci\u00f3 emocional es desenvolupa a partir dels titelles de les emocions, cadascun vinculat a un&hellip;  <a href=\"https:\/\/agora.xtec.cat\/escolasantaagnes\/educacio-emocional-2\/\" title=\"Read EDUCACI\u00d3 EMOCIONAL\">Llegeix m\u00e9s\u00bb<\/a><\/p>\n","protected":false},"author":1,"featured_media":0,"parent":0,"menu_order":0,"comment_status":"closed","ping_status":"closed","template":"","meta":{"_bbp_topic_count":0,"_bbp_reply_count":0,"_bbp_total_topic_count":0,"_bbp_total_reply_count":0,"_bbp_voice_count":0,"_bbp_anonymous_reply_count":0,"_bbp_topic_count_hidden":0,"_bbp_reply_count_hidden":0,"_bbp_forum_subforum_count":0,"footnotes":""},"class_list":["post-5787","page","type-page","status-publish","hentry"],"post_mailing_queue_ids":[],"_links":{"self":[{"href":"https:\/\/agora.xtec.cat\/escolasantaagnes\/wp-json\/wp\/v2\/pages\/5787","targetHints":{"allow":["GET"]}}],"collection":[{"href":"https:\/\/agora.xtec.cat\/escolasantaagnes\/wp-json\/wp\/v2\/pages"}],"about":[{"href":"https:\/\/agora.xtec.cat\/escolasantaagnes\/wp-json\/wp\/v2\/types\/page"}],"author":[{"embeddable":true,"href":"https:\/\/agora.xtec.cat\/escolasantaagnes\/wp-json\/wp\/v2\/users\/1"}],"replies":[{"embeddable":true,"href":"https:\/\/agora.xtec.cat\/escolasantaagnes\/wp-json\/wp\/v2\/comments?post=5787"}],"version-history":[{"count":3,"href":"https:\/\/agora.xtec.cat\/escolasantaagnes\/wp-json\/wp\/v2\/pages\/5787\/revisions"}],"predecessor-version":[{"id":5830,"href":"https:\/\/agora.xtec.cat\/escolasantaagnes\/wp-json\/wp\/v2\/pages\/5787\/revisions\/5830"}],"wp:attachment":[{"href":"https:\/\/agora.xtec.cat\/escolasantaagnes\/wp-json\/wp\/v2\/media?parent=5787"}],"curies":[{"name":"wp","href":"https:\/\/api.w.org\/{rel}","templated":true}]}}