{"id":5696,"date":"2026-01-14T12:03:04","date_gmt":"2026-01-14T11:03:04","guid":{"rendered":"https:\/\/agora.xtec.cat\/escolasantaagnes\/?page_id=5696"},"modified":"2026-01-14T19:28:48","modified_gmt":"2026-01-14T18:28:48","slug":"educacio-artistica-2","status":"publish","type":"page","link":"https:\/\/agora.xtec.cat\/escolasantaagnes\/educacio-artistica-2\/","title":{"rendered":"EDUCACI\u00d3 ART\u00cdSTICA"},"content":{"rendered":"<h3><b>En qu\u00e8 consisteix<\/b><\/h3>\n<p><span style=\"font-weight: 400;\">L\u2019\u00e0rea d\u2019Educaci\u00f3 art\u00edstica a Prim\u00e0ria inclou els \u00e0mbits de <\/span><b>m\u00fasica i educaci\u00f3 visual i pl\u00e0stica<\/b><span style=\"font-weight: 400;\">, que, tot i formar part d\u2019una mateixa \u00e0rea, es treballen de manera diferenciada. Tots els grups de Prim\u00e0ria disposen de <\/span><b>dues hores setmanals<\/b><span style=\"font-weight: 400;\"> destinades a Educaci\u00f3 art\u00edstica dins l\u2019horari lectiu.<\/span><\/p>\n<p><span style=\"font-weight: 400;\">L\u2019escola compta amb <\/span><b>un mestre especialista<\/b><span style=\"font-weight: 400;\"> que imparteix tota la m\u00fasica del centre (Educaci\u00f3 Infantil i Prim\u00e0ria) i l\u2019educaci\u00f3 visual i pl\u00e0stica a Prim\u00e0ria. En el cas d\u2019Educaci\u00f3 Infantil, les mestres del cicle s\u2019encarreguen habitualment del treball pl\u00e0stic.<\/span><\/p>\n<p><span style=\"font-weight: 400;\">En l\u2019\u00e0mbit de <\/span><b>l\u2019educaci\u00f3 visual i pl\u00e0stica<\/b><span style=\"font-weight: 400;\">, el treball se centra en la creaci\u00f3 a trav\u00e9s de <\/span><b>t\u00e8cniques diverses<\/b><span style=\"font-weight: 400;\"> i en el coneixement d\u2019<\/span><b>autors i referents art\u00edstics<\/b><span style=\"font-weight: 400;\">, fomentant l\u2019experimentaci\u00f3 i l\u2019expressi\u00f3 personal.<\/span><\/p>\n<p><span style=\"font-weight: 400;\">Pel que fa a la <\/span><b>m\u00fasica<\/b><span style=\"font-weight: 400;\">, l\u2019\u00e0rea t\u00e9 un pes rellevant dins el projecte educatiu del centre. A <\/span><b>1r de Prim\u00e0ria<\/b><span style=\"font-weight: 400;\">, l\u2019alumnat participa en la cantata de VOTV, i a <\/span><b>4t de Prim\u00e0ria<\/b><span style=\"font-weight: 400;\"> en el projecte Cant\u00e0nia, fet que comporta una major dedicaci\u00f3 hor\u00e0ria a la m\u00fasica durant aquest curs.<\/span><\/p>\n<p><span style=\"font-weight: 400;\">De <\/span><b>3r a 6\u00e8 de Prim\u00e0ria<\/b><span style=\"font-weight: 400;\">, l\u2019alumnat participa en el projecte <\/span><b>Ukus\u00f2nics<\/b><span style=\"font-weight: 400;\">, ja recollit dins els projectes de centre, que permet iniciar-se i aprofundir progressivament en la pr\u00e0ctica musical instrumental i col\u00b7lectiva. En el cas de <\/span><b>3r de Prim\u00e0ria<\/b><span style=\"font-weight: 400;\">, aquest treball es complementa amb la participaci\u00f3 en el <\/span><b>concert de Sant Jordi a l\u2019Ajuntament<\/b><span style=\"font-weight: 400;\">, conjuntament amb altres escoles del municipi.<\/span><\/p>\n<p><span style=\"font-weight: 400;\">L\u2019educaci\u00f3 art\u00edstica t\u00e9 un <\/span><b>enfocament pr\u00e0ctic i vivencial<\/b><span style=\"font-weight: 400;\">, que combina la creaci\u00f3 art\u00edstica amb la reflexi\u00f3 sobre el proc\u00e9s. L\u2019\u00e0rea es vincula estretament amb projectes de centre i t\u00e9 una pres\u00e8ncia destacada en <\/span><b>activitats col\u00b7lectives<\/b><span style=\"font-weight: 400;\">, com concerts, mostres i representacions, aix\u00ed com en el contacte amb manifestacions art\u00edstiques i culturals.<\/span><\/p>\n<h3><b>Objectius<\/b><\/h3>\n<ul>\n<li style=\"list-style-type: none;\">\n<ul>\n<li style=\"list-style-type: none;\">\n<ul>\n<li style=\"font-weight: 400;\" aria-level=\"1\"><span style=\"font-weight: 400;\">Desenvolupar la creativitat i la capacitat d\u2019expressi\u00f3 art\u00edstica de l\u2019alumnat.<\/span><\/li>\n<li style=\"font-weight: 400;\" aria-level=\"1\"><span style=\"font-weight: 400;\">Afavorir l\u2019expressi\u00f3 d\u2019emocions, idees i viv\u00e8ncies a trav\u00e9s de diferents llenguatges art\u00edstics.<\/span><\/li>\n<li style=\"font-weight: 400;\" aria-level=\"1\"><span style=\"font-weight: 400;\">Experimentar amb materials, t\u00e8cniques i formes d\u2019expressi\u00f3 diverses.<\/span><\/li>\n<li style=\"font-weight: 400;\" aria-level=\"1\"><span style=\"font-weight: 400;\">Potenciar la sensibilitat art\u00edstica i el gust per l\u2019art i la m\u00fasica.<\/span><\/li>\n<li style=\"font-weight: 400;\" aria-level=\"1\">Participar activament en projectes i activitats art\u00edstiques col\u00b7lectives del centre.<\/li>\n<\/ul>\n<\/li>\n<\/ul>\n<\/li>\n<\/ul>\n","protected":false},"excerpt":{"rendered":"<p>En qu\u00e8 consisteix<br \/>\nL\u2019\u00e0rea d\u2019Educaci\u00f3 art\u00edstica a Prim\u00e0ria inclou els \u00e0mbits de m\u00fasica i educaci\u00f3 visual i pl\u00e0stica, que, tot i formar part d\u2019una mateixa \u00e0rea, es treballen de manera diferenciada. Tots els grups de Prim\u00e0ria disposen de dues hores setmanals destinades a Educaci\u00f3 art\u00edstica dins&hellip;  <a href=\"https:\/\/agora.xtec.cat\/escolasantaagnes\/educacio-artistica-2\/\" title=\"Read EDUCACI\u00d3 ART\u00cdSTICA\">Llegeix m\u00e9s\u00bb<\/a><\/p>\n","protected":false},"author":1,"featured_media":0,"parent":0,"menu_order":0,"comment_status":"closed","ping_status":"closed","template":"","meta":{"_bbp_topic_count":0,"_bbp_reply_count":0,"_bbp_total_topic_count":0,"_bbp_total_reply_count":0,"_bbp_voice_count":0,"_bbp_anonymous_reply_count":0,"_bbp_topic_count_hidden":0,"_bbp_reply_count_hidden":0,"_bbp_forum_subforum_count":0,"footnotes":""},"class_list":["post-5696","page","type-page","status-publish","hentry"],"post_mailing_queue_ids":[],"_links":{"self":[{"href":"https:\/\/agora.xtec.cat\/escolasantaagnes\/wp-json\/wp\/v2\/pages\/5696","targetHints":{"allow":["GET"]}}],"collection":[{"href":"https:\/\/agora.xtec.cat\/escolasantaagnes\/wp-json\/wp\/v2\/pages"}],"about":[{"href":"https:\/\/agora.xtec.cat\/escolasantaagnes\/wp-json\/wp\/v2\/types\/page"}],"author":[{"embeddable":true,"href":"https:\/\/agora.xtec.cat\/escolasantaagnes\/wp-json\/wp\/v2\/users\/1"}],"replies":[{"embeddable":true,"href":"https:\/\/agora.xtec.cat\/escolasantaagnes\/wp-json\/wp\/v2\/comments?post=5696"}],"version-history":[{"count":2,"href":"https:\/\/agora.xtec.cat\/escolasantaagnes\/wp-json\/wp\/v2\/pages\/5696\/revisions"}],"predecessor-version":[{"id":5838,"href":"https:\/\/agora.xtec.cat\/escolasantaagnes\/wp-json\/wp\/v2\/pages\/5696\/revisions\/5838"}],"wp:attachment":[{"href":"https:\/\/agora.xtec.cat\/escolasantaagnes\/wp-json\/wp\/v2\/media?parent=5696"}],"curies":[{"name":"wp","href":"https:\/\/api.w.org\/{rel}","templated":true}]}}