{"id":5688,"date":"2026-01-14T12:00:53","date_gmt":"2026-01-14T11:00:53","guid":{"rendered":"https:\/\/agora.xtec.cat\/escolasantaagnes\/?page_id=5688"},"modified":"2026-01-14T19:27:02","modified_gmt":"2026-01-14T18:27:02","slug":"primera-llengua-estrangera-angles","status":"publish","type":"page","link":"https:\/\/agora.xtec.cat\/escolasantaagnes\/primera-llengua-estrangera-angles\/","title":{"rendered":"PRIMERA LLENGUA ESTRANGERA: ANGL\u00c8S"},"content":{"rendered":"<h3><b>En qu\u00e8 consisteix<\/b><\/h3>\n<p><span style=\"font-weight: 400;\">L\u2019\u00e0rea de Llengua estrangera (angl\u00e8s) t\u00e9 com a objectiu desenvolupar la compet\u00e8ncia comunicativa de l\u2019alumnat en una llengua diferent de la pr\u00f2pia, afavorint especialment la comprensi\u00f3 i l\u2019expressi\u00f3 oral. A l\u2019Escola Santa Agn\u00e8s, l\u2019angl\u00e8s t\u00e9 un <\/span><b>pes curricular de tres hores setmanals a tots els cicles de Prim\u00e0ria<\/b><span style=\"font-weight: 400;\">, igual que les \u00e0rees de llengua catalana i llengua castellana.<\/span><\/p>\n<p><span style=\"font-weight: 400;\">El treball de l\u2019\u00e0rea combina un <\/span><b>enfocament comunicatiu<\/b><span style=\"font-weight: 400;\">, especialment a cicle inicial, amb un <\/span><b>treball m\u00e9s estructurat a partir de cicle mitj\u00e0<\/b><span style=\"font-weight: 400;\">, que permet sistematitzar progressivament els aprenentatges. Actualment s\u2019utilitza el llibre de text combinat amb materials digitals i altres recursos, tot valorant l\u2019evoluci\u00f3 cap a metodologies cada vegada m\u00e9s flexibles i contextualitzades.<\/span><\/p>\n<p><span style=\"font-weight: 400;\">Es prioritzen la <\/span><b>comprensi\u00f3 oral i l\u2019expressi\u00f3 oral<\/b><span style=\"font-weight: 400;\"> com a base de l\u2019aprenentatge de la llengua. Progressivament, a partir de cicle mitj\u00e0, la <\/span><b>comprensi\u00f3 lectora i l\u2019expressi\u00f3 escrita<\/b><span style=\"font-weight: 400;\"> adquireixen m\u00e9s pes, d\u2019acord amb el desenvolupament maduratiu de l\u2019alumnat. La llengua estrangera es treballa principalment dins l\u2019\u00e0rea, per\u00f2 tamb\u00e9 s\u2019utilitza en <\/span><b>projectes o activitats puntuals<\/b><span style=\"font-weight: 400;\"> que afavoreixen l\u2019\u00fas funcional de la llengua.<\/span><\/p>\n<h3><b>Objectius<\/b><\/h3>\n<ul>\n<li style=\"list-style-type: none;\">\n<ul>\n<li style=\"list-style-type: none;\">\n<ul>\n<li style=\"font-weight: 400;\" aria-level=\"1\"><span style=\"font-weight: 400;\">Desenvolupar la capacitat de comunicar-se oralment en situacions quotidianes.<\/span><\/li>\n<li style=\"font-weight: 400;\" aria-level=\"1\"><span style=\"font-weight: 400;\">Comprendre missatges orals senzills en llengua estrangera.<\/span><\/li>\n<li style=\"font-weight: 400;\" aria-level=\"1\"><span style=\"font-weight: 400;\">Iniciar-se progressivament en la lectura i l\u2019escriptura en angl\u00e8s.<\/span><\/li>\n<li style=\"font-weight: 400;\" aria-level=\"1\"><span style=\"font-weight: 400;\">Afavorir la confian\u00e7a i la seguretat per expressar-se en una llengua estrangera.<\/span><\/li>\n<li style=\"font-weight: 400;\" aria-level=\"1\"><span style=\"font-weight: 400;\">Garantir una progressi\u00f3 coherent dels aprenentatges al llarg dels diferents cicles de Prim\u00e0ria.<\/span><\/li>\n<\/ul>\n<\/li>\n<\/ul>\n<\/li>\n<\/ul>\n","protected":false},"excerpt":{"rendered":"<p>En qu\u00e8 consisteix<br \/>\nL\u2019\u00e0rea de Llengua estrangera (angl\u00e8s) t\u00e9 com a objectiu desenvolupar la compet\u00e8ncia comunicativa de l\u2019alumnat en una llengua diferent de la pr\u00f2pia, afavorint especialment la comprensi\u00f3 i l\u2019expressi\u00f3 oral. A l\u2019Escola Santa Agn\u00e8s, l\u2019angl\u00e8s t\u00e9 un pes curricular de tres hores setmanals a&hellip;  <a href=\"https:\/\/agora.xtec.cat\/escolasantaagnes\/primera-llengua-estrangera-angles\/\" title=\"Read PRIMERA LLENGUA ESTRANGERA: ANGL\u00c8S\">Llegeix m\u00e9s\u00bb<\/a><\/p>\n","protected":false},"author":1,"featured_media":0,"parent":0,"menu_order":0,"comment_status":"closed","ping_status":"closed","template":"","meta":{"_bbp_topic_count":0,"_bbp_reply_count":0,"_bbp_total_topic_count":0,"_bbp_total_reply_count":0,"_bbp_voice_count":0,"_bbp_anonymous_reply_count":0,"_bbp_topic_count_hidden":0,"_bbp_reply_count_hidden":0,"_bbp_forum_subforum_count":0,"footnotes":""},"class_list":["post-5688","page","type-page","status-publish","hentry"],"post_mailing_queue_ids":[],"_links":{"self":[{"href":"https:\/\/agora.xtec.cat\/escolasantaagnes\/wp-json\/wp\/v2\/pages\/5688","targetHints":{"allow":["GET"]}}],"collection":[{"href":"https:\/\/agora.xtec.cat\/escolasantaagnes\/wp-json\/wp\/v2\/pages"}],"about":[{"href":"https:\/\/agora.xtec.cat\/escolasantaagnes\/wp-json\/wp\/v2\/types\/page"}],"author":[{"embeddable":true,"href":"https:\/\/agora.xtec.cat\/escolasantaagnes\/wp-json\/wp\/v2\/users\/1"}],"replies":[{"embeddable":true,"href":"https:\/\/agora.xtec.cat\/escolasantaagnes\/wp-json\/wp\/v2\/comments?post=5688"}],"version-history":[{"count":2,"href":"https:\/\/agora.xtec.cat\/escolasantaagnes\/wp-json\/wp\/v2\/pages\/5688\/revisions"}],"predecessor-version":[{"id":5833,"href":"https:\/\/agora.xtec.cat\/escolasantaagnes\/wp-json\/wp\/v2\/pages\/5688\/revisions\/5833"}],"wp:attachment":[{"href":"https:\/\/agora.xtec.cat\/escolasantaagnes\/wp-json\/wp\/v2\/media?parent=5688"}],"curies":[{"name":"wp","href":"https:\/\/api.w.org\/{rel}","templated":true}]}}