{"id":5561,"date":"2025-10-10T09:42:57","date_gmt":"2025-10-10T07:42:57","guid":{"rendered":"https:\/\/agora.xtec.cat\/escolasantaagnes\/?page_id=5561"},"modified":"2025-11-12T09:17:05","modified_gmt":"2025-11-12T08:17:05","slug":"etwinning-25-26","status":"publish","type":"page","link":"https:\/\/agora.xtec.cat\/escolasantaagnes\/etwinning-25-26\/","title":{"rendered":"ETWINNING 25-26"},"content":{"rendered":"<p><strong>Compartint tradicions i aprenent angl\u00e8s<\/strong><\/p>\n<p>Aquest curs, l\u2019escola participa en un projecte\u00a0<b>eTwinning\u00a0<\/b>amb dotze centres europeus de diferents pa\u00efsos, entre els quals hi ha Portugal, It\u00e0lia, Gr\u00e8cia, els Pa\u00efsos Baixos, Eslov\u00e8nia, la Rep\u00fablica Txeca i Pol\u00f2nia, entre d\u2019altres. L\u2019objectiu \u00e9s\u00a0<u>potenciar la comunicaci\u00f3 en llengua anglesa i fomentar l\u2019intercanvi cultural entre alumnes.<\/u><\/p>\n<p>Els estudiants de<b>\u00a0cicle mitj\u00e0<\/b>\u00a0i\u00a0<b>cicle superior<\/b>\u00a0prepararan i enviaran\u00a0<b>postals de Nadal<\/b>\u00a0amb un petit text en angl\u00e8s als seus companys europeus. A m\u00e9s, al llarg del projecte<u>\u00a0compartirem tradicions nadalenques i culturals de cada pa\u00eds, descobrint costums i maneres de viure diferents.<\/u><\/p>\n<p>Aquesta experi\u00e8ncia permetr\u00e0 als nostres alumnes millorar les seves habilitats ling\u00fc\u00edstiques, con\u00e8ixer altres realitats europees i viure una activitat motivadora i significativa per a tothom.<\/p>\n<p><a href=\"https:\/\/agora.xtec.cat\/escolasantaagnes\/wp-content\/uploads\/usu1755\/2025\/11\/image.png\"><img loading=\"lazy\" decoding=\"async\" class=\"alignnone wp-image-5627\" src=\"https:\/\/agora.xtec.cat\/escolasantaagnes\/wp-content\/uploads\/usu1755\/2025\/11\/image-1024x691.png\" alt=\"\" width=\"512\" height=\"346\" srcset=\"https:\/\/agora.xtec.cat\/escolasantaagnes\/wp-content\/uploads\/usu1755\/2025\/11\/image-1024x691.png 1024w, https:\/\/agora.xtec.cat\/escolasantaagnes\/wp-content\/uploads\/usu1755\/2025\/11\/image-300x203.png 300w, https:\/\/agora.xtec.cat\/escolasantaagnes\/wp-content\/uploads\/usu1755\/2025\/11\/image-768x519.png 768w, https:\/\/agora.xtec.cat\/escolasantaagnes\/wp-content\/uploads\/usu1755\/2025\/11\/image.png 1062w\" sizes=\"auto, (max-width: 512px) 100vw, 512px\" \/><\/a><\/p>\n","protected":false},"excerpt":{"rendered":"<p>Compartint tradicions i aprenent angl\u00e8s<br \/>\nAquest curs, l\u2019escola participa en un projecte\u00a0eTwinning\u00a0amb dotze centres europeus de diferents pa\u00efsos, entre els quals hi ha Portugal, It\u00e0lia, Gr\u00e8cia, els Pa\u00efsos Baixos, Eslov\u00e8nia, la Rep\u00fablica Txeca i Pol\u00f2nia, entre d\u2019altres. L\u2019objectiu \u00e9s\u00a0potenciar la comunicaci\u00f3 en llengua anglesa i fomentar&hellip;  <a href=\"https:\/\/agora.xtec.cat\/escolasantaagnes\/etwinning-25-26\/\" title=\"Read ETWINNING 25-26\">Llegeix m\u00e9s\u00bb<\/a><\/p>\n","protected":false},"author":1,"featured_media":0,"parent":0,"menu_order":0,"comment_status":"closed","ping_status":"closed","template":"","meta":{"_bbp_topic_count":0,"_bbp_reply_count":0,"_bbp_total_topic_count":0,"_bbp_total_reply_count":0,"_bbp_voice_count":0,"_bbp_anonymous_reply_count":0,"_bbp_topic_count_hidden":0,"_bbp_reply_count_hidden":0,"_bbp_forum_subforum_count":0,"footnotes":""},"class_list":["post-5561","page","type-page","status-publish","hentry"],"post_mailing_queue_ids":[],"_links":{"self":[{"href":"https:\/\/agora.xtec.cat\/escolasantaagnes\/wp-json\/wp\/v2\/pages\/5561","targetHints":{"allow":["GET"]}}],"collection":[{"href":"https:\/\/agora.xtec.cat\/escolasantaagnes\/wp-json\/wp\/v2\/pages"}],"about":[{"href":"https:\/\/agora.xtec.cat\/escolasantaagnes\/wp-json\/wp\/v2\/types\/page"}],"author":[{"embeddable":true,"href":"https:\/\/agora.xtec.cat\/escolasantaagnes\/wp-json\/wp\/v2\/users\/1"}],"replies":[{"embeddable":true,"href":"https:\/\/agora.xtec.cat\/escolasantaagnes\/wp-json\/wp\/v2\/comments?post=5561"}],"version-history":[{"count":6,"href":"https:\/\/agora.xtec.cat\/escolasantaagnes\/wp-json\/wp\/v2\/pages\/5561\/revisions"}],"predecessor-version":[{"id":5631,"href":"https:\/\/agora.xtec.cat\/escolasantaagnes\/wp-json\/wp\/v2\/pages\/5561\/revisions\/5631"}],"wp:attachment":[{"href":"https:\/\/agora.xtec.cat\/escolasantaagnes\/wp-json\/wp\/v2\/media?parent=5561"}],"curies":[{"name":"wp","href":"https:\/\/api.w.org\/{rel}","templated":true}]}}