{"id":5298,"date":"2025-02-28T12:22:27","date_gmt":"2025-02-28T11:22:27","guid":{"rendered":"https:\/\/agora.xtec.cat\/escolasantaagnes\/?page_id=5298"},"modified":"2025-02-28T12:22:27","modified_gmt":"2025-02-28T11:22:27","slug":"educacio-emocional","status":"publish","type":"page","link":"https:\/\/agora.xtec.cat\/escolasantaagnes\/educacio-emocional\/","title":{"rendered":"EDUCACI\u00d3 EMOCIONAL"},"content":{"rendered":"<h3>1. En qu\u00e8 consisteix<\/h3>\n<p>A educaci\u00f3 infantil, dediquem una sessi\u00f3 setmanal a treballar l&#8217;educaci\u00f3 emocional amb l&#8217;objectiu de fomentar habilitats socials, conductes assertives i la capacitat d&#8217;empatia. Aquestes sessions, s\u00f3n dirigides pel tutor\/a del grup.<\/p>\n<p>L&#8217;educaci\u00f3 emocional es desenvolupa a partir dels\u00a0<strong>titelles de les emocions<\/strong>, cadascun vinculat a un conte que representa una emoci\u00f3 concreta. A partir d\u2019aquests contes, es realitzen activitats diverses per ajudar els infants a comprendre i gestionar els seus sentiments.<\/p>\n<p>Cada curs es centra en emocions espec\u00edfiques, seguint una progressi\u00f3 evolutiva.<\/p>\n<ul>\n<li><strong>I3:<\/strong>\u00a0Alegria, estima, tristesa i enuig<\/li>\n<li><strong>I4:<\/strong>\u00a0Por (+ emocions d&#8217;I3)<\/li>\n<li><strong>I5:<\/strong>\u00a0Vergonya (+ emocions d&#8217;I4)<\/li>\n<\/ul>\n<h3><\/h3>\n<h3>2. Objectius<\/h3>\n<ul>\n<li>Reconeixement i identificaci\u00f3 de les emocions pr\u00f2pies i dels altres.<\/li>\n<li>Adquisici\u00f3 d&#8217;estrat\u00e8gies per a la gesti\u00f3 emocional i resoluci\u00f3 de conflictes.<\/li>\n<li>Fomentar l&#8217;empatia i la comprensi\u00f3 emocional.<\/li>\n<li>Desenvolupar habilitats socials com la cooperaci\u00f3, l\u2019escolta activa i l&#8217;assertivitat.<\/li>\n<li>Potenciar la comunicaci\u00f3 emocional a trav\u00e9s de l&#8217;expressi\u00f3 verbal i corporal.<\/li>\n<li>Acompanyar el desenvolupament de l&#8217;autoestima i la seguretat personal.<\/li>\n<\/ul>\n<p>Amb aquesta estructura, garantim que els infants no nom\u00e9s aprenguin a identificar i expressar les seves emocions, sin\u00f3 que tamb\u00e9 desenvolupin eines clau per a la seva conviv\u00e8ncia i benestar emocional al llarg de l&#8217;etapa infantil.<\/p>\n","protected":false},"excerpt":{"rendered":"<p>1. En qu\u00e8 consisteix<br \/>\nA educaci\u00f3 infantil, dediquem una sessi\u00f3 setmanal a treballar l&#8217;educaci\u00f3 emocional amb l&#8217;objectiu de fomentar habilitats socials, conductes assertives i la capacitat d&#8217;empatia. Aquestes sessions, s\u00f3n dirigides pel tutor\/a del grup.<br \/>\nL&#8217;educaci\u00f3 emocional es desenvolupa a partir dels\u00a0titelles de les emocions, cadascun vinculat&hellip;  <a href=\"https:\/\/agora.xtec.cat\/escolasantaagnes\/educacio-emocional\/\" title=\"Read EDUCACI\u00d3 EMOCIONAL\">Llegeix m\u00e9s\u00bb<\/a><\/p>\n","protected":false},"author":1,"featured_media":0,"parent":0,"menu_order":0,"comment_status":"closed","ping_status":"closed","template":"","meta":{"_bbp_topic_count":0,"_bbp_reply_count":0,"_bbp_total_topic_count":0,"_bbp_total_reply_count":0,"_bbp_voice_count":0,"_bbp_anonymous_reply_count":0,"_bbp_topic_count_hidden":0,"_bbp_reply_count_hidden":0,"_bbp_forum_subforum_count":0,"footnotes":""},"class_list":["post-5298","page","type-page","status-publish","hentry"],"post_mailing_queue_ids":[],"_links":{"self":[{"href":"https:\/\/agora.xtec.cat\/escolasantaagnes\/wp-json\/wp\/v2\/pages\/5298","targetHints":{"allow":["GET"]}}],"collection":[{"href":"https:\/\/agora.xtec.cat\/escolasantaagnes\/wp-json\/wp\/v2\/pages"}],"about":[{"href":"https:\/\/agora.xtec.cat\/escolasantaagnes\/wp-json\/wp\/v2\/types\/page"}],"author":[{"embeddable":true,"href":"https:\/\/agora.xtec.cat\/escolasantaagnes\/wp-json\/wp\/v2\/users\/1"}],"replies":[{"embeddable":true,"href":"https:\/\/agora.xtec.cat\/escolasantaagnes\/wp-json\/wp\/v2\/comments?post=5298"}],"version-history":[{"count":1,"href":"https:\/\/agora.xtec.cat\/escolasantaagnes\/wp-json\/wp\/v2\/pages\/5298\/revisions"}],"predecessor-version":[{"id":5299,"href":"https:\/\/agora.xtec.cat\/escolasantaagnes\/wp-json\/wp\/v2\/pages\/5298\/revisions\/5299"}],"wp:attachment":[{"href":"https:\/\/agora.xtec.cat\/escolasantaagnes\/wp-json\/wp\/v2\/media?parent=5298"}],"curies":[{"name":"wp","href":"https:\/\/api.w.org\/{rel}","templated":true}]}}