{"id":5244,"date":"2025-02-19T15:46:09","date_gmt":"2025-02-19T14:46:09","guid":{"rendered":"https:\/\/agora.xtec.cat\/escolasantaagnes\/?page_id=5244"},"modified":"2025-02-20T20:20:18","modified_gmt":"2025-02-20T19:20:18","slug":"joc-simbolic","status":"publish","type":"page","link":"https:\/\/agora.xtec.cat\/escolasantaagnes\/joc-simbolic\/","title":{"rendered":"JOC SIMB\u00d2LIC"},"content":{"rendered":"<h4><b>1. <u>En qu\u00e8 consisteix?<\/u><\/b><\/h4>\n<p>A l&#8217;escola, el joc simb\u00f2lic \u00e9s una activitat fonamental per al desenvolupament global dels infants. Aquesta activitat es realitza setmanalment en sessions organitzades per l&#8217;equip docent, on els alumnes de diferents grups d\u2019infantil es barregen per jugar conjuntament. La incorporaci\u00f3 dels alumnes de I3 a aquest joc internivell es fa a partir del mes de gener. La sessi\u00f3 t\u00e9 una organitzaci\u00f3 acurada, amb un sistema de control mitjan\u00e7ant un quadre de doble entrada i una graella visual, que permet als nens i nenes triar i explorar diferents espais de joc sense repetir-los fins que hagin passat per tots. Cada rac\u00f3 de joc \u00e9s supervisat per mestres que vetllen per la correcta din\u00e0mica de la sessi\u00f3.<\/p>\n<p>El joc simb\u00f2lic \u00e9s una modalitat de joc en qu\u00e8 els infants utilitzen objectes, accions o idees per representar altres coses, imitant situacions de la vida real i adoptant rols que normalment corresponen als adults. En aquest context, els nens i nenes poden recrear escenes que observen al seu voltant, com el rol de metge, cuiner, professor o pare\/mare. Aquesta activitat, m\u00e9s enll\u00e0 de ser una font d\u2019entreteniment, t\u00e9 beneficis profunds en diverses \u00e0rees del seu desenvolupament.<\/p>\n<h4><b>2. <u>Objectius:<\/u><\/b><\/h4>\n<ol>\n<li><strong>Desenvolupament cognitiu<\/strong>: El joc simb\u00f2lic millora la capacitat d&#8217;abstracci\u00f3 i la creativitat, ja que els infants representen idees i situacions amb elements simb\u00f2lics. Aix\u00f2 fomenta el pensament cr\u00edtic i la resoluci\u00f3 de problemes.<\/li>\n<li><strong>Desenvolupament del llenguatge<\/strong>: Els infants experimenten amb el llenguatge en diferents contextos, enriquint el seu vocabulari i afavorint la comunicaci\u00f3 i el di\u00e0leg amb els altres.<\/li>\n<li><strong>Desenvolupament emocional<\/strong>: Aquest tipus de joc permet als infants expressar i gestionar les seves emocions, aprenent a posar-se en el lloc de l&#8217;altre i potenciant l\u2019empatia.<\/li>\n<li><strong>Desenvolupament social<\/strong>: El joc simb\u00f2lic en grup fomenta la cooperaci\u00f3, la negociaci\u00f3 i la resoluci\u00f3 de conflictes, habilitats clau per a la seva interacci\u00f3 social.<\/li>\n<li><strong>Desenvolupament motor<\/strong>: Encara que el joc simb\u00f2lic implica majorit\u00e0riament la ment, sovint es combina amb accions f\u00edsiques que afavoreixen la coordinaci\u00f3 motora.<\/li>\n<\/ol>\n<p>El joc simb\u00f2lic \u00e9s una eina poderosa per a la formaci\u00f3 integral dels infants, oferint-los l&#8217;oportunitat de cr\u00e9ixer en diversos aspectes de la seva vida mentre exploren i entenen el m\u00f3n que els envolta. Els mestres juguen un paper fonamental en guiar i afavorir aquest desenvolupament de manera subtil i respectuosa amb la creativitat i autonomia dels infants.<\/p>\n","protected":false},"excerpt":{"rendered":"<p>1. En qu\u00e8 consisteix?<br \/>\nA l&#8217;escola, el joc simb\u00f2lic \u00e9s una activitat fonamental per al desenvolupament global dels infants. Aquesta activitat es realitza setmanalment en sessions organitzades per l&#8217;equip docent, on els alumnes de diferents grups d\u2019infantil es barregen per jugar conjuntament. La incorporaci\u00f3 dels alumnes&hellip;  <a href=\"https:\/\/agora.xtec.cat\/escolasantaagnes\/joc-simbolic\/\" title=\"Read JOC SIMB\u00d2LIC\">Llegeix m\u00e9s\u00bb<\/a><\/p>\n","protected":false},"author":1,"featured_media":0,"parent":0,"menu_order":0,"comment_status":"closed","ping_status":"closed","template":"","meta":{"_bbp_topic_count":0,"_bbp_reply_count":0,"_bbp_total_topic_count":0,"_bbp_total_reply_count":0,"_bbp_voice_count":0,"_bbp_anonymous_reply_count":0,"_bbp_topic_count_hidden":0,"_bbp_reply_count_hidden":0,"_bbp_forum_subforum_count":0,"footnotes":""},"class_list":["post-5244","page","type-page","status-publish","hentry"],"post_mailing_queue_ids":[],"_links":{"self":[{"href":"https:\/\/agora.xtec.cat\/escolasantaagnes\/wp-json\/wp\/v2\/pages\/5244","targetHints":{"allow":["GET"]}}],"collection":[{"href":"https:\/\/agora.xtec.cat\/escolasantaagnes\/wp-json\/wp\/v2\/pages"}],"about":[{"href":"https:\/\/agora.xtec.cat\/escolasantaagnes\/wp-json\/wp\/v2\/types\/page"}],"author":[{"embeddable":true,"href":"https:\/\/agora.xtec.cat\/escolasantaagnes\/wp-json\/wp\/v2\/users\/1"}],"replies":[{"embeddable":true,"href":"https:\/\/agora.xtec.cat\/escolasantaagnes\/wp-json\/wp\/v2\/comments?post=5244"}],"version-history":[{"count":5,"href":"https:\/\/agora.xtec.cat\/escolasantaagnes\/wp-json\/wp\/v2\/pages\/5244\/revisions"}],"predecessor-version":[{"id":5278,"href":"https:\/\/agora.xtec.cat\/escolasantaagnes\/wp-json\/wp\/v2\/pages\/5244\/revisions\/5278"}],"wp:attachment":[{"href":"https:\/\/agora.xtec.cat\/escolasantaagnes\/wp-json\/wp\/v2\/media?parent=5244"}],"curies":[{"name":"wp","href":"https:\/\/api.w.org\/{rel}","templated":true}]}}