{"id":5189,"date":"2025-02-12T15:38:54","date_gmt":"2025-02-12T14:38:54","guid":{"rendered":"https:\/\/agora.xtec.cat\/escolasantaagnes\/?page_id=5189"},"modified":"2025-03-19T15:37:10","modified_gmt":"2025-03-19T14:37:10","slug":"iscvo-24-25","status":"publish","type":"page","link":"https:\/\/agora.xtec.cat\/escolasantaagnes\/iscvo-24-25\/","title":{"rendered":"ISCVO 24-25"},"content":{"rendered":"<p><span style=\"font-weight: 400;\">El <\/span><b>Projecte ISCVO<\/b><span style=\"font-weight: 400;\"> \u00e9s una iniciativa educativa que es fa en llengua anglesa, que busca sensibilitzar els alumnes sobre els Objectius de Desenvolupament Sostenible (ODS) a trav\u00e9s de la investigaci\u00f3 i l&#8217;aprenentatge actiu. Els estudiants analitzen diferents aspectes de la societat i el medi ambient, reflexionant sobre com les seves accions poden contribuir a un m\u00f3n m\u00e9s just i sostenible.\u00a0<\/span><\/p>\n<p><span style=\"font-weight: 400;\">En el nostre projecte, <\/span><b>&#8220;Zero Hunger&#8221;<\/b><span style=\"font-weight: 400;\"> (Objectiu 2), plantegem la pregunta: <\/span><b>&#8220;How can the place you live impact your breakfast?&#8221;<\/b><span style=\"font-weight: 400;\">. Els alumnes investigaran com la situaci\u00f3 socioecon\u00f2mica i geogr\u00e0fica dels diferents pa\u00efsos pot influir en el tipus d&#8217;esmorzar que tenen els nens i nenes. En les primeres sessions, analitzaran imatges de paisatges de diferents pa\u00efsos i faran hip\u00f2tesis sobre qu\u00e8 podrien menjar els infants d&#8217;aquests llocs. Despr\u00e9s, realitzaran recerques sobre dades com la poblaci\u00f3, alfabetitzaci\u00f3, salut, etc., per comprendre millor les condicions de vida.<\/span><\/p>\n<p><span style=\"font-weight: 400;\">A partir de la recerca i el treball en grups, cada grup exposar\u00e0 la situaci\u00f3 d\u2019un pa\u00eds assignat. Parlarem sobre els recursos disponibles, les difer\u00e8ncies entre pa\u00efsos desenvolupats i els que estan en proc\u00e9s de desenvolupament, i analitzarem les causes per les quals els nens de diferents regions no tenen acc\u00e9s a un esmorzar complet, aix\u00ed com les variacions en els aliments que consumeixen. Aix\u00f2 ens permetr\u00e0 entendre millor la realitat de molts infants al m\u00f3n i reflexionar sobre com podem contribuir a solucionar aquests desafiaments globals.<\/span><\/p>\n<p>&nbsp;<\/p>\n<p style=\"text-align: center;\"><iframe loading=\"lazy\" src=\"\/\/www.youtube.com\/embed\/LHRRLa6NXfE\" width=\"560\" height=\"314\" allowfullscreen=\"allowfullscreen\"><\/iframe><\/p>\n<p>&nbsp;<\/p>\n<p>Els alumnes de 5\u00e8 i 6\u00e8 treballen en equip en el projecte ISCVO &#8220;Zero Hunger&#8221;, explorant solucions per combatre la fam al m\u00f3n. Una experi\u00e8ncia d&#8217;aprenentatge col\u00b7laboratiu i comprom\u00eds social!<\/p>\n<p>The 5th and 6th-grade students are working together on the ISCVO Zero Hunger project, exploring solutions to fight world hunger. A collaborative learning experience with a strong social commitment!<\/p>\n<p><a href=\"https:\/\/agora.xtec.cat\/escolasantaagnes\/wp-content\/uploads\/usu1755\/2025\/03\/1000103675.jpg\"><img loading=\"lazy\" decoding=\"async\" class=\"aligncenter wp-image-5328\" src=\"https:\/\/agora.xtec.cat\/escolasantaagnes\/wp-content\/uploads\/usu1755\/2025\/03\/1000103675-300x300.jpg\" alt=\"\" width=\"512\" height=\"512\" srcset=\"https:\/\/agora.xtec.cat\/escolasantaagnes\/wp-content\/uploads\/usu1755\/2025\/03\/1000103675-300x300.jpg 300w, https:\/\/agora.xtec.cat\/escolasantaagnes\/wp-content\/uploads\/usu1755\/2025\/03\/1000103675-1024x1024.jpg 1024w, https:\/\/agora.xtec.cat\/escolasantaagnes\/wp-content\/uploads\/usu1755\/2025\/03\/1000103675-150x150.jpg 150w, https:\/\/agora.xtec.cat\/escolasantaagnes\/wp-content\/uploads\/usu1755\/2025\/03\/1000103675-768x768.jpg 768w, https:\/\/agora.xtec.cat\/escolasantaagnes\/wp-content\/uploads\/usu1755\/2025\/03\/1000103675-1536x1536.jpg 1536w, https:\/\/agora.xtec.cat\/escolasantaagnes\/wp-content\/uploads\/usu1755\/2025\/03\/1000103675.jpg 1920w\" sizes=\"auto, (max-width: 512px) 100vw, 512px\" \/><\/a><\/p>\n<p>&nbsp;<\/p>\n","protected":false},"excerpt":{"rendered":"<p>El Projecte ISCVO \u00e9s una iniciativa educativa que es fa en llengua anglesa, que busca sensibilitzar els alumnes sobre els Objectius de Desenvolupament Sostenible (ODS) a trav\u00e9s de la investigaci\u00f3 i l&#8217;aprenentatge actiu. Els estudiants analitzen diferents aspectes de la societat i el medi ambient,&hellip;  <a href=\"https:\/\/agora.xtec.cat\/escolasantaagnes\/iscvo-24-25\/\" title=\"Read ISCVO 24-25\">Llegeix m\u00e9s\u00bb<\/a><\/p>\n","protected":false},"author":1,"featured_media":0,"parent":0,"menu_order":0,"comment_status":"closed","ping_status":"closed","template":"","meta":{"_bbp_topic_count":0,"_bbp_reply_count":0,"_bbp_total_topic_count":0,"_bbp_total_reply_count":0,"_bbp_voice_count":0,"_bbp_anonymous_reply_count":0,"_bbp_topic_count_hidden":0,"_bbp_reply_count_hidden":0,"_bbp_forum_subforum_count":0,"footnotes":""},"class_list":["post-5189","page","type-page","status-publish","hentry"],"post_mailing_queue_ids":[],"_links":{"self":[{"href":"https:\/\/agora.xtec.cat\/escolasantaagnes\/wp-json\/wp\/v2\/pages\/5189","targetHints":{"allow":["GET"]}}],"collection":[{"href":"https:\/\/agora.xtec.cat\/escolasantaagnes\/wp-json\/wp\/v2\/pages"}],"about":[{"href":"https:\/\/agora.xtec.cat\/escolasantaagnes\/wp-json\/wp\/v2\/types\/page"}],"author":[{"embeddable":true,"href":"https:\/\/agora.xtec.cat\/escolasantaagnes\/wp-json\/wp\/v2\/users\/1"}],"replies":[{"embeddable":true,"href":"https:\/\/agora.xtec.cat\/escolasantaagnes\/wp-json\/wp\/v2\/comments?post=5189"}],"version-history":[{"count":6,"href":"https:\/\/agora.xtec.cat\/escolasantaagnes\/wp-json\/wp\/v2\/pages\/5189\/revisions"}],"predecessor-version":[{"id":5333,"href":"https:\/\/agora.xtec.cat\/escolasantaagnes\/wp-json\/wp\/v2\/pages\/5189\/revisions\/5333"}],"wp:attachment":[{"href":"https:\/\/agora.xtec.cat\/escolasantaagnes\/wp-json\/wp\/v2\/media?parent=5189"}],"curies":[{"name":"wp","href":"https:\/\/api.w.org\/{rel}","templated":true}]}}