{"id":4128,"date":"2023-02-06T15:35:20","date_gmt":"2023-02-06T14:35:20","guid":{"rendered":"https:\/\/agora.xtec.cat\/escolasantaagnes\/?page_id=4128"},"modified":"2026-01-14T12:41:54","modified_gmt":"2026-01-14T11:41:54","slug":"infantil","status":"publish","type":"page","link":"https:\/\/agora.xtec.cat\/escolasantaagnes\/infantil\/","title":{"rendered":"CICLE D&#8217;INFANTIL"},"content":{"rendered":"<p>A la nostra escola, la metodologia es centra en oferir un aprenentatge significatiu, personalitzat i adaptat a les necessitats de cada etapa educativa.<\/p>\n<p><strong>Educaci\u00f3 Infantil<\/strong><\/p>\n<ul>\n<li>Racons d\u2019aprenentatge: A les estones de llengua, treballem per racons, permetent que l\u2019alumnat explori, manipuli i experimenti en petits grups.<\/li>\n<li>Desdoblaments en llengua i psicomotricitat: Per refor\u00e7ar el proc\u00e9s lector i escriptor, es fan sessions setmanals de desdoblament, oferint una atenci\u00f3 m\u00e9s individualitzada.<\/li>\n<li>Innovamat en matem\u00e0tiques: La manipulaci\u00f3 i l\u2019experimentaci\u00f3 s\u00f3n clau per entendre conceptes matem\u00e0tics des d\u2019edats primerenques.<\/li>\n<li>A la nostra escola, la metodologia es centra en oferir un aprenentatge significatiu, personalitzat i adaptat a les necessitats de cada etapa educativa.<\/li>\n<li>Tallers i joc simb\u00f2lic: Les sessions de tallers d\u2019experimentaci\u00f3 i joc simb\u00f2lic afavoreixen la creativitat i la socialitzaci\u00f3, barrejant infants de tota l\u2019etapa d\u2019educaci\u00f3 infantil.<\/li>\n<li>Treball per projectes en medi: Amb tem\u00e0tiques predefinides pel centre, el treball per projectes fomenta la curiositat i l\u2019aprenentatge aut\u00f2nom.<\/li>\n<\/ul>\n","protected":false},"excerpt":{"rendered":"<p>A la nostra escola, la metodologia es centra en oferir un aprenentatge significatiu, personalitzat i adaptat a les necessitats de cada etapa educativa.<br \/>\nEducaci\u00f3 Infantil<\/p>\n<ul>\n<li>Racons d\u2019aprenentatge: A les estones de llengua, treballem per racons, permetent que l\u2019alumnat explori, manipuli i experimenti en petits grups.<\/li>\n<li>Desdoblaments en llengua&hellip;  <a href=\"https:\/\/agora.xtec.cat\/escolasantaagnes\/infantil\/\" title=\"Read CICLE D&#8217;INFANTIL\">Llegeix m\u00e9s\u00bb<\/a><br \/>\n","protected":false},"author":1,"featured_media":0,"parent":0,"menu_order":0,"comment_status":"closed","ping_status":"closed","template":"","meta":{"_bbp_topic_count":0,"_bbp_reply_count":0,"_bbp_total_topic_count":0,"_bbp_total_reply_count":0,"_bbp_voice_count":0,"_bbp_anonymous_reply_count":0,"_bbp_topic_count_hidden":0,"_bbp_reply_count_hidden":0,"_bbp_forum_subforum_count":0,"footnotes":""},"class_list":["post-4128","page","type-page","status-publish","hentry"],"post_mailing_queue_ids":[],"_links":{"self":[{"href":"https:\/\/agora.xtec.cat\/escolasantaagnes\/wp-json\/wp\/v2\/pages\/4128","targetHints":{"allow":["GET"]}}],"collection":[{"href":"https:\/\/agora.xtec.cat\/escolasantaagnes\/wp-json\/wp\/v2\/pages"}],"about":[{"href":"https:\/\/agora.xtec.cat\/escolasantaagnes\/wp-json\/wp\/v2\/types\/page"}],"author":[{"embeddable":true,"href":"https:\/\/agora.xtec.cat\/escolasantaagnes\/wp-json\/wp\/v2\/users\/1"}],"replies":[{"embeddable":true,"href":"https:\/\/agora.xtec.cat\/escolasantaagnes\/wp-json\/wp\/v2\/comments?post=4128"}],"version-history":[{"count":4,"href":"https:\/\/agora.xtec.cat\/escolasantaagnes\/wp-json\/wp\/v2\/pages\/4128\/revisions"}],"predecessor-version":[{"id":5761,"href":"https:\/\/agora.xtec.cat\/escolasantaagnes\/wp-json\/wp\/v2\/pages\/4128\/revisions\/5761"}],"wp:attachment":[{"href":"https:\/\/agora.xtec.cat\/escolasantaagnes\/wp-json\/wp\/v2\/media?parent=4128"}],"curies":[{"name":"wp","href":"https:\/\/api.w.org\/{rel}","templated":true}]}}