{"id":4090,"date":"2023-02-06T13:54:09","date_gmt":"2023-02-06T12:54:09","guid":{"rendered":"https:\/\/agora.xtec.cat\/escolasantaagnes\/?page_id=4090"},"modified":"2026-02-17T11:10:44","modified_gmt":"2026-02-17T10:10:44","slug":"pla-datencio-a-la-diversitat","status":"publish","type":"page","link":"https:\/\/agora.xtec.cat\/escolasantaagnes\/pla-datencio-a-la-diversitat\/","title":{"rendered":"PLA D&#8217;ATENCI\u00d3 EDUCATIVA"},"content":{"rendered":"<p>En el document que teniu enlla\u00e7at a sota d&#8217;aquestes l\u00ednies trobareu el document de centre sobre el Pla d&#8217;Atenci\u00f3 Educativa.<\/p>\n<p><a href=\"https:\/\/agora.xtec.cat\/escolasantaagnes\/wp-content\/uploads\/usu1755\/2024\/11\/Pla-dAtencio-Educativa.pdf\" target=\"_blank\" rel=\"noopener\"><img loading=\"lazy\" decoding=\"async\" class=\"alignnone wp-image-4795\" src=\"https:\/\/agora.xtec.cat\/escolasantaagnes\/wp-content\/uploads\/usu1755\/2024\/06\/pdf.jpeg\" alt=\"\" width=\"191\" height=\"83\" \/><\/a><\/p>\n<p>En aquest document hi trobareu la presentaci\u00f3 que fa refer\u00e8ncia al Pla d&#8217;Atenci\u00f3 Educatiu del centre.<\/p>\n<p><a href=\"https:\/\/agora.xtec.cat\/escolasantaagnes\/wp-content\/uploads\/usu1755\/2024\/10\/Presentacio-PLA-DATENCIO-EDUCATIVA_compressed-1.pdf\" target=\"_blank\" rel=\"noopener\"><img loading=\"lazy\" decoding=\"async\" class=\"alignnone wp-image-4795\" src=\"https:\/\/agora.xtec.cat\/escolasantaagnes\/wp-content\/uploads\/usu1755\/2024\/06\/pdf.jpeg\" alt=\"\" width=\"191\" height=\"83\" \/><\/a><\/p>\n<p><img decoding=\"async\" src=\"https:\/\/agora.xtec.cat\/escolasantaagnes\/wp-content\/uploads\/usu1755\/2026\/02\/Infografia-Pla-dAtencio-Educativa-1.png\" \/><\/p>\n<p>&nbsp;<\/p>\n","protected":false},"excerpt":{"rendered":"<p>En el document que teniu enlla\u00e7at a sota d&#8217;aquestes l\u00ednies trobareu el document de centre sobre el Pla d&#8217;Atenci\u00f3 Educativa.<br \/>\n<a href=\"https:\/\/agora.xtec.cat\/escolasantaagnes\/wp-content\/uploads\/usu1755\/2024\/11\/Pla-dAtencio-Educativa.pdf\" target=\"_blank\" rel=\"noopener\"><\/a><br \/>\nEn aquest document hi trobareu la presentaci\u00f3 que fa refer\u00e8ncia al Pla d&#8217;Atenci\u00f3 Educatiu del centre.<br \/>\n<a href=\"https:\/\/agora.xtec.cat\/escolasantaagnes\/wp-content\/uploads\/usu1755\/2024\/10\/Presentacio-PLA-DATENCIO-EDUCATIVA_compressed-1.pdf\" target=\"_blank\" rel=\"noopener\"><\/a><\/p>\n<p>&nbsp;<\/p>\n","protected":false},"author":1,"featured_media":0,"parent":0,"menu_order":0,"comment_status":"closed","ping_status":"closed","template":"","meta":{"_bbp_topic_count":0,"_bbp_reply_count":0,"_bbp_total_topic_count":0,"_bbp_total_reply_count":0,"_bbp_voice_count":0,"_bbp_anonymous_reply_count":0,"_bbp_topic_count_hidden":0,"_bbp_reply_count_hidden":0,"_bbp_forum_subforum_count":0,"footnotes":""},"class_list":["post-4090","page","type-page","status-publish","hentry"],"post_mailing_queue_ids":[],"_links":{"self":[{"href":"https:\/\/agora.xtec.cat\/escolasantaagnes\/wp-json\/wp\/v2\/pages\/4090","targetHints":{"allow":["GET"]}}],"collection":[{"href":"https:\/\/agora.xtec.cat\/escolasantaagnes\/wp-json\/wp\/v2\/pages"}],"about":[{"href":"https:\/\/agora.xtec.cat\/escolasantaagnes\/wp-json\/wp\/v2\/types\/page"}],"author":[{"embeddable":true,"href":"https:\/\/agora.xtec.cat\/escolasantaagnes\/wp-json\/wp\/v2\/users\/1"}],"replies":[{"embeddable":true,"href":"https:\/\/agora.xtec.cat\/escolasantaagnes\/wp-json\/wp\/v2\/comments?post=4090"}],"version-history":[{"count":8,"href":"https:\/\/agora.xtec.cat\/escolasantaagnes\/wp-json\/wp\/v2\/pages\/4090\/revisions"}],"predecessor-version":[{"id":5960,"href":"https:\/\/agora.xtec.cat\/escolasantaagnes\/wp-json\/wp\/v2\/pages\/4090\/revisions\/5960"}],"wp:attachment":[{"href":"https:\/\/agora.xtec.cat\/escolasantaagnes\/wp-json\/wp\/v2\/media?parent=4090"}],"curies":[{"name":"wp","href":"https:\/\/api.w.org\/{rel}","templated":true}]}}