{"id":24,"date":"2014-09-18T12:23:15","date_gmt":"2014-09-18T11:23:15","guid":{"rendered":"http:\/\/agora.xtec.cat\/escolasantaagnes\/?page_id=24"},"modified":"2026-02-27T09:15:29","modified_gmt":"2026-02-27T08:15:29","slug":"on-som","status":"publish","type":"page","link":"https:\/\/agora.xtec.cat\/escolasantaagnes\/lescola\/on-som\/","title":{"rendered":"ON SOM?"},"content":{"rendered":"<p style=\"color: #666666;\"><strong>Escola Santa Agn\u00e8s<\/strong><\/p>\n<p>La nostra escola es troba situada al poble de Santa Agn\u00e8s de Malanyanes pertanyent al municipi de la Roca del Vall\u00e8s. Concretament, al C\/Pau casals cantonada amb C\/Llevant\u00a0 s\/n.<\/p>\n<p>Arribar \u00e9s molt f\u00e0cil. Les carreteres principals que passen a prop del poble de Santa Agn\u00e8s de Malanyanes s\u00f3n:<\/p>\n<p>&#8211; C-60 de Matar\u00f3<\/p>\n<p>&#8211; Ap-7 Autopista del Mediterrani<\/p>\n<p>&#8211; BV-5105\u00a0 carretera direcci\u00f3 la Roca del Vall\u00e8s o en sentit contrari direcci\u00f3 Cardedeu, Sant Celoni, etc.<\/p>\n<p>Si veniu des de Sant Celoni, Cardedeu i\/o proximitats agafeu la segona sortida de Santa Agn\u00e8s. En canvi, si veniu des de Matar\u00f3, Granollers, la Roca del Vall\u00e8s i\/o proximitats agafeu la primera sortida de Santa Agn\u00e8s.<\/p>\n<p>Donada la nostra situaci\u00f3 dins del terme municipal de La Roca del Vall\u00e8s, el nostre centre pertany als <a href=\"https:\/\/web.gencat.cat\/ca\/generalitat\/com-ens-organitzem\/adreces-i-telefons\/detall-adreces-i-telefons?objectID=16417\" target=\"_blank\" rel=\"noopener\">SSTT del Maresme-Vall\u00e8s Oriental.<\/a><\/p>\n<p><a href=\"https:\/\/www.google.es\/maps\/@41.5903004,2.3364252,14z\">https:\/\/www.google.es\/maps\/@41.5903004,2.3364252,14z<\/a><\/p>\n<p><a href=\"http:\/\/agora.xtec.cat\/escolasantaagnes\/wp-content\/uploads\/usu1755\/2018\/09\/google-maps.jpg\"><img loading=\"lazy\" decoding=\"async\" class=\"size-large wp-image-742 aligncenter\" src=\"http:\/\/agora.xtec.cat\/escolasantaagnes\/wp-content\/uploads\/usu1755\/2018\/09\/google-maps-1024x536.jpg\" alt=\"\" width=\"1024\" height=\"536\" srcset=\"https:\/\/agora.xtec.cat\/escolasantaagnes\/wp-content\/uploads\/usu1755\/2018\/09\/google-maps-1024x536.jpg 1024w, https:\/\/agora.xtec.cat\/escolasantaagnes\/wp-content\/uploads\/usu1755\/2018\/09\/google-maps-300x157.jpg 300w, https:\/\/agora.xtec.cat\/escolasantaagnes\/wp-content\/uploads\/usu1755\/2018\/09\/google-maps-768x402.jpg 768w, https:\/\/agora.xtec.cat\/escolasantaagnes\/wp-content\/uploads\/usu1755\/2018\/09\/google-maps.jpg 1086w\" sizes=\"auto, (max-width: 1024px) 100vw, 1024px\" \/><\/a><\/p>\n<p>&nbsp;<\/p>\n<p>&nbsp;<\/p>\n<p>&nbsp;<\/p>\n<p>&nbsp;<\/p>\n","protected":false},"excerpt":{"rendered":"<p>Escola Santa Agn\u00e8s<br \/>\nLa nostra escola es troba situada al poble de Santa Agn\u00e8s de Malanyanes pertanyent al municipi de la Roca del Vall\u00e8s. Concretament, al C\/Pau casals cantonada amb C\/Llevant\u00a0 s\/n.<br \/>\nArribar \u00e9s molt f\u00e0cil. Les carreteres principals que passen a prop del poble de Santa&hellip;  <a href=\"https:\/\/agora.xtec.cat\/escolasantaagnes\/lescola\/on-som\/\" title=\"Read ON SOM?\">Llegeix m\u00e9s\u00bb<\/a><\/p>\n","protected":false},"author":1,"featured_media":0,"parent":22,"menu_order":10,"comment_status":"closed","ping_status":"closed","template":"","meta":{"_bbp_topic_count":0,"_bbp_reply_count":0,"_bbp_total_topic_count":0,"_bbp_total_reply_count":0,"_bbp_voice_count":0,"_bbp_anonymous_reply_count":0,"_bbp_topic_count_hidden":0,"_bbp_reply_count_hidden":0,"_bbp_forum_subforum_count":0,"footnotes":""},"class_list":["post-24","page","type-page","status-publish","hentry"],"post_mailing_queue_ids":[],"_links":{"self":[{"href":"https:\/\/agora.xtec.cat\/escolasantaagnes\/wp-json\/wp\/v2\/pages\/24","targetHints":{"allow":["GET"]}}],"collection":[{"href":"https:\/\/agora.xtec.cat\/escolasantaagnes\/wp-json\/wp\/v2\/pages"}],"about":[{"href":"https:\/\/agora.xtec.cat\/escolasantaagnes\/wp-json\/wp\/v2\/types\/page"}],"author":[{"embeddable":true,"href":"https:\/\/agora.xtec.cat\/escolasantaagnes\/wp-json\/wp\/v2\/users\/1"}],"replies":[{"embeddable":true,"href":"https:\/\/agora.xtec.cat\/escolasantaagnes\/wp-json\/wp\/v2\/comments?post=24"}],"version-history":[{"count":5,"href":"https:\/\/agora.xtec.cat\/escolasantaagnes\/wp-json\/wp\/v2\/pages\/24\/revisions"}],"predecessor-version":[{"id":5973,"href":"https:\/\/agora.xtec.cat\/escolasantaagnes\/wp-json\/wp\/v2\/pages\/24\/revisions\/5973"}],"up":[{"embeddable":true,"href":"https:\/\/agora.xtec.cat\/escolasantaagnes\/wp-json\/wp\/v2\/pages\/22"}],"wp:attachment":[{"href":"https:\/\/agora.xtec.cat\/escolasantaagnes\/wp-json\/wp\/v2\/media?parent=24"}],"curies":[{"name":"wp","href":"https:\/\/api.w.org\/{rel}","templated":true}]}}