{"id":1963,"date":"2020-04-27T18:40:14","date_gmt":"2020-04-27T16:40:14","guid":{"rendered":"http:\/\/agora.xtec.cat\/escolasantaagnes\/?page_id=1963"},"modified":"2022-02-16T14:03:34","modified_gmt":"2022-02-16T13:03:34","slug":"confinament-covid-19","status":"publish","type":"page","link":"https:\/\/agora.xtec.cat\/escolasantaagnes\/confinament-covid-19\/","title":{"rendered":"CURS 2020-2021"},"content":{"rendered":"<p>Benvolgudes fam\u00edlies,<\/p>\n<p>Sabem que aquest curs que iniciem ser\u00e0 incert i amb modificacions constants de funcionament i organitzaci\u00f3. \u00c9s per aquest motiu que hem creat aquest espai al web del centre per tal d&#8217;informar-vos de forma r\u00e0pida de totes les noves instruccions que sorgiran durant el curs.<\/p>\n<p>Esperem sigui una eina \u00fatil.<\/p>\n<h4><\/h4>\n","protected":false},"excerpt":{"rendered":"<p>Benvolgudes fam\u00edlies,<br \/>\nSabem que aquest curs que iniciem ser\u00e0 incert i amb modificacions constants de funcionament i organitzaci\u00f3. \u00c9s per aquest motiu que hem creat aquest espai al web del centre per tal d&#8217;informar-vos de forma r\u00e0pida de totes les noves instruccions que sorgiran durant el&hellip;  <a href=\"https:\/\/agora.xtec.cat\/escolasantaagnes\/confinament-covid-19\/\" title=\"Read CURS 2020-2021\">Llegeix m\u00e9s\u00bb<\/a><\/p>\n","protected":false},"author":1,"featured_media":0,"parent":0,"menu_order":0,"comment_status":"closed","ping_status":"closed","template":"page-templates\/side-menu.php","meta":{"_bbp_topic_count":0,"_bbp_reply_count":0,"_bbp_total_topic_count":0,"_bbp_total_reply_count":0,"_bbp_voice_count":0,"_bbp_anonymous_reply_count":0,"_bbp_topic_count_hidden":0,"_bbp_reply_count_hidden":0,"_bbp_forum_subforum_count":0,"footnotes":""},"class_list":["post-1963","page","type-page","status-publish","hentry"],"post_mailing_queue_ids":[],"_links":{"self":[{"href":"https:\/\/agora.xtec.cat\/escolasantaagnes\/wp-json\/wp\/v2\/pages\/1963","targetHints":{"allow":["GET"]}}],"collection":[{"href":"https:\/\/agora.xtec.cat\/escolasantaagnes\/wp-json\/wp\/v2\/pages"}],"about":[{"href":"https:\/\/agora.xtec.cat\/escolasantaagnes\/wp-json\/wp\/v2\/types\/page"}],"author":[{"embeddable":true,"href":"https:\/\/agora.xtec.cat\/escolasantaagnes\/wp-json\/wp\/v2\/users\/1"}],"replies":[{"embeddable":true,"href":"https:\/\/agora.xtec.cat\/escolasantaagnes\/wp-json\/wp\/v2\/comments?post=1963"}],"version-history":[{"count":4,"href":"https:\/\/agora.xtec.cat\/escolasantaagnes\/wp-json\/wp\/v2\/pages\/1963\/revisions"}],"predecessor-version":[{"id":3393,"href":"https:\/\/agora.xtec.cat\/escolasantaagnes\/wp-json\/wp\/v2\/pages\/1963\/revisions\/3393"}],"wp:attachment":[{"href":"https:\/\/agora.xtec.cat\/escolasantaagnes\/wp-json\/wp\/v2\/media?parent=1963"}],"curies":[{"name":"wp","href":"https:\/\/api.w.org\/{rel}","templated":true}]}}