{"id":1155,"date":"2019-02-27T15:58:31","date_gmt":"2019-02-27T14:58:31","guid":{"rendered":"http:\/\/agora.xtec.cat\/escolasantaagnes\/?page_id=1155"},"modified":"2024-11-27T17:48:22","modified_gmt":"2024-11-27T16:48:22","slug":"ampa","status":"publish","type":"page","link":"https:\/\/agora.xtec.cat\/escolasantaagnes\/ampa\/","title":{"rendered":"AFA (Associaci\u00f3 de Fam\u00edlies d&#8217;Alumnes)"},"content":{"rendered":"<p style=\"text-align: left;\"><strong>L&#8217;escola compta amb una associaci\u00f3 de fam\u00edlies d&#8217;alumnes molt activa.<\/strong><\/p>\n<p><span style=\"font-weight: 400;\">\u00c9s una entitat sense \u00e0nim de lucre, oberta i participativa, que agrupa a les fam\u00edlies de l\u2019alumnat de l\u2019escola. A trav\u00e9s de l\u2019AFA les fam\u00edlies poden contribuir d\u2019una forma activa en la vida de la nostra comunitat educativa.\u00a0<a href=\"https:\/\/agora.xtec.cat\/escolasantaagnes\/wp-content\/uploads\/usu1755\/2023\/03\/Logo-escola-afegint-sigles-AFA.jpg\"><img loading=\"lazy\" decoding=\"async\" class=\" wp-image-4286 alignright\" src=\"https:\/\/agora.xtec.cat\/escolasantaagnes\/wp-content\/uploads\/usu1755\/2023\/03\/Logo-escola-afegint-sigles-AFA.jpg\" alt=\"\" width=\"323\" height=\"203\" srcset=\"https:\/\/agora.xtec.cat\/escolasantaagnes\/wp-content\/uploads\/usu1755\/2023\/03\/Logo-escola-afegint-sigles-AFA.jpg 1020w, https:\/\/agora.xtec.cat\/escolasantaagnes\/wp-content\/uploads\/usu1755\/2023\/03\/Logo-escola-afegint-sigles-AFA-300x189.jpg 300w, https:\/\/agora.xtec.cat\/escolasantaagnes\/wp-content\/uploads\/usu1755\/2023\/03\/Logo-escola-afegint-sigles-AFA-768x484.jpg 768w\" sizes=\"auto, (max-width: 323px) 100vw, 323px\" \/><\/a><\/span><\/p>\n<ul>\n<li><span style=\"font-weight: 400;\">Participen en el consell escolar de l\u2019escola i en el municipal <\/span><\/li>\n<\/ul>\n<p style=\"text-align: left;\">Col\u00b7labora amb l&#8217;escola i es coordina amb l&#8217;Equip directiu i docent en l&#8217;organitzaci\u00f3 de les extraescolars, festes i altres activitats del centre educatiu. Tamb\u00e9 participa en les activitats organitzades a nivell municipal com el pessebre vivent, la cavalcada de reis, etc.<\/p>\n<p>CONCEPTE IMPORT PER FAM\u00cdLIA: Quota Anual 80,00 \u20ac<\/p>\n<p>El pagament de la quota d\u00b4AFA, es far\u00e0 a trav\u00e9s de l&#8217;aplicaci\u00f3 TPV Escola.\u00a0Pagament primer trimestre &#8211; 30,00 \u20ac- octubre de 2021<br \/>\nPagament segon trimestre &#8211; 30,00 \u20ac- febrer de 2022<br \/>\nPagament tercer trimestre &#8211; 20,00 \u20ac- maig de 2022<\/p>\n<ul>\n<li style=\"font-weight: 400;\" aria-level=\"1\"><span style=\"font-weight: 400;\">AFA (associaci\u00f3 de fam\u00edlies d\u2019alumnes)<\/span><\/li>\n<\/ul>\n<p><span style=\"font-weight: 400;\">Correu: ampa@escolasantaagnes.cat<\/span><\/p>\n<p>Per inscriure-us podeu descarregar-vos els seg\u00fcents documents i fer-los arribar a l&#8217;AFA per correu electr\u00f2nic o en paper a la b\u00fastia de l&#8217;AFA.<\/p>\n<p><a href=\"https:\/\/agora.xtec.cat\/escolasantaagnes\/wp-content\/uploads\/usu1755\/2021\/06\/SOCIS-AFA_21-22.pdf\">SOCIS AFA_21-22<\/a><\/p>\n<p><a href=\"https:\/\/agora.xtec.cat\/escolasantaagnes\/wp-content\/uploads\/usu1755\/2021\/06\/dret-dimatge-AFA_21-22.pdf\">dret d&#8217;imatge AFA_21-22<\/a><\/p>\n","protected":false},"excerpt":{"rendered":"<p>L&#8217;escola compta amb una associaci\u00f3 de fam\u00edlies d&#8217;alumnes molt activa.<br \/>\n\u00c9s una entitat sense \u00e0nim de lucre, oberta i participativa, que agrupa a les fam\u00edlies de l\u2019alumnat de l\u2019escola. A trav\u00e9s de l\u2019AFA les fam\u00edlies poden contribuir d\u2019una forma activa en la vida de la nostra&hellip;  <a href=\"https:\/\/agora.xtec.cat\/escolasantaagnes\/ampa\/\" title=\"Read AFA (Associaci\u00f3 de Fam\u00edlies d&#8217;Alumnes)\">Llegeix m\u00e9s\u00bb<\/a><\/p>\n","protected":false},"author":1,"featured_media":0,"parent":0,"menu_order":0,"comment_status":"closed","ping_status":"closed","template":"","meta":{"_bbp_topic_count":0,"_bbp_reply_count":0,"_bbp_total_topic_count":0,"_bbp_total_reply_count":0,"_bbp_voice_count":0,"_bbp_anonymous_reply_count":0,"_bbp_topic_count_hidden":0,"_bbp_reply_count_hidden":0,"_bbp_forum_subforum_count":0,"footnotes":""},"class_list":["post-1155","page","type-page","status-publish","hentry"],"post_mailing_queue_ids":[],"_links":{"self":[{"href":"https:\/\/agora.xtec.cat\/escolasantaagnes\/wp-json\/wp\/v2\/pages\/1155","targetHints":{"allow":["GET"]}}],"collection":[{"href":"https:\/\/agora.xtec.cat\/escolasantaagnes\/wp-json\/wp\/v2\/pages"}],"about":[{"href":"https:\/\/agora.xtec.cat\/escolasantaagnes\/wp-json\/wp\/v2\/types\/page"}],"author":[{"embeddable":true,"href":"https:\/\/agora.xtec.cat\/escolasantaagnes\/wp-json\/wp\/v2\/users\/1"}],"replies":[{"embeddable":true,"href":"https:\/\/agora.xtec.cat\/escolasantaagnes\/wp-json\/wp\/v2\/comments?post=1155"}],"version-history":[{"count":4,"href":"https:\/\/agora.xtec.cat\/escolasantaagnes\/wp-json\/wp\/v2\/pages\/1155\/revisions"}],"predecessor-version":[{"id":4288,"href":"https:\/\/agora.xtec.cat\/escolasantaagnes\/wp-json\/wp\/v2\/pages\/1155\/revisions\/4288"}],"wp:attachment":[{"href":"https:\/\/agora.xtec.cat\/escolasantaagnes\/wp-json\/wp\/v2\/media?parent=1155"}],"curies":[{"name":"wp","href":"https:\/\/api.w.org\/{rel}","templated":true}]}}