{"id":77,"date":"2014-09-18T14:05:08","date_gmt":"2014-09-18T14:05:08","guid":{"rendered":"http:\/\/agora.xtec.cat\/ceip-montserrat-suria\/?page_id=77"},"modified":"2023-08-31T07:02:48","modified_gmt":"2023-08-31T05:02:48","slug":"acollida","status":"publish","type":"page","link":"https:\/\/agora.xtec.cat\/escolasalipota\/serveis\/acollida\/","title":{"rendered":"Servei despertador"},"content":{"rendered":"<p>L\u2019AFA organitza al mat\u00ed, fora de l\u2019horari escolar, <span style=\"color: #000000;\">el servei despertador<\/span> per totes aquelles fam\u00edlies que el necessitin. Comen\u00e7a a les 7:45 h del mat\u00ed fins a les 9 h, de dilluns a divendres. El realitzar\u00e0 l&#8217;empresa Xarranca.<\/p>\n<p>Per al curs 2023-24, <strong>el preu \u00e9s de 25 euros mensuals si \u00e9s per a tot el curs. Per poder utilitzar el servei espor\u00e0dicament, el cost d&#8217;un tiquet \u00e9s de 2&#8217;5 euros.<\/strong><\/p>\n<p>Les fam\u00edlies que es vulguin donar d&#8217;alta per utilitzar aquest tot el curs cal que envi\u00efn un e-mail a <a href=\"mailto:afasalipota.extra@gmail.com\">afasalipota.extra@gmail.com<\/a>.<\/p>\n<p><img loading=\"lazy\" decoding=\"async\" class=\"wp-image-13932 aligncenter\" src=\"https:\/\/agora.xtec.cat\/ceip-montserrat-suria\/wp-content\/uploads\/usu122\/2020\/07\/Screenshot_1.png\" alt=\"\" width=\"251\" height=\"166\" srcset=\"https:\/\/agora.xtec.cat\/escolasalipota\/wp-content\/uploads\/usu122\/2020\/07\/Screenshot_1.png 374w, https:\/\/agora.xtec.cat\/escolasalipota\/wp-content\/uploads\/usu122\/2020\/07\/Screenshot_1-300x199.png 300w\" sizes=\"auto, (max-width: 251px) 100vw, 251px\" \/><\/p>\n","protected":false},"excerpt":{"rendered":"<p>L\u2019AFA organitza al mat\u00ed, fora de l\u2019horari escolar, el servei despertador per totes aquelles fam\u00edlies que el necessitin. Comen\u00e7a a les 7:45 h del mat\u00ed fins a les 9 h, de dilluns a divendres. El realitzar\u00e0 l&#8217;empresa Xarranca.<br \/>\nPer al curs 2023-24, el preu \u00e9s de&hellip;  <a href=\"https:\/\/agora.xtec.cat\/escolasalipota\/serveis\/acollida\/\" title=\"Read Servei despertador\">Llegeix m\u00e9s\u00bb<\/a><\/p>\n","protected":false},"author":2,"featured_media":0,"parent":66,"menu_order":20,"comment_status":"closed","ping_status":"closed","template":"page-templates\/side-menu.php","meta":{"_bbp_topic_count":0,"_bbp_reply_count":0,"_bbp_total_topic_count":0,"_bbp_total_reply_count":0,"_bbp_voice_count":0,"_bbp_anonymous_reply_count":0,"_bbp_topic_count_hidden":0,"_bbp_reply_count_hidden":0,"_bbp_forum_subforum_count":0,"footnotes":""},"class_list":["post-77","page","type-page","status-publish","hentry"],"post_mailing_queue_ids":[],"_links":{"self":[{"href":"https:\/\/agora.xtec.cat\/escolasalipota\/wp-json\/wp\/v2\/pages\/77","targetHints":{"allow":["GET"]}}],"collection":[{"href":"https:\/\/agora.xtec.cat\/escolasalipota\/wp-json\/wp\/v2\/pages"}],"about":[{"href":"https:\/\/agora.xtec.cat\/escolasalipota\/wp-json\/wp\/v2\/types\/page"}],"author":[{"embeddable":true,"href":"https:\/\/agora.xtec.cat\/escolasalipota\/wp-json\/wp\/v2\/users\/2"}],"replies":[{"embeddable":true,"href":"https:\/\/agora.xtec.cat\/escolasalipota\/wp-json\/wp\/v2\/comments?post=77"}],"version-history":[{"count":6,"href":"https:\/\/agora.xtec.cat\/escolasalipota\/wp-json\/wp\/v2\/pages\/77\/revisions"}],"predecessor-version":[{"id":18252,"href":"https:\/\/agora.xtec.cat\/escolasalipota\/wp-json\/wp\/v2\/pages\/77\/revisions\/18252"}],"up":[{"embeddable":true,"href":"https:\/\/agora.xtec.cat\/escolasalipota\/wp-json\/wp\/v2\/pages\/66"}],"wp:attachment":[{"href":"https:\/\/agora.xtec.cat\/escolasalipota\/wp-json\/wp\/v2\/media?parent=77"}],"curies":[{"name":"wp","href":"https:\/\/api.w.org\/{rel}","templated":true}]}}