{"id":6079,"date":"2017-01-25T20:45:38","date_gmt":"2017-01-25T19:45:38","guid":{"rendered":"http:\/\/agora.xtec.cat\/ceip-montserrat-suria\/?page_id=6079"},"modified":"2023-02-27T20:26:43","modified_gmt":"2023-02-27T19:26:43","slug":"carta-de-compromis","status":"publish","type":"page","link":"https:\/\/agora.xtec.cat\/escolasalipota\/documents\/carta-de-compromis\/","title":{"rendered":"Carta de comprom\u00eds educatiu"},"content":{"rendered":"<p>Podeu descarregar el document: <a href=\"https:\/\/agora.xtec.cat\/ceip-montserrat-suria\/wp-content\/uploads\/usu122\/2017\/01\/Carta-comprom\u00eds-educatiu-mdddmontserrat.pdf\">Carta de comprom\u00eds educatiu Escola Mare de D\u00e9u de Montserrat S\u00faria<\/a><\/p>\n<p><iframe loading=\"lazy\" src=\"https:\/\/agora.xtec.cat\/ceip-montserrat-suria\/wp-content\/uploads\/usu122\/2017\/01\/Carta-comprom\u00eds-educatiu-mdddmontserrat.pdf\" width=\"800\" height=\"700\">carta-compromis-educatiu-mdddmontserrat<\/iframe><\/p>\n","protected":false},"excerpt":{"rendered":"<p>Podeu descarregar el document: <a href=\"https:\/\/agora.xtec.cat\/ceip-montserrat-suria\/wp-content\/uploads\/usu122\/2017\/01\/Carta-comprom\u00eds-educatiu-mdddmontserrat.pdf\">Carta de comprom\u00eds educatiu Escola Mare de D\u00e9u de Montserrat S\u00faria<\/a><br \/>\ncarta-compromis-educatiu-mdddmontserrat<\/p>\n","protected":false},"author":4,"featured_media":0,"parent":6074,"menu_order":60,"comment_status":"closed","ping_status":"closed","template":"page-templates\/side-menu.php","meta":{"_bbp_topic_count":0,"_bbp_reply_count":0,"_bbp_total_topic_count":0,"_bbp_total_reply_count":0,"_bbp_voice_count":0,"_bbp_anonymous_reply_count":0,"_bbp_topic_count_hidden":0,"_bbp_reply_count_hidden":0,"_bbp_forum_subforum_count":0,"footnotes":""},"class_list":["post-6079","page","type-page","status-publish","hentry"],"post_mailing_queue_ids":[],"_links":{"self":[{"href":"https:\/\/agora.xtec.cat\/escolasalipota\/wp-json\/wp\/v2\/pages\/6079","targetHints":{"allow":["GET"]}}],"collection":[{"href":"https:\/\/agora.xtec.cat\/escolasalipota\/wp-json\/wp\/v2\/pages"}],"about":[{"href":"https:\/\/agora.xtec.cat\/escolasalipota\/wp-json\/wp\/v2\/types\/page"}],"author":[{"embeddable":true,"href":"https:\/\/agora.xtec.cat\/escolasalipota\/wp-json\/wp\/v2\/users\/4"}],"replies":[{"embeddable":true,"href":"https:\/\/agora.xtec.cat\/escolasalipota\/wp-json\/wp\/v2\/comments?post=6079"}],"version-history":[{"count":4,"href":"https:\/\/agora.xtec.cat\/escolasalipota\/wp-json\/wp\/v2\/pages\/6079\/revisions"}],"predecessor-version":[{"id":17748,"href":"https:\/\/agora.xtec.cat\/escolasalipota\/wp-json\/wp\/v2\/pages\/6079\/revisions\/17748"}],"up":[{"embeddable":true,"href":"https:\/\/agora.xtec.cat\/escolasalipota\/wp-json\/wp\/v2\/pages\/6074"}],"wp:attachment":[{"href":"https:\/\/agora.xtec.cat\/escolasalipota\/wp-json\/wp\/v2\/media?parent=6079"}],"curies":[{"name":"wp","href":"https:\/\/api.w.org\/{rel}","templated":true}]}}