{"id":18535,"date":"2024-01-20T15:45:55","date_gmt":"2024-01-20T14:45:55","guid":{"rendered":"https:\/\/agora.xtec.cat\/escolasalipota\/?page_id=18535"},"modified":"2024-11-28T11:05:20","modified_gmt":"2024-11-28T10:05:20","slug":"miquel-pang","status":"publish","type":"page","link":"https:\/\/agora.xtec.cat\/escolasalipota\/projecte-educatiu\/projecte-artistic-transversal\/miquel-pang\/","title":{"rendered":"Miquel Pang Ly"},"content":{"rendered":"<p>Durant el curs 2023-24 vam treballar l&#8217;obra d&#8217;en Miquel Pang Ly.<\/p>\n<p><a href=\"https:\/\/agora.xtec.cat\/escolasalipota\/wp-content\/uploads\/usu122\/2024\/02\/Miquel-Pang-documentacio.jpg\"><img loading=\"lazy\" decoding=\"async\" class=\"aligncenter size-full wp-image-18585\" src=\"https:\/\/agora.xtec.cat\/escolasalipota\/wp-content\/uploads\/usu122\/2024\/02\/Miquel-Pang-documentacio.jpg\" alt=\"\" width=\"1920\" height=\"1080\" srcset=\"https:\/\/agora.xtec.cat\/escolasalipota\/wp-content\/uploads\/usu122\/2024\/02\/Miquel-Pang-documentacio.jpg 1920w, https:\/\/agora.xtec.cat\/escolasalipota\/wp-content\/uploads\/usu122\/2024\/02\/Miquel-Pang-documentacio-300x169.jpg 300w, https:\/\/agora.xtec.cat\/escolasalipota\/wp-content\/uploads\/usu122\/2024\/02\/Miquel-Pang-documentacio-1024x576.jpg 1024w, https:\/\/agora.xtec.cat\/escolasalipota\/wp-content\/uploads\/usu122\/2024\/02\/Miquel-Pang-documentacio-768x432.jpg 768w, https:\/\/agora.xtec.cat\/escolasalipota\/wp-content\/uploads\/usu122\/2024\/02\/Miquel-Pang-documentacio-1536x864.jpg 1536w\" sizes=\"auto, (max-width: 1920px) 100vw, 1920px\" \/><\/a><\/p>\n<p style=\"text-align: justify;\">El 29 i 30 de gener de 2024 va venir a l&#8217;escola. Tot l&#8217;alumnat, distribu\u00eft per cicles, vam participar activament en els tallers que ens va proposar. A m\u00e9s de fer les nostres creacions art\u00edstiques, vam poder parlar amb ell i entendre millor com crea les seves obres, com treballa, en qu\u00e8 s&#8217;inspira&#8230; Va ser una experi\u00e8ncia molt positiva.<\/p>\n<p><a href=\"https:\/\/agora.xtec.cat\/escolasalipota\/wp-content\/uploads\/usu122\/2024\/02\/CI-Miquel-Pang-collage-tots-e1707841247904.jpg\"><img loading=\"lazy\" decoding=\"async\" class=\"aligncenter size-full wp-image-18588\" src=\"https:\/\/agora.xtec.cat\/escolasalipota\/wp-content\/uploads\/usu122\/2024\/02\/CI-Miquel-Pang-collage-tots-e1707841247904.jpg\" alt=\"\" width=\"1193\" height=\"1024\" srcset=\"https:\/\/agora.xtec.cat\/escolasalipota\/wp-content\/uploads\/usu122\/2024\/02\/CI-Miquel-Pang-collage-tots-e1707841247904.jpg 1193w, https:\/\/agora.xtec.cat\/escolasalipota\/wp-content\/uploads\/usu122\/2024\/02\/CI-Miquel-Pang-collage-tots-e1707841247904-300x258.jpg 300w, https:\/\/agora.xtec.cat\/escolasalipota\/wp-content\/uploads\/usu122\/2024\/02\/CI-Miquel-Pang-collage-tots-e1707841247904-1024x879.jpg 1024w, https:\/\/agora.xtec.cat\/escolasalipota\/wp-content\/uploads\/usu122\/2024\/02\/CI-Miquel-Pang-collage-tots-e1707841247904-768x659.jpg 768w\" sizes=\"auto, (max-width: 1193px) 100vw, 1193px\" \/><\/a><\/p>\n<p style=\"text-align: center;\">Altres articles relacionats amb el projecte: <a href=\"https:\/\/agora.xtec.cat\/escolasalipota\/categoria\/miquel-pang\/\">https:\/\/agora.xtec.cat\/escolasalipota\/categoria\/miquel-pang\/<\/a><\/p>\n","protected":false},"excerpt":{"rendered":"<p>Durant el curs 2023-24 vam treballar l&#8217;obra d&#8217;en Miquel Pang Ly.<br \/>\n<a href=\"https:\/\/agora.xtec.cat\/escolasalipota\/wp-content\/uploads\/usu122\/2024\/02\/Miquel-Pang-documentacio.jpg\"><\/a><br \/>\nEl 29 i 30 de gener de 2024 va venir a l&#8217;escola. Tot l&#8217;alumnat, distribu\u00eft per cicles, vam participar activament en els tallers que ens va proposar. A m\u00e9s de fer les nostres creacions&hellip;  <a href=\"https:\/\/agora.xtec.cat\/escolasalipota\/projecte-educatiu\/projecte-artistic-transversal\/miquel-pang\/\" title=\"Read Miquel Pang Ly\">Llegeix m\u00e9s\u00bb<\/a><\/p>\n","protected":false},"author":4,"featured_media":0,"parent":14643,"menu_order":4,"comment_status":"closed","ping_status":"closed","template":"page-templates\/side-menu.php","meta":{"_bbp_topic_count":0,"_bbp_reply_count":0,"_bbp_total_topic_count":0,"_bbp_total_reply_count":0,"_bbp_voice_count":0,"_bbp_anonymous_reply_count":0,"_bbp_topic_count_hidden":0,"_bbp_reply_count_hidden":0,"_bbp_forum_subforum_count":0,"footnotes":""},"class_list":["post-18535","page","type-page","status-publish","hentry"],"post_mailing_queue_ids":[],"_links":{"self":[{"href":"https:\/\/agora.xtec.cat\/escolasalipota\/wp-json\/wp\/v2\/pages\/18535","targetHints":{"allow":["GET"]}}],"collection":[{"href":"https:\/\/agora.xtec.cat\/escolasalipota\/wp-json\/wp\/v2\/pages"}],"about":[{"href":"https:\/\/agora.xtec.cat\/escolasalipota\/wp-json\/wp\/v2\/types\/page"}],"author":[{"embeddable":true,"href":"https:\/\/agora.xtec.cat\/escolasalipota\/wp-json\/wp\/v2\/users\/4"}],"replies":[{"embeddable":true,"href":"https:\/\/agora.xtec.cat\/escolasalipota\/wp-json\/wp\/v2\/comments?post=18535"}],"version-history":[{"count":7,"href":"https:\/\/agora.xtec.cat\/escolasalipota\/wp-json\/wp\/v2\/pages\/18535\/revisions"}],"predecessor-version":[{"id":19284,"href":"https:\/\/agora.xtec.cat\/escolasalipota\/wp-json\/wp\/v2\/pages\/18535\/revisions\/19284"}],"up":[{"embeddable":true,"href":"https:\/\/agora.xtec.cat\/escolasalipota\/wp-json\/wp\/v2\/pages\/14643"}],"wp:attachment":[{"href":"https:\/\/agora.xtec.cat\/escolasalipota\/wp-json\/wp\/v2\/media?parent=18535"}],"curies":[{"name":"wp","href":"https:\/\/api.w.org\/{rel}","templated":true}]}}