{"id":17979,"date":"2023-05-03T14:40:15","date_gmt":"2023-05-03T12:40:15","guid":{"rendered":"https:\/\/agora.xtec.cat\/escolasalipota\/?page_id=17979"},"modified":"2023-05-03T21:52:58","modified_gmt":"2023-05-03T19:52:58","slug":"comunicacio","status":"publish","type":"page","link":"https:\/\/agora.xtec.cat\/escolasalipota\/estrategia-digital-de-centre\/cultura-digital\/comunicacio\/","title":{"rendered":"Comunicaci\u00f3"},"content":{"rendered":"<div class=\"small-12 large-12 text-center columns\"><a class=\"button normal\" style=\"width: 300px; padding: 1em; font-weight: 350; margin: 0.1em; color: white !important; background-color: #ca5f5f;\" href=\"https:\/\/agora.xtec.cat\/escolasalipota\/\" rel=\"noopener noreferrer\">WEB DE CENTRE<\/a><\/div>\n<p style=\"text-align: justify;\">El centre disposa de p\u00e0gina web. S&#8217;hi poden trobar informacions est\u00e0tiques, que es revisen peri\u00f2dicament\u00a0 i articles din\u00e0mics sobre el que va succeint al centre dia a dia.<\/p>\n<p>A la portada es publiquen articles que fan refer\u00e8ncia a not\u00edcies d&#8217;escola. Els articles de cicle es publiquen en l&#8217;apartat de cicles.<\/p>\n<p style=\"text-align: center;\"><a href=\"https:\/\/agora.xtec.cat\/escolasalipota\/\" target=\"_blank\" rel=\"noopener\">https:\/\/agora.xtec.cat\/escolasalipota\/<\/a><\/p>\n<p style=\"text-align: justify;\">Aquest web \u00e9s corporatiu, est\u00e0 realitzat aprofitant el servei <a href=\"https:\/\/agora.xtec.cat\/nodes\/\">Nodes<\/a> que ofereix el Departament d&#8217;Educaci\u00f3. Est\u00e0 constru\u00eft sobre <a href=\"http:\/\/wordpress.org\/\" target=\"_blank\" rel=\"noopener noreferrer\">WordPress<\/a>, el sistema de publicaci\u00f3 de continguts m\u00e9s utilitzat del m\u00f3n, que destaca per la seva facilitat d\u2019\u00fas.<\/p>\n<p style=\"text-align: justify;\">L&#8217;escola va participar en el pilotatge de la creaci\u00f3 del web el curs 2014-2015. Al llarg d&#8217;aquests anys s&#8217;ha actualitzat i modificat segons les necessitats i consignes que van sorgint, ja sigui a nivell de centre o del Departament d&#8217;Educaci\u00f3.<\/p>\n<div class=\"small-12 large-12 text-center columns\"><a class=\"button normal\" style=\"width: 300px; padding: 1em; font-weight: 350; margin: 0.1em; color: white !important; background-color: #ca5f5f;\" href=\"https:\/\/www.instagram.com\/escolasalipota\/\" rel=\"noopener noreferrer\">INSTAGRAM<\/a><\/div>\n<p style=\"text-align: center;\">El compte d&#8217;Instagram de l&#8217;escola \u00e9s:<span style=\"color: #993366;\"> @escolasalipota<\/span><\/p>\n<div class=\"small-12 large-12 text-center columns\"><a class=\"button normal\" style=\"width: 300px; padding: 1em; font-weight: 350; margin: 0.1em; color: white !important; background-color: #ca5f5f;\" href=\"https:\/\/www.youtube.com\/user\/mdddmontserrat\/videos\" rel=\"noopener noreferrer\">YouTube<\/a><\/div>\n<p style=\"text-align: center;\">El canal on es poden trobar els v\u00eddeos de l&#8217;escola \u00e9s: <a href=\"https:\/\/www.youtube.com\/user\/mdddmontserrat\/videos\">https:\/\/www.youtube.com\/user\/mdddmontserrat\/videos<\/a><\/p>\n","protected":false},"excerpt":{"rendered":"<p><a class=\"button normal\" style=\"width: 300px; padding: 1em; font-weight: 350; margin: 0.1em; color: white !important; background-color: #ca5f5f;\" href=\"https:\/\/agora.xtec.cat\/escolasalipota\/\" rel=\"noopener noreferrer\">WEB DE CENTRE<\/a><br \/>\nEl centre disposa de p\u00e0gina web. S&#8217;hi poden trobar informacions est\u00e0tiques, que es revisen peri\u00f2dicament\u00a0 i articles din\u00e0mics sobre el que va succeint al centre&hellip;  <a href=\"https:\/\/agora.xtec.cat\/escolasalipota\/estrategia-digital-de-centre\/cultura-digital\/comunicacio\/\" title=\"Read Comunicaci\u00f3\">Llegeix m\u00e9s\u00bb<\/a><\/p>\n","protected":false},"author":4,"featured_media":0,"parent":16672,"menu_order":20,"comment_status":"closed","ping_status":"closed","template":"page-templates\/side-menu.php","meta":{"_bbp_topic_count":0,"_bbp_reply_count":0,"_bbp_total_topic_count":0,"_bbp_total_reply_count":0,"_bbp_voice_count":0,"_bbp_anonymous_reply_count":0,"_bbp_topic_count_hidden":0,"_bbp_reply_count_hidden":0,"_bbp_forum_subforum_count":0,"footnotes":""},"class_list":["post-17979","page","type-page","status-publish","hentry"],"post_mailing_queue_ids":[],"_links":{"self":[{"href":"https:\/\/agora.xtec.cat\/escolasalipota\/wp-json\/wp\/v2\/pages\/17979","targetHints":{"allow":["GET"]}}],"collection":[{"href":"https:\/\/agora.xtec.cat\/escolasalipota\/wp-json\/wp\/v2\/pages"}],"about":[{"href":"https:\/\/agora.xtec.cat\/escolasalipota\/wp-json\/wp\/v2\/types\/page"}],"author":[{"embeddable":true,"href":"https:\/\/agora.xtec.cat\/escolasalipota\/wp-json\/wp\/v2\/users\/4"}],"replies":[{"embeddable":true,"href":"https:\/\/agora.xtec.cat\/escolasalipota\/wp-json\/wp\/v2\/comments?post=17979"}],"version-history":[{"count":3,"href":"https:\/\/agora.xtec.cat\/escolasalipota\/wp-json\/wp\/v2\/pages\/17979\/revisions"}],"predecessor-version":[{"id":18007,"href":"https:\/\/agora.xtec.cat\/escolasalipota\/wp-json\/wp\/v2\/pages\/17979\/revisions\/18007"}],"up":[{"embeddable":true,"href":"https:\/\/agora.xtec.cat\/escolasalipota\/wp-json\/wp\/v2\/pages\/16672"}],"wp:attachment":[{"href":"https:\/\/agora.xtec.cat\/escolasalipota\/wp-json\/wp\/v2\/media?parent=17979"}],"curies":[{"name":"wp","href":"https:\/\/api.w.org\/{rel}","templated":true}]}}