{"id":14270,"date":"2020-11-10T22:06:25","date_gmt":"2020-11-10T21:06:25","guid":{"rendered":"https:\/\/agora.xtec.cat\/ceip-montserrat-suria\/?page_id=14270"},"modified":"2026-03-16T09:40:21","modified_gmt":"2026-03-16T08:40:21","slug":"el-pla-de-treball","status":"publish","type":"page","link":"https:\/\/agora.xtec.cat\/escolasalipota\/projecte-educatiu\/el-pla-de-treball\/","title":{"rendered":"El Pla de treball"},"content":{"rendered":"\n<figure class=\"wp-block-image\"><a href=\"https:\/\/agora.xtec.cat\/ceip-montserrat-suria\/wp-content\/uploads\/usu122\/2020\/11\/Pla-de-treball-2.png\"><img loading=\"lazy\" decoding=\"async\" width=\"940\" height=\"788\" src=\"https:\/\/agora.xtec.cat\/ceip-montserrat-suria\/wp-content\/uploads\/usu122\/2020\/11\/Pla-de-treball-2.png\" alt=\"\" class=\"wp-image-14294\" srcset=\"https:\/\/agora.xtec.cat\/escolasalipota\/wp-content\/uploads\/usu122\/2020\/11\/Pla-de-treball-2.png 940w, https:\/\/agora.xtec.cat\/escolasalipota\/wp-content\/uploads\/usu122\/2020\/11\/Pla-de-treball-2-300x250.png 300w, https:\/\/agora.xtec.cat\/escolasalipota\/wp-content\/uploads\/usu122\/2020\/11\/Pla-de-treball-2-768x644.png 768w\" sizes=\"auto, (max-width: 940px) 100vw, 940px\" \/><\/a><\/figure>\n\n\n\n<p class=\"has-text-align-center\"><\/p>\n\n\n\n<figure class=\"wp-block-image\"><a href=\"https:\/\/agora.xtec.cat\/ceip-montserrat-suria\/wp-content\/uploads\/usu122\/2020\/11\/Pla-de-treball-1.png\"><img loading=\"lazy\" decoding=\"async\" width=\"940\" height=\"788\" src=\"https:\/\/agora.xtec.cat\/ceip-montserrat-suria\/wp-content\/uploads\/usu122\/2020\/11\/Pla-de-treball-1.png\" alt=\"\" class=\"wp-image-14293\" srcset=\"https:\/\/agora.xtec.cat\/escolasalipota\/wp-content\/uploads\/usu122\/2020\/11\/Pla-de-treball-1.png 940w, https:\/\/agora.xtec.cat\/escolasalipota\/wp-content\/uploads\/usu122\/2020\/11\/Pla-de-treball-1-300x250.png 300w, https:\/\/agora.xtec.cat\/escolasalipota\/wp-content\/uploads\/usu122\/2020\/11\/Pla-de-treball-1-768x644.png 768w\" sizes=\"auto, (max-width: 940px) 100vw, 940px\" \/><\/a><\/figure>\n\n\n\n<p class=\"has-text-align-center\"><\/p>\n\n\n\n<p>M\u00e9s informaci\u00f3 del Pla de treball a prim\u00e0ria:<\/p>\n\n\n\n<div class=\"wp-block-getwid-button-group\"><div class=\"wp-block-getwid-button-group__wrapper\">\n<div class=\"wp-block-button\"><a class=\"wp-block-button__link wp-element-button\" href=\"https:\/\/agora.xtec.cat\/escolasalipota\/cicle-inicial\/el-pla-de-treball-a-cicle-inicial\/\">CICLE INICIAL<\/a><\/div>\n\n\n\n<div class=\"wp-block-button\"><a class=\"wp-block-button__link wp-element-button\" href=\"https:\/\/agora.xtec.cat\/escolasalipota\/curs-2020-21\/el-pla-de-treball-a-cicle-MITJA\/\">CICLE MITJ\u00c0<\/a><\/div>\n\n\n\n<div class=\"wp-block-button\"><a class=\"wp-block-button__link wp-element-button\" href=\"https:\/\/agora.xtec.cat\/escolasalipota\/curs-2020-21\/el-pla-de-treball-a-cicle-superior\/\">CICLE SUPERIOR<\/a><\/div>\n<\/div><\/div>\n\n\n\n<p><\/p>\n","protected":false},"excerpt":{"rendered":"<p><a href=\"https:\/\/agora.xtec.cat\/ceip-montserrat-suria\/wp-content\/uploads\/usu122\/2020\/11\/Pla-de-treball-2.png\"><\/a><\/p>\n<p><a href=\"https:\/\/agora.xtec.cat\/ceip-montserrat-suria\/wp-content\/uploads\/usu122\/2020\/11\/Pla-de-treball-1.png\"><\/a><\/p>\n<p>M\u00e9s informaci\u00f3 del Pla de treball a prim\u00e0ria:<\/p>\n<p><a class=\"wp-block-button__link wp-element-button\" href=\"https:\/\/agora.xtec.cat\/escolasalipota\/cicle-inicial\/el-pla-de-treball-a-cicle-inicial\/\">CICLE INICIAL<\/a><\/p>\n<p><a class=\"wp-block-button__link wp-element-button\" href=\"https:\/\/agora.xtec.cat\/escolasalipota\/curs-2020-21\/el-pla-de-treball-a-cicle-MITJA\/\">CICLE MITJ\u00c0<\/a><\/p>\n<p><a class=\"wp-block-button__link wp-element-button\" href=\"https:\/\/agora.xtec.cat\/escolasalipota\/curs-2020-21\/el-pla-de-treball-a-cicle-superior\/\">CICLE SUPERIOR<\/a><\/p>\n","protected":false},"author":4,"featured_media":0,"parent":64,"menu_order":30,"comment_status":"closed","ping_status":"closed","template":"","meta":{"_bbp_topic_count":0,"_bbp_reply_count":0,"_bbp_total_topic_count":0,"_bbp_total_reply_count":0,"_bbp_voice_count":0,"_bbp_anonymous_reply_count":0,"_bbp_topic_count_hidden":0,"_bbp_reply_count_hidden":0,"_bbp_forum_subforum_count":0,"footnotes":""},"class_list":["post-14270","page","type-page","status-publish","hentry"],"post_mailing_queue_ids":[],"_links":{"self":[{"href":"https:\/\/agora.xtec.cat\/escolasalipota\/wp-json\/wp\/v2\/pages\/14270","targetHints":{"allow":["GET"]}}],"collection":[{"href":"https:\/\/agora.xtec.cat\/escolasalipota\/wp-json\/wp\/v2\/pages"}],"about":[{"href":"https:\/\/agora.xtec.cat\/escolasalipota\/wp-json\/wp\/v2\/types\/page"}],"author":[{"embeddable":true,"href":"https:\/\/agora.xtec.cat\/escolasalipota\/wp-json\/wp\/v2\/users\/4"}],"replies":[{"embeddable":true,"href":"https:\/\/agora.xtec.cat\/escolasalipota\/wp-json\/wp\/v2\/comments?post=14270"}],"version-history":[{"count":5,"href":"https:\/\/agora.xtec.cat\/escolasalipota\/wp-json\/wp\/v2\/pages\/14270\/revisions"}],"predecessor-version":[{"id":19913,"href":"https:\/\/agora.xtec.cat\/escolasalipota\/wp-json\/wp\/v2\/pages\/14270\/revisions\/19913"}],"up":[{"embeddable":true,"href":"https:\/\/agora.xtec.cat\/escolasalipota\/wp-json\/wp\/v2\/pages\/64"}],"wp:attachment":[{"href":"https:\/\/agora.xtec.cat\/escolasalipota\/wp-json\/wp\/v2\/media?parent=14270"}],"curies":[{"name":"wp","href":"https:\/\/api.w.org\/{rel}","templated":true}]}}