{"id":961,"date":"2025-10-23T13:22:24","date_gmt":"2025-10-23T11:22:24","guid":{"rendered":"https:\/\/agora.xtec.cat\/escolasagradafamiliagracia\/?page_id=961"},"modified":"2025-10-23T13:36:21","modified_gmt":"2025-10-23T11:36:21","slug":"espai-migdia-comunitat-de-grans","status":"publish","type":"page","link":"https:\/\/agora.xtec.cat\/escolasagradafamiliagracia\/espai-migdia-comunitat-de-grans\/","title":{"rendered":"Espai migdia &#8211; Comunitat de Grans"},"content":{"rendered":"\n<figure class=\"wp-block-image size-large\"><a href=\"https:\/\/agora.xtec.cat\/escolasagradafamiliagracia\/wp-content\/uploads\/usu3051\/2025\/10\/IMG-20251023-WA0005.jpg\"><img loading=\"lazy\" decoding=\"async\" width=\"1024\" height=\"768\" src=\"https:\/\/agora.xtec.cat\/escolasagradafamiliagracia\/wp-content\/uploads\/usu3051\/2025\/10\/IMG-20251023-WA0005-1024x768.jpg\" alt=\"\" class=\"wp-image-951\" srcset=\"https:\/\/agora.xtec.cat\/escolasagradafamiliagracia\/wp-content\/uploads\/usu3051\/2025\/10\/IMG-20251023-WA0005-1024x768.jpg 1024w, https:\/\/agora.xtec.cat\/escolasagradafamiliagracia\/wp-content\/uploads\/usu3051\/2025\/10\/IMG-20251023-WA0005-300x225.jpg 300w, https:\/\/agora.xtec.cat\/escolasagradafamiliagracia\/wp-content\/uploads\/usu3051\/2025\/10\/IMG-20251023-WA0005-768x576.jpg 768w, https:\/\/agora.xtec.cat\/escolasagradafamiliagracia\/wp-content\/uploads\/usu3051\/2025\/10\/IMG-20251023-WA0005-1536x1152.jpg 1536w, https:\/\/agora.xtec.cat\/escolasagradafamiliagracia\/wp-content\/uploads\/usu3051\/2025\/10\/IMG-20251023-WA0005.jpg 1600w\" sizes=\"auto, (max-width: 1024px) 100vw, 1024px\" \/><\/a><\/figure>\n\n\n\n<figure class=\"wp-block-table aligncenter\"><table><tbody><tr><td>4t<\/td><td>Laia, Mireia i Martina<\/td><\/tr><tr><td>5\u00e8<\/td><td>Emma V., Emma D. i Victor G.<\/td><\/tr><tr><td>6\u00e8<\/td><td>Dani i V\u00edctor F.<\/td><\/tr><tr><td>Coordinador<\/td><td>Sergi<\/td><\/tr><\/tbody><\/table><\/figure>\n\n\n\n<p><\/p>\n","protected":false},"excerpt":{"rendered":"<p>4t Laia, Mireia i Martina 5\u00e8 Emma V., Emma D. i Victor G. 6\u00e8 Dani i V\u00edctor F. Coordinador Sergi<\/p>\n","protected":false},"author":1,"featured_media":0,"parent":0,"menu_order":0,"comment_status":"closed","ping_status":"closed","template":"","meta":{"site-sidebar-layout":"default","site-content-layout":"","ast-site-content-layout":"default","site-content-style":"default","site-sidebar-style":"default","ast-global-header-display":"","ast-banner-title-visibility":"","ast-main-header-display":"","ast-hfb-above-header-display":"","ast-hfb-below-header-display":"","ast-hfb-mobile-header-display":"","site-post-title":"","ast-breadcrumbs-content":"","ast-featured-img":"","footer-sml-layout":"","theme-transparent-header-meta":"","adv-header-id-meta":"","stick-header-meta":"","header-above-stick-meta":"","header-main-stick-meta":"","header-below-stick-meta":"","astra-migrate-meta-layouts":"set","ast-page-background-enabled":"default","ast-page-background-meta":{"desktop":{"background-color":"var(--ast-global-color-4)","background-image":"","background-repeat":"repeat","background-position":"center center","background-size":"auto","background-attachment":"scroll","background-type":"","background-media":"","overlay-type":"","overlay-color":"","overlay-opacity":"","overlay-gradient":""},"tablet":{"background-color":"","background-image":"","background-repeat":"repeat","background-position":"center center","background-size":"auto","background-attachment":"scroll","background-type":"","background-media":"","overlay-type":"","overlay-color":"","overlay-opacity":"","overlay-gradient":""},"mobile":{"background-color":"","background-image":"","background-repeat":"repeat","background-position":"center center","background-size":"auto","background-attachment":"scroll","background-type":"","background-media":"","overlay-type":"","overlay-color":"","overlay-opacity":"","overlay-gradient":""}},"ast-content-background-meta":{"desktop":{"background-color":"var(--ast-global-color-5)","background-image":"","background-repeat":"repeat","background-position":"center center","background-size":"auto","background-attachment":"scroll","background-type":"","background-media":"","overlay-type":"","overlay-color":"","overlay-opacity":"","overlay-gradient":""},"tablet":{"background-color":"var(--ast-global-color-5)","background-image":"","background-repeat":"repeat","background-position":"center center","background-size":"auto","background-attachment":"scroll","background-type":"","background-media":"","overlay-type":"","overlay-color":"","overlay-opacity":"","overlay-gradient":""},"mobile":{"background-color":"var(--ast-global-color-5)","background-image":"","background-repeat":"repeat","background-position":"center center","background-size":"auto","background-attachment":"scroll","background-type":"","background-media":"","overlay-type":"","overlay-color":"","overlay-opacity":"","overlay-gradient":""}},"footnotes":""},"class_list":["post-961","page","type-page","status-publish","hentry"],"post_mailing_queue_ids":[],"_links":{"self":[{"href":"https:\/\/agora.xtec.cat\/escolasagradafamiliagracia\/wp-json\/wp\/v2\/pages\/961","targetHints":{"allow":["GET"]}}],"collection":[{"href":"https:\/\/agora.xtec.cat\/escolasagradafamiliagracia\/wp-json\/wp\/v2\/pages"}],"about":[{"href":"https:\/\/agora.xtec.cat\/escolasagradafamiliagracia\/wp-json\/wp\/v2\/types\/page"}],"author":[{"embeddable":true,"href":"https:\/\/agora.xtec.cat\/escolasagradafamiliagracia\/wp-json\/wp\/v2\/users\/1"}],"replies":[{"embeddable":true,"href":"https:\/\/agora.xtec.cat\/escolasagradafamiliagracia\/wp-json\/wp\/v2\/comments?post=961"}],"version-history":[{"count":1,"href":"https:\/\/agora.xtec.cat\/escolasagradafamiliagracia\/wp-json\/wp\/v2\/pages\/961\/revisions"}],"predecessor-version":[{"id":962,"href":"https:\/\/agora.xtec.cat\/escolasagradafamiliagracia\/wp-json\/wp\/v2\/pages\/961\/revisions\/962"}],"wp:attachment":[{"href":"https:\/\/agora.xtec.cat\/escolasagradafamiliagracia\/wp-json\/wp\/v2\/media?parent=961"}],"curies":[{"name":"wp","href":"https:\/\/api.w.org\/{rel}","templated":true}]}}

<figure class="wp-block-image size-large"><a href="https://agora.xtec.cat/escolasagradafamiliagracia/wp-content/uploads/usu3051/2025/10/IMG-20251023-WA0005.jpg"><img loading="lazy" decoding="async" width="1024" height="768" src="https://agora.xtec.cat/escolasagradafamiliagracia/wp-content/uploads/usu3051/2025/10/IMG-20251023-WA0005-1024x768.jpg" alt="" class="wp-image-951" srcset="https://agora.xtec.cat/escolasagradafamiliagracia/wp-content/uploads/usu3051/2025/10/IMG-20251023-WA0005-1024x768.jpg 1024w, https://agora.xtec.cat/escolasagradafamiliagracia/wp-content/uploads/usu3051/2025/10/IMG-20251023-WA0005-300x225.jpg 300w, https://agora.xtec.cat/escolasagradafamiliagracia/wp-content/uploads/usu3051/2025/10/IMG-20251023-WA0005-768x576.jpg 768w, https://agora.xtec.cat/escolasagradafamiliagracia/wp-content/uploads/usu3051/2025/10/IMG-20251023-WA0005-1536x1152.jpg 1536w, https://agora.xtec.cat/escolasagradafamiliagracia/wp-content/uploads/usu3051/2025/10/IMG-20251023-WA0005.jpg 1600w" sizes="auto, (max-width: 1024px) 100vw, 1024px" /></a></figure>



<figure class="wp-block-table aligncenter"><table><tbody><tr><td>4t</td><td>Laia, Mireia i Martina</td></tr><tr><td>5è</td><td>Emma V., Emma D. i Victor G.</td></tr><tr><td>6è</td><td>Dani i Víctor F.</td></tr><tr><td>Coordinador</td><td>Sergi</td></tr></tbody></table></figure>



<p></p>

<p>4t Laia, Mireia i Martina 5è Emma V., Emma D. i Victor G. 6è Dani i Víctor F. Coordinador Sergi</p>
