{"id":26,"date":"2014-09-18T12:24:32","date_gmt":"2014-09-18T11:24:32","guid":{"rendered":"http:\/\/agora.xtec.cat\/escolasagradafamiliagracia\/?page_id=26"},"modified":"2025-02-17T13:08:39","modified_gmt":"2025-02-17T12:08:39","slug":"historia","status":"publish","type":"page","link":"https:\/\/agora.xtec.cat\/escolasagradafamiliagracia\/lescola\/historia\/","title":{"rendered":"Hist\u00f2ria"},"content":{"rendered":"<p>Parlar de la hist\u00f2ria d\u2019una escola \u00e9s, en definitiva, parlar de la hist\u00f2ria de la societat en la qual es viu. Al llarg de la seva vida qualsevol instituci\u00f3 pot anar canviant de noms, i, evidentment, de persones, per\u00f2 all\u00f2 que fa que una instituci\u00f3 arreli i mantingui els seus senyals d\u2019identitat \u00e9s el fet del que representa per a la societat al llarg de la seva exist\u00e8ncia. Una instituci\u00f3, com ara una escola, es fa gran quan creix i fa cr\u00e9ixer les persones que hi viuen, ja que, en definitiva, aquesta \u00e9s la seva principal ra\u00f3 d\u2019\u00e9sser.<\/p>\n<p><strong>Cronologia de l\u2019escola<\/strong><\/p>\n<p>L\u2019any <strong>1903 <\/strong>es funda el Patronato de la Sagrada Familia amb la finalitat de catequitzar i escolaritzar la joventut del barri.<\/p>\n<p>El 21 de febrer de <strong>1904 <\/strong>s\u2019inaugura el local del Carrer Sardenya format per un sal\u00f3 d\u2019actes, dues sales habilitades per fer classes i altres destinades a habitatge dels porters i a serveis administratius.<\/p>\n<p>El <strong>juliol del 36<\/strong> la Generalitat de Catalunya es fa c\u00e0rrec de l\u2019Escola i li posa el nom d\u2019Escola Unificada Claror. Fa reformes en el local i la converteix en una escola laica, catalana, mixta, popular i arrelada als corrents pedag\u00f2gics avantguardistes de l\u2019\u00e8poca.<\/p>\n<p>El <strong>gener del 39<\/strong> l\u2019Escola torna a ser propietat de la Congregaci\u00f3n Mariana de Barcelona.<\/p>\n<p><strong>A la d\u00e8cada dels 40<\/strong> es reprenen amb for\u00e7a les activitats escolars. El Complex Educacional Sagrada Familia torna a ser exclusivament de nens i no \u00e9s fins els anys 60 que el CE Sagrada Familia torna a admetre criatures dels dos sexes.<\/p>\n<p><strong>El setembre del 76<\/strong> s\u2019inauguren els locals actuals del centre. Donat que la Companyia de Jes\u00fas per problemes econ\u00f2mics vol desprendre\u2019s del Centre, les fam\u00edlies i els treballadors constitueixen una cooperativa mixta d\u2019ensenyament amb l\u2019objectiu d\u2019esdevenir una escola p\u00fablica, laica, plural i catalana, amb un ensenyament actiu immers dins els corrents de renovaci\u00f3 pedag\u00f2gica del moment. Aquest curs escolar el claustre de professors de l\u2019Escola es renova profundament. El 78 t\u00e9 lloc la creaci\u00f3 de Claror Societat Cooperativa Limitada.<\/p>\n<p><strong>El 30 de novembre del 79<\/strong> es va firmar la cessi\u00f3 sobre la propietat del Centre entre la Companyia de Jes\u00fas i Claror Societat Cooperativa Limitada. El nom de l\u2019escola passa a ser Escola Sagrada Fam\u00edlia. L\u2019Escola s\u2019adhereix al CEPEPC, Col\u00b7lectiu d\u2019Escoles per a l\u2019Escola P\u00fablica Catalana.<\/p>\n<p><strong>El setembre de 1987<\/strong> l\u2019escola s\u2019integra a la xarxa p\u00fablica de centres d\u2019educaci\u00f3 infantil i prim\u00e0ria de la Generalitat de Catalunya amb el nom de CEIP Sagrada Fam\u00edlia.<\/p>\n<p><strong>El curs 2002-2003<\/strong> l&#8217;escola Sagrada Fam\u00edlia celebra el seu Centenari.<\/p>\n<p><strong>Aquest curs 24-25<\/strong> el vam comen\u00e7ar amb el canvi de nom, afegint-hi el del nostre barri i passant a anomenar-nos <strong>Escola Sagrada Fam\u00edlia Gr\u00e0cia<\/strong><\/p>\n<p><strong>Actualment<\/strong>\u00a0continuem treballant amb aquesta il\u00b7lusi\u00f3 i amb els ideals de formar ciutadans i ciutadanes que cada dia siguin m\u00e9s persones, respectant el proc\u00e9s individual per arribar a \u00e9sser ells mateixos. Preparant-los a saber afrontar el seu propi pensament i la seva identitat, a transmetre coneixements oberts i saber interpretar-los cr\u00edticament. Creiem que en el futur que s\u2019esdev\u00e9, l\u2019escola ha de ser un lloc per aprendre a veure el m\u00f3n amb una mirada renovada i curiosa, per aprendre a conviure amb les realitats emergents. Unes realitats que mostren que canviar \u00e9s un fet vital per a les persones, per a la societat, per al planeta. L\u2019escola ha d\u2019educar en el canvi.<\/p>\n<p>Per\u00f2 sobretot l\u2019escola l\u2019hem de continuar fent entre tots: pares i mares, nenes i nens, mestres, monitoratge, administratives, conserges, feineres, cuiners&#8230;<\/p>\n<p>Amb aquestes lletres hem fet una pinzellada amb afecte del nostre Centre, l\u2019Escola P\u00fablica Sagrada Fam\u00edlia Gr\u00e0cia.<\/p>\n","protected":false},"excerpt":{"rendered":"<p>Parlar de la hist\u00f2ria d\u2019una escola \u00e9s, en definitiva, parlar de la hist\u00f2ria de la societat en la qual es [&hellip;]<\/p>\n","protected":false},"author":1,"featured_media":0,"parent":22,"menu_order":2,"comment_status":"closed","ping_status":"closed","template":"","meta":{"site-sidebar-layout":"default","site-content-layout":"","ast-site-content-layout":"default","site-content-style":"default","site-sidebar-style":"default","ast-global-header-display":"","ast-banner-title-visibility":"","ast-main-header-display":"","ast-hfb-above-header-display":"","ast-hfb-below-header-display":"","ast-hfb-mobile-header-display":"","site-post-title":"","ast-breadcrumbs-content":"","ast-featured-img":"","footer-sml-layout":"","theme-transparent-header-meta":"","adv-header-id-meta":"","stick-header-meta":"","header-above-stick-meta":"","header-main-stick-meta":"","header-below-stick-meta":"","astra-migrate-meta-layouts":"set","ast-page-background-enabled":"default","ast-page-background-meta":{"desktop":{"background-color":"var(--ast-global-color-4)","background-image":"","background-repeat":"repeat","background-position":"center center","background-size":"auto","background-attachment":"scroll","background-type":"","background-media":"","overlay-type":"","overlay-color":"","overlay-opacity":"","overlay-gradient":""},"tablet":{"background-color":"","background-image":"","background-repeat":"repeat","background-position":"center center","background-size":"auto","background-attachment":"scroll","background-type":"","background-media":"","overlay-type":"","overlay-color":"","overlay-opacity":"","overlay-gradient":""},"mobile":{"background-color":"","background-image":"","background-repeat":"repeat","background-position":"center center","background-size":"auto","background-attachment":"scroll","background-type":"","background-media":"","overlay-type":"","overlay-color":"","overlay-opacity":"","overlay-gradient":""}},"ast-content-background-meta":{"desktop":{"background-color":"var(--ast-global-color-5)","background-image":"","background-repeat":"repeat","background-position":"center center","background-size":"auto","background-attachment":"scroll","background-type":"","background-media":"","overlay-type":"","overlay-color":"","overlay-opacity":"","overlay-gradient":""},"tablet":{"background-color":"var(--ast-global-color-5)","background-image":"","background-repeat":"repeat","background-position":"center center","background-size":"auto","background-attachment":"scroll","background-type":"","background-media":"","overlay-type":"","overlay-color":"","overlay-opacity":"","overlay-gradient":""},"mobile":{"background-color":"var(--ast-global-color-5)","background-image":"","background-repeat":"repeat","background-position":"center center","background-size":"auto","background-attachment":"scroll","background-type":"","background-media":"","overlay-type":"","overlay-color":"","overlay-opacity":"","overlay-gradient":""}},"footnotes":""},"class_list":["post-26","page","type-page","status-publish","hentry"],"post_mailing_queue_ids":[],"_links":{"self":[{"href":"https:\/\/agora.xtec.cat\/escolasagradafamiliagracia\/wp-json\/wp\/v2\/pages\/26","targetHints":{"allow":["GET"]}}],"collection":[{"href":"https:\/\/agora.xtec.cat\/escolasagradafamiliagracia\/wp-json\/wp\/v2\/pages"}],"about":[{"href":"https:\/\/agora.xtec.cat\/escolasagradafamiliagracia\/wp-json\/wp\/v2\/types\/page"}],"author":[{"embeddable":true,"href":"https:\/\/agora.xtec.cat\/escolasagradafamiliagracia\/wp-json\/wp\/v2\/users\/1"}],"replies":[{"embeddable":true,"href":"https:\/\/agora.xtec.cat\/escolasagradafamiliagracia\/wp-json\/wp\/v2\/comments?post=26"}],"version-history":[{"count":1,"href":"https:\/\/agora.xtec.cat\/escolasagradafamiliagracia\/wp-json\/wp\/v2\/pages\/26\/revisions"}],"predecessor-version":[{"id":574,"href":"https:\/\/agora.xtec.cat\/escolasagradafamiliagracia\/wp-json\/wp\/v2\/pages\/26\/revisions\/574"}],"up":[{"embeddable":true,"href":"https:\/\/agora.xtec.cat\/escolasagradafamiliagracia\/wp-json\/wp\/v2\/pages\/22"}],"wp:attachment":[{"href":"https:\/\/agora.xtec.cat\/escolasagradafamiliagracia\/wp-json\/wp\/v2\/media?parent=26"}],"curies":[{"name":"wp","href":"https:\/\/api.w.org\/{rel}","templated":true}]}}

Història

<p>Parlar de la història d’una escola és, en definitiva, parlar de la història de la societat en la qual es viu. Al llarg de la seva vida qualsevol institució pot anar canviant de noms, i, evidentment, de persones, però allò que fa que una institució arreli i mantingui els seus senyals d’identitat és el fet del que representa per a la societat al llarg de la seva existència. Una institució, com ara una escola, es fa gran quan creix i fa créixer les persones que hi viuen, ja que, en definitiva, aquesta és la seva principal raó d’ésser.</p>
<p><strong>Cronologia de l’escola</strong></p>
<p>L’any <strong>1903 </strong>es funda el Patronato de la Sagrada Familia amb la finalitat de catequitzar i escolaritzar la joventut del barri.</p>
<p>El 21 de febrer de <strong>1904 </strong>s’inaugura el local del Carrer Sardenya format per un saló d’actes, dues sales habilitades per fer classes i altres destinades a habitatge dels porters i a serveis administratius.</p>
<p>El <strong>juliol del 36</strong> la Generalitat de Catalunya es fa càrrec de l’Escola i li posa el nom d’Escola Unificada Claror. Fa reformes en el local i la converteix en una escola laica, catalana, mixta, popular i arrelada als corrents pedagògics avantguardistes de l’època.</p>
<p>El <strong>gener del 39</strong> l’Escola torna a ser propietat de la Congregación Mariana de Barcelona.</p>
<p><strong>A la dècada dels 40</strong> es reprenen amb força les activitats escolars. El Complex Educacional Sagrada Familia torna a ser exclusivament de nens i no és fins els anys 60 que el CE Sagrada Familia torna a admetre criatures dels dos sexes.</p>
<p><strong>El setembre del 76</strong> s’inauguren els locals actuals del centre. Donat que la Companyia de Jesús per problemes econòmics vol desprendre’s del Centre, les famílies i els treballadors constitueixen una cooperativa mixta d’ensenyament amb l’objectiu d’esdevenir una escola pública, laica, plural i catalana, amb un ensenyament actiu immers dins els corrents de renovació pedagògica del moment. Aquest curs escolar el claustre de professors de l’Escola es renova profundament. El 78 té lloc la creació de Claror Societat Cooperativa Limitada.</p>
<p><strong>El 30 de novembre del 79</strong> es va firmar la cessió sobre la propietat del Centre entre la Companyia de Jesús i Claror Societat Cooperativa Limitada. El nom de l’escola passa a ser Escola Sagrada Família. L’Escola s’adhereix al CEPEPC, Col·lectiu d’Escoles per a l’Escola Pública Catalana.</p>
<p><strong>El setembre de 1987</strong> l’escola s’integra a la xarxa pública de centres d’educació infantil i primària de la Generalitat de Catalunya amb el nom de CEIP Sagrada Família.</p>
<p><strong>El curs 2002-2003</strong> l&#8217;escola Sagrada Família celebra el seu Centenari.</p>
<p><strong>Aquest curs 24-25</strong> el vam començar amb el canvi de nom, afegint-hi el del nostre barri i passant a anomenar-nos <strong>Escola Sagrada Família Gràcia</strong></p>
<p><strong>Actualment</strong> continuem treballant amb aquesta il·lusió i amb els ideals de formar ciutadans i ciutadanes que cada dia siguin més persones, respectant el procés individual per arribar a ésser ells mateixos. Preparant-los a saber afrontar el seu propi pensament i la seva identitat, a transmetre coneixements oberts i saber interpretar-los críticament. Creiem que en el futur que s’esdevé, l’escola ha de ser un lloc per aprendre a veure el món amb una mirada renovada i curiosa, per aprendre a conviure amb les realitats emergents. Unes realitats que mostren que canviar és un fet vital per a les persones, per a la societat, per al planeta. L’escola ha d’educar en el canvi.</p>
<p>Però sobretot l’escola l’hem de continuar fent entre tots: pares i mares, nenes i nens, mestres, monitoratge, administratives, conserges, feineres, cuiners&#8230;</p>
<p>Amb aquestes lletres hem fet una pinzellada amb afecte del nostre Centre, l’Escola Pública Sagrada Família Gràcia.</p>

<p>Parlar de la història d’una escola és, en definitiva, parlar de la història de la societat en la qual es [&hellip;]</p>
