{"id":991,"date":"2022-02-22T09:40:03","date_gmt":"2022-02-22T08:40:03","guid":{"rendered":"https:\/\/agora.xtec.cat\/escolasagfamcaldetes\/?page_id=991"},"modified":"2024-12-16T16:05:21","modified_gmt":"2024-12-16T15:05:21","slug":"petits-grans-artistes","status":"publish","type":"page","link":"https:\/\/agora.xtec.cat\/escolasagfamcaldetes\/projecte-educatiu\/projectes-propis-de-lescola\/petits-grans-artistes\/","title":{"rendered":"Petits grans artistes"},"content":{"rendered":"<section id=\"h.5e133f6dda892027_44\" class=\"yaqOZd\">\n<div class=\"mYVXT\">\n<div class=\"LS81yb VICjCf j5pSsc db35Fc\" tabindex=\"-1\">\n<div class=\"hJDwNd-AhqUyc-qWD73c Ft7HRd-AhqUyc-qWD73c purZT-AhqUyc-II5mzb ZcASvf-AhqUyc-II5mzb pSzOP-AhqUyc-qWD73c Ktthjf-AhqUyc-qWD73c JNdkSc SQVYQc yYI8W HQwdzb\">\n<div class=\"JNdkSc-SmKAyb LkDMRd\">\n<div class=\"\">\n<div class=\"oKdM2c ZZyype\">\n<div id=\"h.5e133f6dda892027_52\" class=\"hJDwNd-AhqUyc-qWD73c Ft7HRd-AhqUyc-qWD73c jXK9ad D2fZ2 zu5uec wHaque g5GTcb JYTMs\">\n<div class=\"jXK9ad-SmKAyb\">\n<div class=\"tyJCtd mGzaTb Depvyb baZpAe\">\n<p class=\"CDt4Ke zfr3Q\" dir=\"ltr\">El projecte comen\u00e7a fa 7 anys, quan un grup de mestres de l&#8217;escola de Caldes d&#8217;Estrac ens aventurem a anar a la Fundaci\u00f3 Palau a demanar una sala per a exposar les obres d&#8217;art del nostre alumnat. Contra tot pron\u00f2stic, en Pere Almeda i la Maria Choya, director i t\u00e8cnica d&#8217;art i exposicions en aquell moment, es creuen el nostre projecte, i ens diuen que si.<\/p>\n<p class=\"CDt4Ke zfr3Q\" dir=\"ltr\">Durant aquests anys, l&#8217;exposici\u00f3 evoluciona, i convertim una simple exposici\u00f3 en un projecte expositiu en el que treballen els alumnes de 5\u00e8 de prim\u00e0ria durant tot el curs.<\/p>\n<\/div>\n<\/div>\n<\/div>\n<\/div>\n<\/div>\n<\/div>\n<\/div>\n<\/div>\n<\/div>\n<\/section>\n<section id=\"h.392bab5ae1ed810b_263\" class=\"yaqOZd\">\n<div class=\"IFuOkc\"><\/div>\n<div class=\"mYVXT\">\n<div class=\"LS81yb VICjCf j5pSsc db35Fc\" tabindex=\"-1\">\n<div class=\"hJDwNd-AhqUyc-uQSCkd Ft7HRd-AhqUyc-uQSCkd purZT-AhqUyc-II5mzb ZcASvf-AhqUyc-II5mzb pSzOP-AhqUyc-qWD73c Ktthjf-AhqUyc-qWD73c JNdkSc SQVYQc\">\n<div class=\"JNdkSc-SmKAyb LkDMRd\">\n<div class=\"\">\n<div class=\"oKdM2c ZZyype Kzv0Me\">\n<div id=\"h.392bab5ae1ed810b_260\" class=\"hJDwNd-AhqUyc-uQSCkd Ft7HRd-AhqUyc-uQSCkd jXK9ad D2fZ2 zu5uec OjCsFc dmUFtb wHaque g5GTcb JYTMs\">\n<div class=\"jXK9ad-SmKAyb\">\n<div class=\"tyJCtd mGzaTb Depvyb baZpAe\">\n<p class=\"CDt4Ke zfr3Q\" dir=\"ltr\">Any rere any, el projecte ha anat creixent i actualment s\u2019ha transformat en una situaci\u00f3 d&#8217;aprenentatge .<\/p>\n<p class=\"CDt4Ke zfr3Q\" dir=\"ltr\">Els alumnes es plantegen el problema\/repte competencial que suposa organitzar una exposici\u00f3 a un museu de prestigi, col\u00b7laborant amb artistes internacionals en actiu.<\/p>\n<p class=\"CDt4Ke zfr3Q\" dir=\"ltr\">Tot i que el projecte sembla que faci refer\u00e8ncia nom\u00e9s a una de les vuit compet\u00e8ncies claus del curr\u00edculum vigent, Consci\u00e8ncia i expressi\u00f3 cultural, si desgranem el que passa durant la situaci\u00f3 d&#8217;aprenentatge trobarem una s\u00e8rie d&#8217;activitats emmarcades en els 6 vectors i les compet\u00e8ncies claus que trobem al nou curr\u00edculum.<\/p>\n<p class=\"CDt4Ke zfr3Q\" dir=\"ltr\">Preparaci\u00f3 d&#8217;entrevistes als artistes amb els quals es treballa, redacci\u00f3 de la informaci\u00f3 per a les visites guiades. redacci\u00f3 de les notes de premsa, explicaci\u00f3 oral de la pr\u00f2pia obra de cadascun dels artistes per tal de preparar un audiovisual&#8230; serien exemples d&#8217;activitats dirigides al desenvolupament de la compet\u00e8ncia en comunicaci\u00f3 ling\u00fc\u00edstica, per\u00f2 n&#8217;hi ha moltes m\u00e9s, com la creaci\u00f3 d&#8217;un pressupost, la mesura de la sala d&#8217;exposicions i els c\u00e0lculs per a tal de fer el disseny de la sala, la creaci\u00f3 del cartell amb el que es far\u00e0 difusi\u00f3&#8230; i aix\u00ed tot un seguit d\u2019activitats que porta a una quantitat ingent de compet\u00e8ncies espec\u00edfiques de les diferents \u00e0rees entrella\u00e7ades.<\/p>\n<p class=\"CDt4Ke zfr3Q\" dir=\"ltr\">Avui dia Petits Grans Artistes \u00e9s un dels projectes vertebradors de l&#8217;escola, en el qual participa tota l&#8217;escola amb el lideratge de la classe de 5\u00e8.<\/p>\n<\/div>\n<\/div>\n<\/div>\n<\/div>\n<\/div>\n<\/div>\n<\/div>\n<\/div>\n<\/div>\n<\/section>\n<p><span style=\"font-family: inherit; font-size: 1em;\">Enguany ser\u00e0 el 7\u00e8 any del projecte. Trobareu molta m\u00e9s informaci\u00f3 al web <strong><a href=\"https:\/\/sites.google.com\/escoladecaldetes.cat\/petitsgransartistes\/el-projecte?authuser=0\" target=\"_blank\" rel=\"noopener\">PETITS GRANS ARTISTES<\/a><\/strong><\/span><\/p>\n<p>&nbsp;<\/p>\n","protected":false},"excerpt":{"rendered":"<p>El projecte comen\u00e7a fa 7 anys, quan un grup de mestres de l&#8217;escola de Caldes d&#8217;Estrac ens aventurem a anar a la Fundaci\u00f3 Palau a demanar una sala per a exposar les obres d&#8217;art del nostre alumnat. Contra tot pron\u00f2stic, en Pere Almeda i la Maria Choya, director i t\u00e8cnica d&#8217;art i exposicions en aquell [&hellip;]<\/p>\n","protected":false},"author":3,"featured_media":0,"parent":986,"menu_order":0,"comment_status":"closed","ping_status":"closed","template":"page-templates\/side-menu.php","meta":{"_bbp_topic_count":0,"_bbp_reply_count":0,"_bbp_total_topic_count":0,"_bbp_total_reply_count":0,"_bbp_voice_count":0,"_bbp_anonymous_reply_count":0,"_bbp_topic_count_hidden":0,"_bbp_reply_count_hidden":0,"_bbp_forum_subforum_count":0,"site-sidebar-layout":"default","site-content-layout":"","ast-site-content-layout":"","site-content-style":"default","site-sidebar-style":"default","ast-global-header-display":"","ast-banner-title-visibility":"","ast-main-header-display":"","ast-hfb-above-header-display":"","ast-hfb-below-header-display":"","ast-hfb-mobile-header-display":"","site-post-title":"","ast-breadcrumbs-content":"","ast-featured-img":"","footer-sml-layout":"","theme-transparent-header-meta":"","adv-header-id-meta":"","stick-header-meta":"","header-above-stick-meta":"","header-main-stick-meta":"","header-below-stick-meta":"","astra-migrate-meta-layouts":"default","ast-page-background-enabled":"default","ast-page-background-meta":{"desktop":{"background-color":"var(--ast-global-color-4)","background-image":"","background-repeat":"repeat","background-position":"center center","background-size":"auto","background-attachment":"scroll","background-type":"","background-media":"","overlay-type":"","overlay-color":"","overlay-opacity":"","overlay-gradient":""},"tablet":{"background-color":"","background-image":"","background-repeat":"repeat","background-position":"center center","background-size":"auto","background-attachment":"scroll","background-type":"","background-media":"","overlay-type":"","overlay-color":"","overlay-opacity":"","overlay-gradient":""},"mobile":{"background-color":"","background-image":"","background-repeat":"repeat","background-position":"center center","background-size":"auto","background-attachment":"scroll","background-type":"","background-media":"","overlay-type":"","overlay-color":"","overlay-opacity":"","overlay-gradient":""}},"ast-content-background-meta":{"desktop":{"background-color":"var(--ast-global-color-5)","background-image":"","background-repeat":"repeat","background-position":"center center","background-size":"auto","background-attachment":"scroll","background-type":"","background-media":"","overlay-type":"","overlay-color":"","overlay-opacity":"","overlay-gradient":""},"tablet":{"background-color":"var(--ast-global-color-5)","background-image":"","background-repeat":"repeat","background-position":"center center","background-size":"auto","background-attachment":"scroll","background-type":"","background-media":"","overlay-type":"","overlay-color":"","overlay-opacity":"","overlay-gradient":""},"mobile":{"background-color":"var(--ast-global-color-5)","background-image":"","background-repeat":"repeat","background-position":"center center","background-size":"auto","background-attachment":"scroll","background-type":"","background-media":"","overlay-type":"","overlay-color":"","overlay-opacity":"","overlay-gradient":""}},"footnotes":""},"class_list":["post-991","page","type-page","status-publish","hentry"],"post_mailing_queue_ids":[],"_links":{"self":[{"href":"https:\/\/agora.xtec.cat\/escolasagfamcaldetes\/wp-json\/wp\/v2\/pages\/991","targetHints":{"allow":["GET"]}}],"collection":[{"href":"https:\/\/agora.xtec.cat\/escolasagfamcaldetes\/wp-json\/wp\/v2\/pages"}],"about":[{"href":"https:\/\/agora.xtec.cat\/escolasagfamcaldetes\/wp-json\/wp\/v2\/types\/page"}],"author":[{"embeddable":true,"href":"https:\/\/agora.xtec.cat\/escolasagfamcaldetes\/wp-json\/wp\/v2\/users\/3"}],"replies":[{"embeddable":true,"href":"https:\/\/agora.xtec.cat\/escolasagfamcaldetes\/wp-json\/wp\/v2\/comments?post=991"}],"version-history":[{"count":4,"href":"https:\/\/agora.xtec.cat\/escolasagfamcaldetes\/wp-json\/wp\/v2\/pages\/991\/revisions"}],"predecessor-version":[{"id":1837,"href":"https:\/\/agora.xtec.cat\/escolasagfamcaldetes\/wp-json\/wp\/v2\/pages\/991\/revisions\/1837"}],"up":[{"embeddable":true,"href":"https:\/\/agora.xtec.cat\/escolasagfamcaldetes\/wp-json\/wp\/v2\/pages\/986"}],"wp:attachment":[{"href":"https:\/\/agora.xtec.cat\/escolasagfamcaldetes\/wp-json\/wp\/v2\/media?parent=991"}],"curies":[{"name":"wp","href":"https:\/\/api.w.org\/{rel}","templated":true}]}}