{"id":28,"date":"2020-10-22T12:29:35","date_gmt":"2020-10-22T10:29:35","guid":{"rendered":"http:\/\/agora.xtec.cat\/escolasagfamcaldetes\/?page_id=28"},"modified":"2024-06-06T16:51:50","modified_gmt":"2024-06-06T14:51:50","slug":"consell-escolar","status":"publish","type":"page","link":"https:\/\/agora.xtec.cat\/escolasagfamcaldetes\/lescola\/consell-escolar\/","title":{"rendered":"Consell Escolar"},"content":{"rendered":"<table style=\"border-collapse: collapse; width: 45.7575%; height: 391px;\">\n<tbody>\n<tr style=\"height: 32px;\">\n<td style=\"width: 39.5309%; text-align: center; height: 32px;\" colspan=\"2\"><strong>COMPOSICI\u00d3 DEL CONSELL ESCOLAR<\/strong><\/td>\n<\/tr>\n<tr style=\"height: 32px;\">\n<td style=\"width: 18.7074%; text-align: center; height: 32px;\"><strong>EQUIP DIRECTIU<\/strong><\/td>\n<td style=\"width: 20.8235%; text-align: center; height: 32px;\"><strong>SECTOR MESTRES<\/strong><\/td>\n<\/tr>\n<tr style=\"height: 216px;\">\n<td style=\"width: 18.7074%; height: 216px;\">Director: Xavi Rosell<\/p>\n<p>Cap d&#8217;estudis: S\u00f2nia Gonz\u00e1lez<\/p>\n<p>Secret\u00e0ria: Am\u00e0lia Gonz\u00e1lez<\/td>\n<td style=\"width: 20.8235%; height: 216px;\">Marta Gran\u00e9<\/p>\n<p>Ester Verjano<\/p>\n<p>Make Formento<\/p>\n<p>Amaya Moreno<\/p>\n<p>Sandra Tous<\/p>\n<p>Nat\u00e0lia Mill\u00e1n<\/td>\n<\/tr>\n<tr style=\"height: 32px;\">\n<td style=\"width: 18.7074%; height: 32px; text-align: center;\"><strong>AJUNTAMENT<\/strong><\/td>\n<td style=\"width: 20.8235%; height: 32px; text-align: center;\"><strong>SECTOR FAM\u00cdLIES<\/strong><\/td>\n<\/tr>\n<tr style=\"height: 32px;\">\n<td style=\"width: 18.7074%; height: 32px;\">Jordi L\u00f3pez<\/td>\n<td style=\"width: 20.8235%; height: 32px;\">Eduard Fern\u00e1ndez<\/p>\n<p>J\u00e9ssica Santos<\/p>\n<p>Albert Navarro<\/p>\n<p>Oliver Mart\u00ednez<\/p>\n<p>Leticia G\u00f3mez<\/p>\n<p>Ferran Rovira<\/td>\n<\/tr>\n<tr style=\"height: 32px;\">\n<td style=\"width: 18.7074%; text-align: center; height: 10px;\"><strong>PAS<\/strong><\/td>\n<td style=\"width: 20.8235%; height: 10px;\">\n<p style=\"text-align: center;\"><strong>AMPA<\/strong><\/p>\n<\/td>\n<\/tr>\n<tr style=\"height: 37px;\">\n<td style=\"width: 18.7074%; height: 37px; text-align: left;\">S\u00edlvia Molist<\/td>\n<td style=\"width: 20.8235%; height: 37px;\">Carla Massana<\/td>\n<\/tr>\n<\/tbody>\n<\/table>\n<p>&nbsp;<\/p>\n<p>&nbsp;<\/p>\n<p>&nbsp;<\/p>\n<p>QUE \u00c9S EL CONSELL ESCOLAR?<\/p>\n<p>El consell escolar del centre \u00e9s l&#8217;<strong>\u00f2rgan col\u00b7legiat de participaci\u00f3<\/strong> de la comunitat escolar en el govern del centre. En el consell escolar hi ha representats tots els col\u00b7lectius que intervenen en la comunitat educativa: director\/a, professorat, fam\u00edlies, personal d&#8217;administraci\u00f3 i serveis, i ajuntament.<\/p>\n<p>En els centres p\u00fablics, la funci\u00f3 principal del consell escolar \u00e9s participar en la presa de decisions en relaci\u00f3 amb aquells temes importants per al funcionament i l&#8217;organitzaci\u00f3 del centre: el projecte educatiu, la programaci\u00f3 general, la gesti\u00f3 econ\u00f2mica, etc.<\/p>\n<p>Els membres del consell escolar s\u00f3n elegits per un per\u00edode de quatre anys i es renoven per meitats cada dos anys.<\/p>\n","protected":false},"excerpt":{"rendered":"<p>COMPOSICI\u00d3 DEL CONSELL ESCOLAR EQUIP DIRECTIU SECTOR MESTRES Director: Xavi Rosell Cap d&#8217;estudis: S\u00f2nia Gonz\u00e1lez Secret\u00e0ria: Am\u00e0lia Gonz\u00e1lez Marta Gran\u00e9 Ester Verjano Make Formento Amaya Moreno Sandra Tous Nat\u00e0lia Mill\u00e1n AJUNTAMENT SECTOR FAM\u00cdLIES Jordi L\u00f3pez Eduard Fern\u00e1ndez J\u00e9ssica Santos Albert Navarro Oliver Mart\u00ednez Leticia G\u00f3mez Ferran Rovira PAS AMPA S\u00edlvia Molist Carla Massana &nbsp; &nbsp; [&hellip;]<\/p>\n","protected":false},"author":1,"featured_media":0,"parent":22,"menu_order":30,"comment_status":"closed","ping_status":"closed","template":"page-templates\/side-menu.php","meta":{"_bbp_topic_count":0,"_bbp_reply_count":0,"_bbp_total_topic_count":0,"_bbp_total_reply_count":0,"_bbp_voice_count":0,"_bbp_anonymous_reply_count":0,"_bbp_topic_count_hidden":0,"_bbp_reply_count_hidden":0,"_bbp_forum_subforum_count":0,"site-sidebar-layout":"default","site-content-layout":"","ast-site-content-layout":"","site-content-style":"default","site-sidebar-style":"default","ast-global-header-display":"","ast-banner-title-visibility":"","ast-main-header-display":"","ast-hfb-above-header-display":"","ast-hfb-below-header-display":"","ast-hfb-mobile-header-display":"","site-post-title":"","ast-breadcrumbs-content":"","ast-featured-img":"","footer-sml-layout":"","theme-transparent-header-meta":"","adv-header-id-meta":"","stick-header-meta":"","header-above-stick-meta":"","header-main-stick-meta":"","header-below-stick-meta":"","astra-migrate-meta-layouts":"default","ast-page-background-enabled":"default","ast-page-background-meta":{"desktop":{"background-color":"var(--ast-global-color-4)","background-image":"","background-repeat":"repeat","background-position":"center center","background-size":"auto","background-attachment":"scroll","background-type":"","background-media":"","overlay-type":"","overlay-color":"","overlay-opacity":"","overlay-gradient":""},"tablet":{"background-color":"","background-image":"","background-repeat":"repeat","background-position":"center center","background-size":"auto","background-attachment":"scroll","background-type":"","background-media":"","overlay-type":"","overlay-color":"","overlay-opacity":"","overlay-gradient":""},"mobile":{"background-color":"","background-image":"","background-repeat":"repeat","background-position":"center center","background-size":"auto","background-attachment":"scroll","background-type":"","background-media":"","overlay-type":"","overlay-color":"","overlay-opacity":"","overlay-gradient":""}},"ast-content-background-meta":{"desktop":{"background-color":"var(--ast-global-color-5)","background-image":"","background-repeat":"repeat","background-position":"center center","background-size":"auto","background-attachment":"scroll","background-type":"","background-media":"","overlay-type":"","overlay-color":"","overlay-opacity":"","overlay-gradient":""},"tablet":{"background-color":"var(--ast-global-color-5)","background-image":"","background-repeat":"repeat","background-position":"center center","background-size":"auto","background-attachment":"scroll","background-type":"","background-media":"","overlay-type":"","overlay-color":"","overlay-opacity":"","overlay-gradient":""},"mobile":{"background-color":"var(--ast-global-color-5)","background-image":"","background-repeat":"repeat","background-position":"center center","background-size":"auto","background-attachment":"scroll","background-type":"","background-media":"","overlay-type":"","overlay-color":"","overlay-opacity":"","overlay-gradient":""}},"footnotes":""},"class_list":["post-28","page","type-page","status-publish","hentry"],"post_mailing_queue_ids":[],"_links":{"self":[{"href":"https:\/\/agora.xtec.cat\/escolasagfamcaldetes\/wp-json\/wp\/v2\/pages\/28","targetHints":{"allow":["GET"]}}],"collection":[{"href":"https:\/\/agora.xtec.cat\/escolasagfamcaldetes\/wp-json\/wp\/v2\/pages"}],"about":[{"href":"https:\/\/agora.xtec.cat\/escolasagfamcaldetes\/wp-json\/wp\/v2\/types\/page"}],"author":[{"embeddable":true,"href":"https:\/\/agora.xtec.cat\/escolasagfamcaldetes\/wp-json\/wp\/v2\/users\/1"}],"replies":[{"embeddable":true,"href":"https:\/\/agora.xtec.cat\/escolasagfamcaldetes\/wp-json\/wp\/v2\/comments?post=28"}],"version-history":[{"count":5,"href":"https:\/\/agora.xtec.cat\/escolasagfamcaldetes\/wp-json\/wp\/v2\/pages\/28\/revisions"}],"predecessor-version":[{"id":1777,"href":"https:\/\/agora.xtec.cat\/escolasagfamcaldetes\/wp-json\/wp\/v2\/pages\/28\/revisions\/1777"}],"up":[{"embeddable":true,"href":"https:\/\/agora.xtec.cat\/escolasagfamcaldetes\/wp-json\/wp\/v2\/pages\/22"}],"wp:attachment":[{"href":"https:\/\/agora.xtec.cat\/escolasagfamcaldetes\/wp-json\/wp\/v2\/media?parent=28"}],"curies":[{"name":"wp","href":"https:\/\/api.w.org\/{rel}","templated":true}]}}