{"id":1962,"date":"2025-03-19T15:46:12","date_gmt":"2025-03-19T14:46:12","guid":{"rendered":"https:\/\/agora.xtec.cat\/escolasagfamcaldetes\/?page_id=1962"},"modified":"2025-10-31T09:55:10","modified_gmt":"2025-10-31T08:55:10","slug":"documents","status":"publish","type":"page","link":"https:\/\/agora.xtec.cat\/escolasagfamcaldetes\/lescola\/documents\/","title":{"rendered":"Documentaci\u00f3 Escola"},"content":{"rendered":"<p><a href=\"https:\/\/agora.xtec.cat\/escolasagfamcaldetes\/wp-content\/uploads\/usu2406\/2025\/10\/PGA-SF-2526-signada.pdf\" target=\"_blank\" rel=\"noopener\">Programaci\u00f3 General Anual Curs 2025-26<\/a><\/p>\n<p><a href=\"https:\/\/agora.xtec.cat\/escolasagfamcaldetes\/wp-content\/uploads\/usu2406\/2025\/10\/MEMORIA-ANUAL-SF-2425-signada.pdf\" target=\"_blank\" rel=\"noopener\">MEM\u00d2RIA ANUAL Curs 2024-25<\/a><\/p>\n<p><a href=\"https:\/\/agora.xtec.cat\/escolasagfamcaldetes\/wp-content\/uploads\/usu2406\/bp-attachments\/1976\/PLA-ACTIVITATS-EXTRAESCOLARS-2425.pdf\" target=\"_blank\" rel=\"noopener\">Pla d&#8217;activitats extraescolars Curs 2024-25<\/a><\/p>\n<p><a href=\"https:\/\/agora.xtec.cat\/escolasagfamcaldetes\/wp-content\/uploads\/usu2406\/bp-attachments\/642\/PLA-MENJADOR-2425.pdf\" target=\"_blank\" rel=\"noopener\">Pla del servei de menjador (inclou acollida matinal)<\/a><\/p>\n<p><a href=\"https:\/\/agora.xtec.cat\/escolasagfamcaldetes\/wp-content\/uploads\/usu2406\/bp-attachments\/1958\/GRAELLA-COMPETENCIA-DIGITAL.pdf\" target=\"_blank\" rel=\"noopener\">Seq\u00fcenciaci\u00f3 compet\u00e8ncia digital de l&#8217;alumnat<\/a><\/p>\n<p><a href=\"https:\/\/agora.xtec.cat\/escolasagfamcaldetes\/wp-content\/uploads\/usu2406\/bp-attachments\/1579\/PLA-ACOLLIDA-ANNEXOS.pdf\" target=\"_blank\" rel=\"noopener\">Pla d&#8217;acollida (inclou acollida digital)<\/a><\/p>\n<p><a href=\"https:\/\/agora.xtec.cat\/escolasagfamcaldetes\/wp-content\/uploads\/usu2406\/2025\/06\/PEC-2025-.pdf\">PEC 2025<\/a><\/p>\n<p><a href=\"https:\/\/agora.xtec.cat\/escolasagfamcaldetes\/wp-content\/uploads\/usu2406\/bp-attachments\/1750\/NOFC-ACTUALITZAT-MARC2025.pdf\" target=\"_blank\" rel=\"noopener\">NOFC (Normes d&#8217;Organitzaci\u00f3 i Funcionament de Centre)<\/a><\/p>\n<p><a href=\"https:\/\/agora.xtec.cat\/escolasagfamcaldetes\/wp-content\/uploads\/usu2406\/bp-attachments\/1754\/Pla_biblioteca_def.pdf\" target=\"_blank\" rel=\"noopener\">Pla de Biblioteca<\/a><\/p>\n<p><a href=\"https:\/\/agora.xtec.cat\/escolasagfamcaldetes\/wp-content\/uploads\/usu2406\/bp-attachments\/1747\/Carta-de-compromis-educatiu-30042024.pdf\" target=\"_blank\" rel=\"noopener\">Carta de comprom\u00eds educatiu (fam\u00edlia-escola)<\/a><\/p>\n<p><a href=\"https:\/\/agora.xtec.cat\/escolasagfamcaldetes\/wp-content\/uploads\/usu2406\/bp-attachments\/1381\/PLA_LECTURA_CENTRE_23_24.pdf\" target=\"_blank\" rel=\"noopener\">Pla de lectura de centre<\/a><\/p>\n<p>Pla d&#8217;atenci\u00f3 a la diversitat PENDENT<\/p>\n<p><a href=\"https:\/\/agora.xtec.cat\/escolasagfamcaldetes\/wp-content\/uploads\/usu2406\/bp-attachments\/1434\/20240104_conveni-us-social-centre-PATI-2023-2027-revisat_SIGNAT-ABS.pdf\" target=\"_blank\" rel=\"noopener\">Conveni d&#8217;\u00fas social pati de l&#8217;escola<\/a><\/p>\n<p><a href=\"https:\/\/agora.xtec.cat\/escolasagfamcaldetes\/wp-content\/uploads\/usu2406\/bp-attachments\/1378\/NORMES-PATI-OBERTURA.pdf\" target=\"_blank\" rel=\"noopener\">Normes obertura pati<\/a><\/p>\n<p><a href=\"https:\/\/agora.xtec.cat\/escolasagfamcaldetes\/wp-content\/uploads\/usu2406\/bp-attachments\/627\/Projecte-Linguistic-actualitzat-nov2022.pdf\" target=\"_blank\" rel=\"noopener\">Projecte ling\u00fc\u00edstic<\/a><\/p>\n<p><a href=\"https:\/\/agora.xtec.cat\/escolasagfamcaldetes\/wp-content\/uploads\/usu2406\/bp-attachments\/833\/Pla-de-convivencia-2020.pdf\" target=\"_blank\" rel=\"noopener\">Pla de conviv\u00e8ncia<\/a><\/p>\n<p><a href=\"https:\/\/agora.xtec.cat\/escolasagfamcaldetes\/wp-content\/uploads\/usu2406\/bp-attachments\/833\/Pla-de-convivencia-2020.pdf\" target=\"_blank\" rel=\"noopener\">El Laboratori d&#8217;art<\/a><\/p>\n","protected":false},"excerpt":{"rendered":"<p>Programaci\u00f3 General Anual Curs 2025-26 MEM\u00d2RIA ANUAL Curs 2024-25 Pla d&#8217;activitats extraescolars Curs 2024-25 Pla del servei de menjador (inclou acollida matinal) Seq\u00fcenciaci\u00f3 compet\u00e8ncia digital de l&#8217;alumnat Pla d&#8217;acollida (inclou acollida digital) PEC 2025 NOFC (Normes d&#8217;Organitzaci\u00f3 i Funcionament de Centre) Pla de Biblioteca Carta de comprom\u00eds educatiu (fam\u00edlia-escola) Pla de lectura de centre Pla [&hellip;]<\/p>\n","protected":false},"author":4,"featured_media":0,"parent":22,"menu_order":0,"comment_status":"closed","ping_status":"closed","template":"page-templates\/side-menu.php","meta":{"_bbp_topic_count":0,"_bbp_reply_count":0,"_bbp_total_topic_count":0,"_bbp_total_reply_count":0,"_bbp_voice_count":0,"_bbp_anonymous_reply_count":0,"_bbp_topic_count_hidden":0,"_bbp_reply_count_hidden":0,"_bbp_forum_subforum_count":0,"site-sidebar-layout":"default","site-content-layout":"","ast-site-content-layout":"","site-content-style":"default","site-sidebar-style":"default","ast-global-header-display":"","ast-banner-title-visibility":"","ast-main-header-display":"","ast-hfb-above-header-display":"","ast-hfb-below-header-display":"","ast-hfb-mobile-header-display":"","site-post-title":"","ast-breadcrumbs-content":"","ast-featured-img":"","footer-sml-layout":"","theme-transparent-header-meta":"","adv-header-id-meta":"","stick-header-meta":"","header-above-stick-meta":"","header-main-stick-meta":"","header-below-stick-meta":"","astra-migrate-meta-layouts":"default","ast-page-background-enabled":"default","ast-page-background-meta":{"desktop":{"background-color":"var(--ast-global-color-4)","background-image":"","background-repeat":"repeat","background-position":"center center","background-size":"auto","background-attachment":"scroll","background-type":"","background-media":"","overlay-type":"","overlay-color":"","overlay-opacity":"","overlay-gradient":""},"tablet":{"background-color":"","background-image":"","background-repeat":"repeat","background-position":"center center","background-size":"auto","background-attachment":"scroll","background-type":"","background-media":"","overlay-type":"","overlay-color":"","overlay-opacity":"","overlay-gradient":""},"mobile":{"background-color":"","background-image":"","background-repeat":"repeat","background-position":"center center","background-size":"auto","background-attachment":"scroll","background-type":"","background-media":"","overlay-type":"","overlay-color":"","overlay-opacity":"","overlay-gradient":""}},"ast-content-background-meta":{"desktop":{"background-color":"var(--ast-global-color-5)","background-image":"","background-repeat":"repeat","background-position":"center center","background-size":"auto","background-attachment":"scroll","background-type":"","background-media":"","overlay-type":"","overlay-color":"","overlay-opacity":"","overlay-gradient":""},"tablet":{"background-color":"var(--ast-global-color-5)","background-image":"","background-repeat":"repeat","background-position":"center center","background-size":"auto","background-attachment":"scroll","background-type":"","background-media":"","overlay-type":"","overlay-color":"","overlay-opacity":"","overlay-gradient":""},"mobile":{"background-color":"var(--ast-global-color-5)","background-image":"","background-repeat":"repeat","background-position":"center center","background-size":"auto","background-attachment":"scroll","background-type":"","background-media":"","overlay-type":"","overlay-color":"","overlay-opacity":"","overlay-gradient":""}},"footnotes":""},"class_list":["post-1962","page","type-page","status-publish","hentry"],"post_mailing_queue_ids":[],"_links":{"self":[{"href":"https:\/\/agora.xtec.cat\/escolasagfamcaldetes\/wp-json\/wp\/v2\/pages\/1962","targetHints":{"allow":["GET"]}}],"collection":[{"href":"https:\/\/agora.xtec.cat\/escolasagfamcaldetes\/wp-json\/wp\/v2\/pages"}],"about":[{"href":"https:\/\/agora.xtec.cat\/escolasagfamcaldetes\/wp-json\/wp\/v2\/types\/page"}],"author":[{"embeddable":true,"href":"https:\/\/agora.xtec.cat\/escolasagfamcaldetes\/wp-json\/wp\/v2\/users\/4"}],"replies":[{"embeddable":true,"href":"https:\/\/agora.xtec.cat\/escolasagfamcaldetes\/wp-json\/wp\/v2\/comments?post=1962"}],"version-history":[{"count":6,"href":"https:\/\/agora.xtec.cat\/escolasagfamcaldetes\/wp-json\/wp\/v2\/pages\/1962\/revisions"}],"predecessor-version":[{"id":2102,"href":"https:\/\/agora.xtec.cat\/escolasagfamcaldetes\/wp-json\/wp\/v2\/pages\/1962\/revisions\/2102"}],"up":[{"embeddable":true,"href":"https:\/\/agora.xtec.cat\/escolasagfamcaldetes\/wp-json\/wp\/v2\/pages\/22"}],"wp:attachment":[{"href":"https:\/\/agora.xtec.cat\/escolasagfamcaldetes\/wp-json\/wp\/v2\/media?parent=1962"}],"curies":[{"name":"wp","href":"https:\/\/api.w.org\/{rel}","templated":true}]}}