{"id":432,"date":"2020-03-03T23:16:32","date_gmt":"2020-03-03T22:16:32","guid":{"rendered":"http:\/\/agora.xtec.cat\/escolasagarra\/?page_id=432"},"modified":"2021-01-30T00:41:04","modified_gmt":"2021-01-29T23:41:04","slug":"programa-magnet","status":"publish","type":"page","link":"https:\/\/agora.xtec.cat\/escolasagarra\/programa-magnet\/","title":{"rendered":"Programa MAGNET"},"content":{"rendered":"<div>\n<p style=\"margin: 0px 0px 9px; color: #333333; text-align: justify;\"><span style=\"font-family: arial, sans-serif; font-size: small;\">MAGNET es un programa impulsat per la Fundaci\u00f3 Jaume Bofill en col\u2219laboraci\u00f3 amb el <a style=\"background: transparent; color: #cc5a13; text-decoration: none;\" href=\"http:\/\/ensenyament.gencat.cat\/ca\/index.html\">Departament d&#8217;Ensenyament <\/a>i l&#8217;<a style=\"background: transparent; color: #cc5a13; text-decoration: none;\" href=\"http:\/\/pagines.uab.cat\/ice\/\">Institut de Ci\u00e8ncies de l&#8217;Educaci\u00f3 de la UAB<\/a>, que t\u00e9 per objectiu acompanyar els centres educatius en el desenvolupament d&#8217;un projecte educatiu en alian\u00e7a amb una instituci\u00f3. Aquesta alian\u00e7a ha de permetre al centre educatiu desenvolupar un projecte educatiu innovador i de qualitat, un projecte atractiu, que tingui magnetisme i que es converteixi en un projecte de refer\u00e8ncia en el seu territori, tant per les fam\u00edlies com per la comunitat educativa. El programa est\u00e0 inspirat en les Magnet Schools dels Estats Units, que funcionen des dels anys setanta.<\/span><\/p>\n<p style=\"margin: 0px 0px 9px; color: #333333; text-align: justify;\"><span style=\"font-family: arial, sans-serif; font-size: small;\">Les institucions que hi participen s\u00f3n institucions de refer\u00e8ncia i excel\u2219l\u00e8ncia en un camp de coneixement espec\u00edfic (ci\u00e8ncia, tecnologia, art, comunicaci\u00f3 audiovisual, etc.) que tenen un comprom\u00eds educatiu amb la societat, i una gran capacitat de transferir innovaci\u00f3 i coneixement.<\/span><\/p>\n<p style=\"text-align: justify;\">Som una escola Magnet des de l&#8217;any 2012. L\u2019entitat associada amb nosaltres \u00e9s el<a href=\"http:\/\/www.macba.cat\/ca\/programes-collaboracio\" target=\"_blank\" rel=\"noopener noreferrer\"> MACBA (Museu d\u2019Art Contemporani de Barcelona) <\/a>i el camp de coneixement en el que treballem \u00e9s l\u2019art contemporani.<\/p>\n<p style=\"text-align: justify;\">L\u2019art contemporani, utilitza diferents llenguatges (fotografia, escultura, instal\u00b7lacions, v\u00eddeo, pintura, collage, performance, mitjans digitals, la paraula &#8230;) per expressar i interpretar el m\u00f3n en qu\u00e8 vivim.<\/p>\n<p style=\"text-align: justify;\">El nostre objectiu no \u00e9s crear artistes sin\u00f3 utilitzar l\u2019art com l\u2019eix dels descobriments i de les adquisicions de coneixements dels alumnes per facilitar-ne una visi\u00f3 cr\u00edtica del m\u00f3n.<\/p>\n<p style=\"text-align: justify;\">Qu\u00e8 ens caracteritza?<\/p>\n<ul style=\"list-style-type: disc;\">\n<li style=\"text-align: justify;\"><span lang=\"CA\">L<\/span><span lang=\"CA\">a participaci\u00f3 activa de l\u2019alumnat en els processos de recerca i deconstrucci\u00f3 conjunta de coneixement.<\/span><\/li>\n<li style=\"text-align: justify;\"><span style=\"font-stretch: normal; line-height: normal;\"><span style=\"font-family: arial, sans-serif; font-size: small;\">L<\/span><\/span><span lang=\"CA\" style=\"background-color: transparent; font-family: arial,sans-serif; font-size: small; line-height: 1.6;\">a participaci\u00f3 activa de l\u2019alumnat en els processos de recerca i de construcci\u00f3 conjunta de coneixement.<\/span><\/li>\n<li style=\"text-align: justify;\">Tenir en compte els ritmes i necessitats dels infants.<\/li>\n<li style=\"text-align: justify;\"><span style=\"font-family: arial,sans-serif; font-size: small; line-height: 1.6; background-color: transparent;\">Actuar per compensar les desigualtats.<\/span><\/li>\n<li style=\"text-align: justify;\"><span style=\"font-family: arial,sans-serif; font-size: small; line-height: 1.6; background-color: transparent;\">Afavorir que els alumnes sentin que els seus pensaments, idees, interpretacions i representacions de la realitat tenen valor.<\/span><\/li>\n<li style=\"text-align: justify;\"><span style=\"font-family: arial,sans-serif; font-size: small; line-height: 1.6; background-color: transparent;\">Potenciar la presa de decisions en alumnat sobre all\u00f2 que i el com volen estudiar, i tamb\u00e9 sobre com avaluar els processos.<\/span><\/li>\n<li style=\"text-align: justify;\"><span style=\"font-family: arial,sans-serif; font-size: small; line-height: 1.6; background-color: transparent;\">Fomentar el desig d\u2019aprendre i ajudar a tenir noves idees, coneixements i possibilitats tot afavorint la motivaci\u00f3 i l\u2019inter\u00e8s dels alumnes.<\/span><\/li>\n<li style=\"text-align: justify;\"><span style=\"font-family: arial,sans-serif; font-size: small; line-height: 1.6; background-color: transparent;\">Treballar l\u2019autonomia, promovent que l\u2019alumne participi en el seu aprenentatge,experimentant un creixement progressiu en la seva identitat d\u2019aprenent.<\/span><\/li>\n<li style=\"text-align: justify;\"><span style=\"font-family: arial,sans-serif; font-size: small; line-height: 1.6; background-color: transparent;\">Mestres i professorat confien en les possibilitats i capacitats dels seus alumnes,oferint espais de participaci\u00f3 reals i empoderant-los en el seu proc\u00e9s d\u2019aprenentatge.<\/span><\/li>\n<li style=\"text-align: justify;\"><span style=\"font-family: arial,sans-serif; font-size: small; line-height: 1.6; background-color: transparent;\">Mestres i professorat destinen temps a comprendre el pensament i l\u2019acci\u00f3 de cada un dels alumnes per planificar devolucions.<\/span><\/li>\n<li style=\"text-align: justify;\"><span style=\"font-family: arial,sans-serif; font-size: small; line-height: 1.6; background-color: transparent;\">Els alumnes quotidianament han de posar en funcionament tant habilitats cognitives d\u2019ordre inferior (recordar, comprendre, aplicar) com d\u2019ordre superior (analitzar, avaluar, crear-projectar)<\/span><\/li>\n<li style=\"text-align: justify;\"><span style=\"font-family: arial,sans-serif; font-size: small; line-height: 1.6; background-color: transparent;\">Tenir en compte els espais d\u2019educaci\u00f3 formal, no formals i informals en que s\u2019eduquen els i les alumnes.<\/span><\/li>\n<\/ul>\n<h6>Principis pedag\u00f2gics<\/h6>\n<ul>\n<li>L&#8217;alumne \u00e9s un subjecte actiu en el seu proc\u00e9s d&#8217;aprenentatge<\/li>\n<li>Aprendre \u00e9s investigar deliberant<\/li>\n<li>El curr\u00edculum es treballa de forma competencial<\/li>\n<li>Els processos d&#8217;aprenentatge articulen: PENSAR, FER i COMUNICAR<\/li>\n<li>El mestre esdev\u00e9 un facilitador i acompanyant en els processos<\/li>\n<\/ul>\n<h6>Com ho fem?<\/h6>\n<div><\/div>\n<div>\n<ul style=\"list-style-type: disc;\">\n<li>Interrogants inicials i conversa explorat\u00f2ria<\/li>\n<li>Recerca i representaci\u00f3<\/li>\n<li>Contrast i an\u00e0lisi de les representacions dels companys<\/li>\n<li>Producte final<\/li>\n<li>Comunicaci\u00f3 del resultat i el proc\u00e9s<\/li>\n<\/ul>\n<\/div>\n<\/div>\n<div style=\"text-align: center;\">\n<h4 style=\"text-align: left;\"><\/h4>\n<h3 style=\"text-align: left;\"><b><span style=\"font-size: medium;\">Els inicis del Programa Magnet als mitjans<\/span><\/b><\/h3>\n<\/div>\n<p><strong><span style=\"font-size: small;\">Les escoles Magnet- <a href=\"http:\/\/www.tv3.cat\/videos\/4538735\/Les-escoles-Magnet\">Veure not\u00edcia a TV3<\/a><\/span><\/strong><\/p>\n<p><strong>Qu\u00e8 s\u00f3n les escoles Magnet. <a href=\"http:\/\/www.tv3.cat\/3alacarta\/#\/videos\/4539311\">Veure not\u00edcia a TV3<\/a><\/strong><\/p>\n<p><strong>El MACBA tutelar\u00e0 l&#8217;Escola Sagarra. <a href=\"http:\/\/www.btv.cat\/btvnoticies\/2013\/05\/01\/el-macba-tutelara-lescola-josep-maria-de-sagarra-al-projecte-magnet\/\">Veure not\u00edcia a btv<\/a><\/strong><\/p>\n<p><strong>Escoles Magnet.<a href=\"http:\/\/blocs.gencat.cat\/blocs\/AppPHP\/informatiumuseus\/2013\/04\/17\/barcelona-participacio-del-macba-al-programa-magnet\/\"> Informatiu Museus<\/a><\/strong><\/p>\n<p><strong><a href=\"http:\/\/www.fbofill.cat\/intra\/fbofill\/documents\/FOTOGRAFIES_Nota_de_premsa.pdf\">Fotografies<\/a> de la presentaci\u00f3 del programa Magnet a l&#8217;Escola Sagarra<\/strong><\/p>\n<p><strong>Aliances per a la innovaci\u00f3. <a href=\"http:\/\/www.fbofill.cat\/intra\/fbofill\/documents\/Article_Magnet_ARA_Criatures.pdf\">Reportatge a ara\/Criatures<\/a><\/strong><\/p>\n<p><strong>Radio Web Macba. <a href=\"http:\/\/rwm.macba.cat\/ca\/sonia\/roser_argemi\/capsula\" target=\"_blank\" rel=\"noopener noreferrer\">Entrevista a Roser Argem\u00ed<\/a><\/strong><\/p>\n<p><strong>\u00c0lbums d&#8217;i<a href=\"https:\/\/sites.google.com\/a\/xtec.cat\/escola-josep-maria-de-sagarra\/system\/errors\/NodeNotFound?suri=wuid:gx:69e1bbdf7045df83\">matges<\/a> dels projectes que es porten a terme a l&#8217;escola.<\/strong><\/p>\n<p><strong>Escuelas con capacidad de atracci\u00f3n. Article de<a href=\"http:\/\/www.fbofill.cat\/intra\/fbofill\/documents\/ProgramaMagnet_Vanguardia.pdf\" target=\"_blank\" rel=\"noopener noreferrer\"> la vanguardia<\/a><\/strong><\/p>\n<p><strong><a href=\"http:\/\/www.catradio.cat\/audio\/803323\/Blog-de-mestres-Magnet-un-museu-i-una-escola-treballant-plegats\">Blogdemestres<\/a>, programa a catalunyar\u00e0dio<\/strong><\/p>\n<p><strong>P\u00e0gina de <a href=\"https:\/\/www.google.es\/webhp?sourceid=chrome-instant&amp;ion=1&amp;espv=2&amp;ie=UTF-8#q=mumo%20%2B%20escola%20sagarra\" target=\"_blank\" rel=\"noopener noreferrer\">Google \u00a0<\/a>amb enlla\u00e7os Mumo+Escola Sagarra<\/strong><\/p>\n","protected":false},"excerpt":{"rendered":"<p>MAGNET es un programa impulsat per la Fundaci\u00f3 Jaume Bofill en col\u2219laboraci\u00f3 amb el Departament d&#8217;Ensenyament i l&#8217;Institut de Ci\u00e8ncies de l&#8217;Educaci\u00f3 de la UAB, que t\u00e9 per objectiu acompanyar els centres educatius en el desenvolupament d&#8217;un projecte educatiu en alian\u00e7a amb una instituci\u00f3. Aquesta alian\u00e7a ha de permetre al centre educatiu desenvolupar un projecte [&hellip;]<\/p>\n","protected":false},"author":1,"featured_media":0,"parent":0,"menu_order":0,"comment_status":"closed","ping_status":"closed","template":"","meta":{"_bbp_topic_count":0,"_bbp_reply_count":0,"_bbp_total_topic_count":0,"_bbp_total_reply_count":0,"_bbp_voice_count":0,"_bbp_anonymous_reply_count":0,"_bbp_topic_count_hidden":0,"_bbp_reply_count_hidden":0,"_bbp_forum_subforum_count":0,"site-sidebar-layout":"default","site-content-layout":"","ast-site-content-layout":"","site-content-style":"default","site-sidebar-style":"default","ast-global-header-display":"","ast-banner-title-visibility":"","ast-main-header-display":"","ast-hfb-above-header-display":"","ast-hfb-below-header-display":"","ast-hfb-mobile-header-display":"","site-post-title":"","ast-breadcrumbs-content":"","ast-featured-img":"","footer-sml-layout":"","theme-transparent-header-meta":"","adv-header-id-meta":"","stick-header-meta":"","header-above-stick-meta":"","header-main-stick-meta":"","header-below-stick-meta":"","astra-migrate-meta-layouts":"default","ast-page-background-enabled":"default","ast-page-background-meta":{"desktop":{"background-color":"var(--ast-global-color-4)","background-image":"","background-repeat":"repeat","background-position":"center center","background-size":"auto","background-attachment":"scroll","background-type":"","background-media":"","overlay-type":"","overlay-color":"","overlay-opacity":"","overlay-gradient":""},"tablet":{"background-color":"","background-image":"","background-repeat":"repeat","background-position":"center center","background-size":"auto","background-attachment":"scroll","background-type":"","background-media":"","overlay-type":"","overlay-color":"","overlay-opacity":"","overlay-gradient":""},"mobile":{"background-color":"","background-image":"","background-repeat":"repeat","background-position":"center center","background-size":"auto","background-attachment":"scroll","background-type":"","background-media":"","overlay-type":"","overlay-color":"","overlay-opacity":"","overlay-gradient":""}},"ast-content-background-meta":{"desktop":{"background-color":"var(--ast-global-color-5)","background-image":"","background-repeat":"repeat","background-position":"center center","background-size":"auto","background-attachment":"scroll","background-type":"","background-media":"","overlay-type":"","overlay-color":"","overlay-opacity":"","overlay-gradient":""},"tablet":{"background-color":"var(--ast-global-color-5)","background-image":"","background-repeat":"repeat","background-position":"center center","background-size":"auto","background-attachment":"scroll","background-type":"","background-media":"","overlay-type":"","overlay-color":"","overlay-opacity":"","overlay-gradient":""},"mobile":{"background-color":"var(--ast-global-color-5)","background-image":"","background-repeat":"repeat","background-position":"center center","background-size":"auto","background-attachment":"scroll","background-type":"","background-media":"","overlay-type":"","overlay-color":"","overlay-opacity":"","overlay-gradient":""}},"footnotes":""},"class_list":["post-432","page","type-page","status-publish","hentry"],"post_mailing_queue_ids":[],"_links":{"self":[{"href":"https:\/\/agora.xtec.cat\/escolasagarra\/wp-json\/wp\/v2\/pages\/432","targetHints":{"allow":["GET"]}}],"collection":[{"href":"https:\/\/agora.xtec.cat\/escolasagarra\/wp-json\/wp\/v2\/pages"}],"about":[{"href":"https:\/\/agora.xtec.cat\/escolasagarra\/wp-json\/wp\/v2\/types\/page"}],"author":[{"embeddable":true,"href":"https:\/\/agora.xtec.cat\/escolasagarra\/wp-json\/wp\/v2\/users\/1"}],"replies":[{"embeddable":true,"href":"https:\/\/agora.xtec.cat\/escolasagarra\/wp-json\/wp\/v2\/comments?post=432"}],"version-history":[{"count":3,"href":"https:\/\/agora.xtec.cat\/escolasagarra\/wp-json\/wp\/v2\/pages\/432\/revisions"}],"predecessor-version":[{"id":2794,"href":"https:\/\/agora.xtec.cat\/escolasagarra\/wp-json\/wp\/v2\/pages\/432\/revisions\/2794"}],"wp:attachment":[{"href":"https:\/\/agora.xtec.cat\/escolasagarra\/wp-json\/wp\/v2\/media?parent=432"}],"curies":[{"name":"wp","href":"https:\/\/api.w.org\/{rel}","templated":true}]}}