{"id":4205,"date":"2023-04-26T13:16:13","date_gmt":"2023-04-26T11:16:13","guid":{"rendered":"https:\/\/agora.xtec.cat\/escolasagarra\/?page_id=4205"},"modified":"2024-02-13T12:56:44","modified_gmt":"2024-02-13T11:56:44","slug":"documentacio-basica","status":"publish","type":"page","link":"https:\/\/agora.xtec.cat\/escolasagarra\/estrategia-digital-de-centre-edc-2\/cultura-digital\/documentacio-basica\/","title":{"rendered":"Centre"},"content":{"rendered":"<table style=\"width: 100%; border-collapse: collapse; background-color: #12aab5;\">\n<tbody>\n<tr>\n<td style=\"width: 100%; text-align: center;\">\n<h3><strong><span style=\"color: #ffffff;\">Documentaci\u00f3 b\u00e0sica<\/span><\/strong><\/h3>\n<\/td>\n<\/tr>\n<\/tbody>\n<\/table>\n<ul style=\"list-style-type: square;\">\n<li><strong>PROJECTE EDUCATIU DE CENTRE (PEC)<\/strong><\/li>\n<\/ul>\n<p>Un dels trets d&#8217;identitat del centre fa refer\u00e8ncia a l&#8217;\u00e0mbit digital quan diu que\u00a0<em>integra les TAC en el proc\u00e9s d&#8217;ensenyament-aprenentatge i aposta per la compet\u00e8ncia digital de l&#8217;alumnat.\u00a0<\/em><\/p>\n<p>Enlla\u00e7 al PEC: <a href=\"https:\/\/agora.xtec.cat\/escolasagarra\/wp-content\/uploads\/usu946\/2020\/07\/PEC-Web-Sagarra-30-5-19.pdf\">Projecte Educatiu Sagarra<\/a><\/p>\n<ul style=\"list-style-type: square;\">\n<li><strong>NORMES D&#8217;ORGANITZACI\u00d3 I FUNCIONAMENT DE CENTRE (NOFC)<\/strong><\/li>\n<\/ul>\n<p>A les NOFC estan detallades les funcions de la coordinadora digital i l&#8217;\u00fas dels tel\u00e8fons m\u00f2bils a l&#8217;escola. Tamb\u00e9 inclou la normativa d&#8217;\u00fas dels dispositius digitals del centre.<\/p>\n<p><span style=\"color: #ff6600;\"><span style=\"color: #000000;\">Enlla\u00e7 a les NOFC:<\/span> <a href=\"https:\/\/docs.google.com\/document\/d\/1tlCQLXa3sj7lqexzehM5uzTETzwVGztqrWNV7ilY11k\/edit?usp=drive_link\">NOFC Sagarra<\/a><\/span><\/p>\n<ul style=\"list-style-type: square;\">\n<li><strong>DOCUMENTS D&#8217;INTER\u00c8S DE L&#8217;EDC<\/strong><\/li>\n<\/ul>\n<p><a href=\"https:\/\/agora.xtec.cat\/escolasagarra\/wp-content\/uploads\/usu946\/2022\/05\/9.1-Carta-families-Google-for-educations-1.pdf\">1. Carta fam\u00edlies Google for educations<\/a><\/p>\n<p><a href=\"https:\/\/agora.xtec.cat\/escolasagarra\/wp-content\/uploads\/usu946\/2022\/05\/10-Autoritzacio-GSuite-Sagarra-1.pdf\">2. Autoritzaci\u00f3 GSuite Sagarra<\/a><\/p>\n<p><a href=\"https:\/\/agora.xtec.cat\/escolasagarra\/wp-content\/uploads\/usu946\/2022\/05\/11.-Carta-Dinantia.pdf\">3. Carta Dinantia<\/a><\/p>\n<p><a href=\"https:\/\/agora.xtec.cat\/escolasagarra\/wp-content\/uploads\/usu946\/2023\/06\/4-Drets-dimatge-veu-i-dades-2-1.docx.pdf\">4. Autoritzaci\u00f3 drets d\u2019imatges, veu i dades<\/a><\/p>\n<p><a href=\"https:\/\/agora.xtec.cat\/escolasagarra\/wp-content\/uploads\/usu946\/2023\/06\/5-Correu-electronic-1.docx.pdf\">5. Autoritzaci\u00f3 d\u2019\u00fas correu electr\u00f2nic<\/a><\/p>\n<table style=\"height: 53px; width: 100%; border-collapse: collapse; background-color: #12aab5;\">\n<tbody>\n<tr style=\"height: 53px;\">\n<td style=\"width: 100%; height: 53px;\">\n<h3 style=\"text-align: center;\"><strong><span style=\"color: #ffffff;\">Xarxes Socials<\/span><\/strong><\/h3>\n<\/td>\n<\/tr>\n<\/tbody>\n<\/table>\n<p dir=\"ltr\">Pel que fa a les xarxes socials, el centre disposa de tres canals de difusi\u00f3 que es fan servir per comunicar aquelles q\u00fcestions m\u00e9s rellevants que es realitzen a l&#8217;escola: projectes Magnet, sortides, activitats i propostes din\u00e0miques, etc.<\/p>\n<p dir=\"ltr\">Totes les xarxes socials s\u00f3n p\u00fabliques excepte l&#8217;Instagram que \u00e9s <strong>privat per les fam\u00edlies<\/strong>, ja que dins d&#8217;aquesta xarxa comuniquem q\u00fcestions del dia a dia.<\/p>\n<table class=\"aligncenter\" style=\"height: 46px; width: 68.0443%; border-collapse: collapse; border-color: #ffffff;\" border=\"#12aab5\">\n<tbody>\n<tr style=\"height: 65px;\">\n<td style=\"width: 33.3333%; height: 65px;\"><span style=\"color: #0000ff;\"><a style=\"color: #0000ff; font-size: 16px;\" href=\"https:\/\/twitter.com\/escolasagarra\">Twitter<\/a>\u00a0 \u00a0 \u00a0 \u00a0 <img loading=\"lazy\" decoding=\"async\" class=\"\" src=\"https:\/\/help.twitter.com\/content\/dam\/help-twitter\/brand\/logo.png\" alt=\"C\u00f3mo twittear: que es un Tweet, atajos de teclado y fuentes\" width=\"35\" height=\"35\" \/><\/span><\/td>\n<td style=\"width: 33.3333%; height: 65px;\"><span style=\"color: #0000ff;\"><a style=\"font-size: 16px; color: #0000ff;\" href=\"https:\/\/www.youtube.com\/@escolasagarra3338\">Youtube\u00a0\u00a0\u00a0\u00a0\u00a0\u00a0\u00a0\u00a0\u00a0 <\/a><a href=\"https:\/\/www.youtube.com\/@escolasagarra3338\"><img loading=\"lazy\" decoding=\"async\" class=\"alignnone\" src=\"https:\/\/www.youtube.com\/img\/desktop\/yt_1200.png\" alt=\"YouTube\" width=\"46\" height=\"46\" \/><\/a><\/span><\/td>\n<td style=\"width: 33.3333%; height: 65px;\">\n<pre><span style=\"font-size: 16px;\">Instagram   <img loading=\"lazy\" decoding=\"async\" class=\"\" src=\"https:\/\/upload.wikimedia.org\/wikipedia\/commons\/9\/95\/Instagram_logo_2022.svg\" alt=\"Instagram - Wikipedia, la enciclopedia libre\" width=\"34\" height=\"34\" \/><\/span>\r\n<\/pre>\n<\/td>\n<\/tr>\n<\/tbody>\n<\/table>\n<p>&nbsp;<\/p>\n<p>&nbsp;<\/p>\n","protected":false},"excerpt":{"rendered":"<p>Documentaci\u00f3 b\u00e0sica PROJECTE EDUCATIU DE CENTRE (PEC) Un dels trets d&#8217;identitat del centre fa refer\u00e8ncia a l&#8217;\u00e0mbit digital quan diu que\u00a0integra les TAC en el proc\u00e9s d&#8217;ensenyament-aprenentatge i aposta per la compet\u00e8ncia digital de l&#8217;alumnat.\u00a0 Enlla\u00e7 al PEC: Projecte Educatiu Sagarra NORMES D&#8217;ORGANITZACI\u00d3 I FUNCIONAMENT DE CENTRE (NOFC) A les NOFC estan detallades les funcions [&hellip;]<\/p>\n","protected":false},"author":1,"featured_media":0,"parent":4055,"menu_order":1,"comment_status":"closed","ping_status":"closed","template":"page-templates\/side-menu.php","meta":{"_bbp_topic_count":0,"_bbp_reply_count":0,"_bbp_total_topic_count":0,"_bbp_total_reply_count":0,"_bbp_voice_count":0,"_bbp_anonymous_reply_count":0,"_bbp_topic_count_hidden":0,"_bbp_reply_count_hidden":0,"_bbp_forum_subforum_count":0,"site-sidebar-layout":"default","site-content-layout":"","ast-site-content-layout":"","site-content-style":"default","site-sidebar-style":"default","ast-global-header-display":"","ast-banner-title-visibility":"","ast-main-header-display":"","ast-hfb-above-header-display":"","ast-hfb-below-header-display":"","ast-hfb-mobile-header-display":"","site-post-title":"","ast-breadcrumbs-content":"","ast-featured-img":"","footer-sml-layout":"","theme-transparent-header-meta":"","adv-header-id-meta":"","stick-header-meta":"","header-above-stick-meta":"","header-main-stick-meta":"","header-below-stick-meta":"","astra-migrate-meta-layouts":"default","ast-page-background-enabled":"default","ast-page-background-meta":{"desktop":{"background-color":"var(--ast-global-color-4)","background-image":"","background-repeat":"repeat","background-position":"center center","background-size":"auto","background-attachment":"scroll","background-type":"","background-media":"","overlay-type":"","overlay-color":"","overlay-opacity":"","overlay-gradient":""},"tablet":{"background-color":"","background-image":"","background-repeat":"repeat","background-position":"center center","background-size":"auto","background-attachment":"scroll","background-type":"","background-media":"","overlay-type":"","overlay-color":"","overlay-opacity":"","overlay-gradient":""},"mobile":{"background-color":"","background-image":"","background-repeat":"repeat","background-position":"center center","background-size":"auto","background-attachment":"scroll","background-type":"","background-media":"","overlay-type":"","overlay-color":"","overlay-opacity":"","overlay-gradient":""}},"ast-content-background-meta":{"desktop":{"background-color":"var(--ast-global-color-5)","background-image":"","background-repeat":"repeat","background-position":"center center","background-size":"auto","background-attachment":"scroll","background-type":"","background-media":"","overlay-type":"","overlay-color":"","overlay-opacity":"","overlay-gradient":""},"tablet":{"background-color":"var(--ast-global-color-5)","background-image":"","background-repeat":"repeat","background-position":"center center","background-size":"auto","background-attachment":"scroll","background-type":"","background-media":"","overlay-type":"","overlay-color":"","overlay-opacity":"","overlay-gradient":""},"mobile":{"background-color":"var(--ast-global-color-5)","background-image":"","background-repeat":"repeat","background-position":"center center","background-size":"auto","background-attachment":"scroll","background-type":"","background-media":"","overlay-type":"","overlay-color":"","overlay-opacity":"","overlay-gradient":""}},"footnotes":""},"class_list":["post-4205","page","type-page","status-publish","hentry"],"post_mailing_queue_ids":[],"_links":{"self":[{"href":"https:\/\/agora.xtec.cat\/escolasagarra\/wp-json\/wp\/v2\/pages\/4205","targetHints":{"allow":["GET"]}}],"collection":[{"href":"https:\/\/agora.xtec.cat\/escolasagarra\/wp-json\/wp\/v2\/pages"}],"about":[{"href":"https:\/\/agora.xtec.cat\/escolasagarra\/wp-json\/wp\/v2\/types\/page"}],"author":[{"embeddable":true,"href":"https:\/\/agora.xtec.cat\/escolasagarra\/wp-json\/wp\/v2\/users\/1"}],"replies":[{"embeddable":true,"href":"https:\/\/agora.xtec.cat\/escolasagarra\/wp-json\/wp\/v2\/comments?post=4205"}],"version-history":[{"count":5,"href":"https:\/\/agora.xtec.cat\/escolasagarra\/wp-json\/wp\/v2\/pages\/4205\/revisions"}],"predecessor-version":[{"id":4530,"href":"https:\/\/agora.xtec.cat\/escolasagarra\/wp-json\/wp\/v2\/pages\/4205\/revisions\/4530"}],"up":[{"embeddable":true,"href":"https:\/\/agora.xtec.cat\/escolasagarra\/wp-json\/wp\/v2\/pages\/4055"}],"wp:attachment":[{"href":"https:\/\/agora.xtec.cat\/escolasagarra\/wp-json\/wp\/v2\/media?parent=4205"}],"curies":[{"name":"wp","href":"https:\/\/api.w.org\/{rel}","templated":true}]}}